{"id":2756,"date":"2020-11-05T15:56:43","date_gmt":"2020-11-05T14:56:43","guid":{"rendered":"http:\/\/klubmamgdynia.pl\/index.php\/produkt\/eichhorn-pociag-ukladanka-do-ciagniecia\/"},"modified":"2026-04-29T10:26:58","modified_gmt":"2026-04-29T08:26:58","slug":"eichhorn-pociag-ukladanka-do-ciagniecia","status":"publish","type":"product","link":"http:\/\/klubmamgdynia.pl\/index.php\/produkt\/eichhorn-pociag-ukladanka-do-ciagniecia\/","title":{"rendered":"Eichhorn Poci\u0105g-Uk\u0142adanka Do Ci\u0105gni\u0119cia"},"content":{"rendered":"<p>Wysokiej jako\u015bci, kolorowy poci\u0105g z Eichhornem o d\u0142ugo\u015bci 17 cm z wagonem i licznymi modu\u0142ami wtykowymi w r\u00f3\u017cnych kolorach i kszta\u0142tach pobudza i kszta\u0142tuje kreatywno\u015b\u0107 dziecka, jego drobne zdolno\u015bci motoryczne i koordynacj\u0119 r\u0119ka-oko. 10-cz\u0119\u015bciowy poci\u0105g sk\u0142ada si\u0119 z 8 cegie\u0142 i posiada funkcj\u0119 d\u017awi\u0119kow\u0105 po naci\u015bni\u0119ciu przycisku. Produkt przeznaczony dla dzieci od 1 roku \u017cycia. Szczeg\u00f3\u0142y dotycz\u0105ce produktu: Wymiary (D x Sz x W) 7,3 x 21 x 12 cm materia\u0142: drewno certyfikowane przez FSC\u00ae produkt przeznaczony dla dzieci od 12 miesi\u0105ca \u017cycia Uwaga: Produkt nie jest przeznaczony dla dzieci poni\u017cej 12 miesi\u0105ca \u017cycia. Niebezpiecze\u0144stwo uduszenia.<\/p>\n<h2>Eichhorn Poci\u0105g-Uk\u0142adanka Do Ci\u0105gni\u0119cia Eichhorn<\/h2>\n<p>jak narysowa\u0107 sanie miko\u0142aja, prezent dla nastolatk\u00f3w 2021, jakie prezenty na roczek, dobranoc zimowe, maski do wydruku<\/p>\n<p>yyyyy<\/p>\n<p>&nbsp;<\/p>\n","protected":false},"excerpt":{"rendered":"<p>Wysokiej jako\u015bci, kolorowy poci\u0105g z Eichhornem o d\u0142ugo\u015bci 17 cm z wagonem i licznymi modu\u0142ami wtykowymi w r\u00f3\u017cnych kolorach i kszta\u0142tach pobudza i kszta\u0142tuje kreatywno\u015b\u0107 dziecka, jego drobne zdolno\u015bci motoryczne i koordynacj\u0119 r\u0119ka-oko. 10-cz\u0119\u015bciowy poci\u0105g sk\u0142ada si\u0119 z 8 cegie\u0142 i posiada funkcj\u0119 d\u017awi\u0119kow\u0105 po naci\u015bni\u0119ciu przycisku. Produkt przeznaczony dla dzieci od 1 roku \u017cycia. [&hellip;]<\/p>\n","protected":false},"featured_media":2757,"comment_status":"closed","ping_status":"open","template":"","meta":[],"product_cat":[975,963],"product_tag":[702,632,857],"class_list":["post-2756","product","type-product","status-publish","has-post-thumbnail","hentry","product_cat-eichhorn","product_cat-pozostale-zabawki-dla-niemowlat","product_tag-co-kupic-na-roczek-dla-dziewczynki","product_tag-warszawa-atrakcje-dla-mlodziezy","product_tag-zagadki-dla-dzieci-7-8-lat"],"_links":{"self":[{"href":"http:\/\/klubmamgdynia.pl\/index.php\/wp-json\/wp\/v2\/product\/2756","targetHints":{"allow":["GET"]}}],"collection":[{"href":"http:\/\/klubmamgdynia.pl\/index.php\/wp-json\/wp\/v2\/product"}],"about":[{"href":"http:\/\/klubmamgdynia.pl\/index.php\/wp-json\/wp\/v2\/types\/product"}],"replies":[{"embeddable":true,"href":"http:\/\/klubmamgdynia.pl\/index.php\/wp-json\/wp\/v2\/comments?post=2756"}],"wp:featuredmedia":[{"embeddable":true,"href":"http:\/\/klubmamgdynia.pl\/index.php\/wp-json\/wp\/v2\/media\/2757"}],"wp:attachment":[{"href":"http:\/\/klubmamgdynia.pl\/index.php\/wp-json\/wp\/v2\/media?parent=2756"}],"wp:term":[{"taxonomy":"product_cat","embeddable":true,"href":"http:\/\/klubmamgdynia.pl\/index.php\/wp-json\/wp\/v2\/product_cat?post=2756"},{"taxonomy":"product_tag","embeddable":true,"href":"http:\/\/klubmamgdynia.pl\/index.php\/wp-json\/wp\/v2\/product_tag?post=2756"}],"curies":[{"name":"wp","href":"https:\/\/api.w.org\/{rel}","templated":true}]}}