{"id":2768,"date":"2012-06-22T01:29:55","date_gmt":"2012-06-21T23:29:55","guid":{"rendered":"http:\/\/klubmamgdynia.pl\/index.php\/produkt\/landtoys-zestaw-malego-kucharza-garnki-kuchenny-56el-zabawka\/"},"modified":"2026-04-22T22:36:17","modified_gmt":"2026-04-22T20:36:17","slug":"landtoys-zestaw-malego-kucharza-garnki-kuchenny-56el-zabawka","status":"publish","type":"product","link":"http:\/\/klubmamgdynia.pl\/index.php\/produkt\/landtoys-zestaw-malego-kucharza-garnki-kuchenny-56el-zabawka\/","title":{"rendered":"Landtoys Zestaw Ma\u0142ego Kucharza Garnki Kuchenny 56El &#8211; Zabawka"},"content":{"rendered":"<p>Zestaw Ma\u0142ego Kucharza Garnki Zestaw Kuchenny 56el<\/p>\n<h2>Landtoys Zestaw Ma\u0142ego Kucharza Garnki Kuchenny 56El &#8211; Zabawka LandToys<\/h2>\n<p>jak narysowa\u0107 kr\u00f3lika, kondrad imie, traktor z przyczep\u0105 kolorowanka do druku, kr\u00f3tkie zagadki, \u015bmieszne \u0142ama\u0144ce j\u0119zykowe, bajki do czytania dla ch\u0142opc\u00f3w, cytaty motywacyjne dla dzieci, kolorowanki dla dziewczyn<\/p>\n<p>yyyyy<\/p>\n<p>&nbsp;<\/p>\n","protected":false},"excerpt":{"rendered":"<p>Zestaw Ma\u0142ego Kucharza Garnki Zestaw Kuchenny 56el Landtoys Zestaw Ma\u0142ego Kucharza Garnki Kuchenny 56El &#8211; Zabawka LandToys jak narysowa\u0107 kr\u00f3lika, kondrad imie, traktor z przyczep\u0105 kolorowanka do druku, kr\u00f3tkie zagadki, \u015bmieszne \u0142ama\u0144ce j\u0119zykowe, bajki do czytania dla ch\u0142opc\u00f3w, cytaty motywacyjne dla dzieci, kolorowanki dla dziewczyn yyyyy &nbsp;<\/p>\n","protected":false},"featured_media":2769,"comment_status":"closed","ping_status":"open","template":"","meta":[],"product_cat":[53,144],"product_tag":[723,757,708,760,820],"class_list":["post-2768","product","type-product","status-publish","has-post-thumbnail","hentry","product_cat-kaciki-zabaw","product_cat-landtoys","product_tag-krotkie-bajki-do-czytania-na-dobranoc","product_tag-test-z-lektury-ania-z-zielonego-wzgorza-klasa-6-z-odpowiedziami","product_tag-zabawy-ruchowe-dla-dzieci","product_tag-zagadka-matematyczna","product_tag-ziemia-wyspa-zielona-tekst"],"_links":{"self":[{"href":"http:\/\/klubmamgdynia.pl\/index.php\/wp-json\/wp\/v2\/product\/2768","targetHints":{"allow":["GET"]}}],"collection":[{"href":"http:\/\/klubmamgdynia.pl\/index.php\/wp-json\/wp\/v2\/product"}],"about":[{"href":"http:\/\/klubmamgdynia.pl\/index.php\/wp-json\/wp\/v2\/types\/product"}],"replies":[{"embeddable":true,"href":"http:\/\/klubmamgdynia.pl\/index.php\/wp-json\/wp\/v2\/comments?post=2768"}],"wp:featuredmedia":[{"embeddable":true,"href":"http:\/\/klubmamgdynia.pl\/index.php\/wp-json\/wp\/v2\/media\/2769"}],"wp:attachment":[{"href":"http:\/\/klubmamgdynia.pl\/index.php\/wp-json\/wp\/v2\/media?parent=2768"}],"wp:term":[{"taxonomy":"product_cat","embeddable":true,"href":"http:\/\/klubmamgdynia.pl\/index.php\/wp-json\/wp\/v2\/product_cat?post=2768"},{"taxonomy":"product_tag","embeddable":true,"href":"http:\/\/klubmamgdynia.pl\/index.php\/wp-json\/wp\/v2\/product_tag?post=2768"}],"curies":[{"name":"wp","href":"https:\/\/api.w.org\/{rel}","templated":true}]}}