{"id":2776,"date":"2011-07-06T20:05:31","date_gmt":"2011-07-06T18:05:31","guid":{"rendered":"http:\/\/klubmamgdynia.pl\/index.php\/produkt\/vidaxl-domek-do-zabawy-z-hustawkami-i-drabinka-impregnowana-sosna\/"},"modified":"2026-05-17T22:29:36","modified_gmt":"2026-05-17T20:29:36","slug":"vidaxl-domek-do-zabawy-z-hustawkami-i-drabinka-impregnowana-sosna","status":"publish","type":"product","link":"http:\/\/klubmamgdynia.pl\/index.php\/produkt\/vidaxl-domek-do-zabawy-z-hustawkami-i-drabinka-impregnowana-sosna\/","title":{"rendered":"Vidaxl Domek Do Zabawy Z Hu\u015btawkami I Drabink\u0105 Impregnowana Sosna"},"content":{"rendered":"<p>Dzi\u0119ki temu \u015bwietnemu zestawowi do zabawy mo\u017cesz zamieni\u0107 swoje podw\u00f3rko w fascynuj\u0105cy plac zabaw dla najm\u0142odszych! Solidna rama wykonana jest z impregnowanego drewna sosnowego, dzi\u0119ki czemu jest stabilna i odporna na niszczenie. Hu\u015btawki s\u0105 przymocowane do ramy metalowymi hakami, a kolorowe uchwyty zapewniaj\u0105 dodatkowe bezpiecze\u0144stwo. Dzi\u0119ki temu rodzice mog\u0105 by\u0107 spokojni, gdy ich dzieci bawi\u0105 si\u0119 na zestawie zbudowanym zgodnie z najnowszymi standardami bezpiecze\u0144stwa. Plac zabaw z domkiem sk\u0142ada si\u0119 z solidnej drewnianej ramy, dw\u00f3ch hu\u015btawek i drabinki wspinaczkowej. Dzi\u0119ki tym wszystkim funkcjom ten komplet mo\u017ce s\u0142u\u017cy\u0107 do wspinania si\u0119, czo\u0142gania i zabawy w chowanego. Twoje maluchy mog\u0105 r\u00f3wnie\u017c zaprosi\u0107 do zabawy swoich przyjaci\u00f3\u0142.<\/p>\n<h2>Vidaxl Domek Do Zabawy Z Hu\u015btawkami I Drabink\u0105 Impregnowana Sosna VidaXL<\/h2>\n<p>teksty o rodzinie, podzi\u0119kowania dla nauczyciela cytaty, trudne zagadki logiczne, spongebob kolorowanka, test dynastia mizio\u0142k\u00f3w, wz\u00f3r drzewo genealogiczne szablon do wydruku, miasto dzieci pl<\/p>\n<p>yyyyy<\/p>\n<p>&nbsp;<\/p>\n","protected":false},"excerpt":{"rendered":"<p>Dzi\u0119ki temu \u015bwietnemu zestawowi do zabawy mo\u017cesz zamieni\u0107 swoje podw\u00f3rko w fascynuj\u0105cy plac zabaw dla najm\u0142odszych! Solidna rama wykonana jest z impregnowanego drewna sosnowego, dzi\u0119ki czemu jest stabilna i odporna na niszczenie. Hu\u015btawki s\u0105 przymocowane do ramy metalowymi hakami, a kolorowe uchwyty zapewniaj\u0105 dodatkowe bezpiecze\u0144stwo. Dzi\u0119ki temu rodzice mog\u0105 by\u0107 spokojni, gdy ich dzieci bawi\u0105 [&hellip;]<\/p>\n","protected":false},"featured_media":2777,"comment_status":"closed","ping_status":"open","template":"","meta":[],"product_cat":[282,23],"product_tag":[648,683,586,628,799,872],"class_list":["post-2776","product","type-product","status-publish","has-post-thumbnail","hentry","product_cat-domki-i-namioty-dla-dzieci","product_cat-vidaxl","product_tag-dobrej-nocy-i-sza","product_tag-karaluchy-pod-poduchy","product_tag-smieszne-zagadki","product_tag-zagadka","product_tag-zagadka-logiczna","product_tag-zagadki-dla-dzieci-6-lat"],"_links":{"self":[{"href":"http:\/\/klubmamgdynia.pl\/index.php\/wp-json\/wp\/v2\/product\/2776","targetHints":{"allow":["GET"]}}],"collection":[{"href":"http:\/\/klubmamgdynia.pl\/index.php\/wp-json\/wp\/v2\/product"}],"about":[{"href":"http:\/\/klubmamgdynia.pl\/index.php\/wp-json\/wp\/v2\/types\/product"}],"replies":[{"embeddable":true,"href":"http:\/\/klubmamgdynia.pl\/index.php\/wp-json\/wp\/v2\/comments?post=2776"}],"wp:featuredmedia":[{"embeddable":true,"href":"http:\/\/klubmamgdynia.pl\/index.php\/wp-json\/wp\/v2\/media\/2777"}],"wp:attachment":[{"href":"http:\/\/klubmamgdynia.pl\/index.php\/wp-json\/wp\/v2\/media?parent=2776"}],"wp:term":[{"taxonomy":"product_cat","embeddable":true,"href":"http:\/\/klubmamgdynia.pl\/index.php\/wp-json\/wp\/v2\/product_cat?post=2776"},{"taxonomy":"product_tag","embeddable":true,"href":"http:\/\/klubmamgdynia.pl\/index.php\/wp-json\/wp\/v2\/product_tag?post=2776"}],"curies":[{"name":"wp","href":"https:\/\/api.w.org\/{rel}","templated":true}]}}