{"id":2804,"date":"2017-04-01T13:56:17","date_gmt":"2017-04-01T11:56:17","guid":{"rendered":"http:\/\/klubmamgdynia.pl\/index.php\/produkt\/ceba-przewijak-z-zaglowkiem-na-lozeczko-70x50cm-dream-bialy-rozproszony\/"},"modified":"2026-04-29T19:03:55","modified_gmt":"2026-04-29T17:03:55","slug":"ceba-przewijak-z-zaglowkiem-na-lozeczko-70x50cm-dream-bialy-rozproszony","status":"publish","type":"product","link":"http:\/\/klubmamgdynia.pl\/index.php\/produkt\/ceba-przewijak-z-zaglowkiem-na-lozeczko-70x50cm-dream-bialy-rozproszony\/","title":{"rendered":"Ceba Przewijak Z Zag\u0142\u00f3wkiem na \u0142\u00f3\u017ceczko, 70x50cm Dream Bia\u0142y Rozproszony"},"content":{"rendered":"<p>Przewijak mi\u0119kki kr\u00f3tki 50&#215;70 cm nadstawka z zag\u0142\u00f3wkiem Ceba Dream Bia\u0142y Rozproszony Tapicerka profilowana kr\u00f3tka z zag\u0142\u00f3wkiem przeznaczona jest do u\u017cytku na komodzie lub innej twardej powierzchni, umo\u017cliwiaj\u0105cej przewijanie dziecka. Mi\u0119kkie wype\u0142nienie sprawia, \u017ce przewijanie jest komfortowe i przyjemne. Obicie wykonane z najwy\u017cszej jako\u015bci atestowanej folii to dodatkowy atut \u2013 jest bezpieczne dla delikatnej sk\u00f3ry dziecka i \u0142atwo si\u0119 je czy\u015bci. Tapicerka Ceba Baby jest elementem kolekcji, dzi\u0119ki czemu mo\u017cna skompletowa\u0107 wyprawk\u0119 w jednym wzorze i kolorze. Mo\u017cna do niej dokupi\u0107 pokrowiec. Wymiary: 50&#215;70 cm.<\/p>\n<h2>Ceba Przewijak Z Zag\u0142\u00f3wkiem na \u0142\u00f3\u017ceczko, 70x50cm Dream Bia\u0142y Rozproszony Ceba<\/h2>\n<p>piosenki o wakacjach, olaf znaczenie imienia, sentencja dla dziecka, co kupi\u0107 na roczek, podchwytliwe zagadki dla doros\u0142ych, test z lektury magiczne drzewo czerwone krzes\u0142o, quiz opowie\u015bci z narnii<\/p>\n<p>yyyyy<\/p>\n<p>&nbsp;<\/p>\n","protected":false},"excerpt":{"rendered":"<p>Przewijak mi\u0119kki kr\u00f3tki 50&#215;70 cm nadstawka z zag\u0142\u00f3wkiem Ceba Dream Bia\u0142y Rozproszony Tapicerka profilowana kr\u00f3tka z zag\u0142\u00f3wkiem przeznaczona jest do u\u017cytku na komodzie lub innej twardej powierzchni, umo\u017cliwiaj\u0105cej przewijanie dziecka. Mi\u0119kkie wype\u0142nienie sprawia, \u017ce przewijanie jest komfortowe i przyjemne. Obicie wykonane z najwy\u017cszej jako\u015bci atestowanej folii to dodatkowy atut \u2013 jest bezpieczne dla delikatnej sk\u00f3ry [&hellip;]<\/p>\n","protected":false},"featured_media":2805,"comment_status":"closed","ping_status":"open","template":"","meta":[],"product_cat":[981,958],"product_tag":[589,661,773,715],"class_list":["post-2804","product","type-product","status-publish","has-post-thumbnail","hentry","product_cat-ceba","product_cat-komody-kapielowe-wanienki-i-przewijaki","product_tag-prezent-dla-rocznego-dziecka","product_tag-swinka-peppa-kolorowanka","product_tag-test-z-lektury-opowiesci-z-narnii-lew-czarownica-i-stara-szafa","product_tag-zosia-samosia"],"_links":{"self":[{"href":"http:\/\/klubmamgdynia.pl\/index.php\/wp-json\/wp\/v2\/product\/2804","targetHints":{"allow":["GET"]}}],"collection":[{"href":"http:\/\/klubmamgdynia.pl\/index.php\/wp-json\/wp\/v2\/product"}],"about":[{"href":"http:\/\/klubmamgdynia.pl\/index.php\/wp-json\/wp\/v2\/types\/product"}],"replies":[{"embeddable":true,"href":"http:\/\/klubmamgdynia.pl\/index.php\/wp-json\/wp\/v2\/comments?post=2804"}],"wp:featuredmedia":[{"embeddable":true,"href":"http:\/\/klubmamgdynia.pl\/index.php\/wp-json\/wp\/v2\/media\/2805"}],"wp:attachment":[{"href":"http:\/\/klubmamgdynia.pl\/index.php\/wp-json\/wp\/v2\/media?parent=2804"}],"wp:term":[{"taxonomy":"product_cat","embeddable":true,"href":"http:\/\/klubmamgdynia.pl\/index.php\/wp-json\/wp\/v2\/product_cat?post=2804"},{"taxonomy":"product_tag","embeddable":true,"href":"http:\/\/klubmamgdynia.pl\/index.php\/wp-json\/wp\/v2\/product_tag?post=2804"}],"curies":[{"name":"wp","href":"https:\/\/api.w.org\/{rel}","templated":true}]}}