{"id":2814,"date":"2014-05-02T18:40:19","date_gmt":"2014-05-02T16:40:19","guid":{"rendered":"http:\/\/klubmamgdynia.pl\/index.php\/produkt\/lozko-dzieciece-z-barierka-szuflada-materac-domek-90x200-sosna\/"},"modified":"2026-04-05T20:23:51","modified_gmt":"2026-04-05T18:23:51","slug":"lozko-dzieciece-z-barierka-szuflada-materac-domek-90x200-sosna","status":"publish","type":"product","link":"http:\/\/klubmamgdynia.pl\/index.php\/produkt\/lozko-dzieciece-z-barierka-szuflada-materac-domek-90x200-sosna\/","title":{"rendered":"\u0141\u00f3\u017cko Dzieci\u0119ce Z Barierk\u0105 Szuflad\u0105 + Materac Domek 90X200 Sosna"},"content":{"rendered":"<p>\u0141\u00f3\u017ceczko dzieci\u0119ce z barierk\u0105 w formie domku do indywidualnej personalizacji. \u0141\u00f3\u017cko z drewna naturalnego sosnowego w komplecie z barierk\u0105, materacem o w\u0142a\u015bciwo\u015bciach przeciwgrzybiczych oraz szuflad\u0105 na po\u015bciel<\/p>\n<h2>\u0141\u00f3\u017cko Dzieci\u0119ce Z Barierk\u0105 Szuflad\u0105 + Materac Domek 90X200 Sosna <\/h2>\n<p>test dynastia mizio\u0142k\u00f3w, cytaty dla mamy od c\u00f3rki, malowanki piesek, niech \u017cyj\u0105 wakacje tekst, karty pracy dla dzieci z ukrainy, piesek do kolorowania, kolorowanki konie, nauka pisania wyraz\u00f3w dla dzieci do druku pdf, zabawka na roczek dla dziewczynki<\/p>\n<p>yyyyy<\/p>\n<p>&nbsp;<\/p>\n","protected":false},"excerpt":{"rendered":"<p>\u0141\u00f3\u017ceczko dzieci\u0119ce z barierk\u0105 w formie domku do indywidualnej personalizacji. \u0141\u00f3\u017cko z drewna naturalnego sosnowego w komplecie z barierk\u0105, materacem o w\u0142a\u015bciwo\u015bciach przeciwgrzybiczych oraz szuflad\u0105 na po\u015bciel \u0141\u00f3\u017cko Dzieci\u0119ce Z Barierk\u0105 Szuflad\u0105 + Materac Domek 90X200 Sosna test dynastia mizio\u0142k\u00f3w, cytaty dla mamy od c\u00f3rki, malowanki piesek, niech \u017cyj\u0105 wakacje tekst, karty pracy dla dzieci [&hellip;]<\/p>\n","protected":false},"featured_media":2815,"comment_status":"closed","ping_status":"open","template":"","meta":[],"product_cat":[935],"product_tag":[728,690,630,601],"class_list":["post-2814","product","type-product","status-publish","has-post-thumbnail","hentry","product_cat-lozeczka-dzieciece","product_tag-bezwarunkowa-milosc-do-dziecka-cytaty","product_tag-pieski-male-dwa-tekst","product_tag-podchwytliwe-zagadki-z-odpowiedziami","product_tag-zagadki-co-to-jest"],"_links":{"self":[{"href":"http:\/\/klubmamgdynia.pl\/index.php\/wp-json\/wp\/v2\/product\/2814","targetHints":{"allow":["GET"]}}],"collection":[{"href":"http:\/\/klubmamgdynia.pl\/index.php\/wp-json\/wp\/v2\/product"}],"about":[{"href":"http:\/\/klubmamgdynia.pl\/index.php\/wp-json\/wp\/v2\/types\/product"}],"replies":[{"embeddable":true,"href":"http:\/\/klubmamgdynia.pl\/index.php\/wp-json\/wp\/v2\/comments?post=2814"}],"wp:featuredmedia":[{"embeddable":true,"href":"http:\/\/klubmamgdynia.pl\/index.php\/wp-json\/wp\/v2\/media\/2815"}],"wp:attachment":[{"href":"http:\/\/klubmamgdynia.pl\/index.php\/wp-json\/wp\/v2\/media?parent=2814"}],"wp:term":[{"taxonomy":"product_cat","embeddable":true,"href":"http:\/\/klubmamgdynia.pl\/index.php\/wp-json\/wp\/v2\/product_cat?post=2814"},{"taxonomy":"product_tag","embeddable":true,"href":"http:\/\/klubmamgdynia.pl\/index.php\/wp-json\/wp\/v2\/product_tag?post=2814"}],"curies":[{"name":"wp","href":"https:\/\/api.w.org\/{rel}","templated":true}]}}