{"id":2826,"date":"2016-11-20T12:41:11","date_gmt":"2016-11-20T11:41:11","guid":{"rendered":"http:\/\/klubmamgdynia.pl\/index.php\/produkt\/lozko-z-szuflada-140x80cm-tomi-kolor-szaro-bialy\/"},"modified":"2026-04-06T07:51:50","modified_gmt":"2026-04-06T05:51:50","slug":"lozko-z-szuflada-140x80cm-tomi-kolor-szaro-bialy","status":"publish","type":"product","link":"http:\/\/klubmamgdynia.pl\/index.php\/produkt\/lozko-z-szuflada-140x80cm-tomi-kolor-szaro-bialy\/","title":{"rendered":"\u0141\u00f3\u017cko Z Szuflad\u0105 140X80Cm Tomi Kolor Szaro Bia\u0142y"},"content":{"rendered":"<p>\u0141\u00f3\u017cko z szuflad\u0105 140x80cm TOMI kolor szaro-bia\u0142y Pe\u0142na wdzi\u0119ku i klasy kolekcja mebli. Zestaw &#8222;Tomi&#8221; to lakierowane meble, kt\u00f3re sprawi\u0105, \u017ce pok\u00f3j b\u0119dzie elegancki, przytulny i nowoczesny. Ten komplet dzi\u0119ki swojemu designowi zadowoli najbardziej wymagaj\u0105cych klient\u00f3w. Kolekcja doskonale b\u0119dzie si\u0119 prezentowa\u0142a zw\u0142aszcza w pokoju nastolatka. Klasyczna biel z dodatkami szaro\u015bci optycznie powi\u0119kszy pok\u00f3j. \u015awietnie komponuje si\u0119 z dowoln\u0105 palet\u0105 kolor\u00f3w w wystroju wn\u0119trza. Klasyka zawsze pozostanie w modzie i nigdy si\u0119 nie zestarzeje. Podaruj swojemu dziecku \u0142\u00f3\u017cko, w kt\u00f3rym poczuje niezale\u017cno\u015b\u0107 i wygod\u0119. Do produkcji zosta\u0142y u\u017cyte hipoalergiczne lakiery. Kraw\u0119dzie mebli s\u0105 zaokr\u0105glone co podnosi bezpiecze\u0144stwo u\u017cytkowania przez malucha. Dba\u0142o\u015b\u0107 o szczeg\u00f3\u0142y zapewnia najwy\u017csz\u0105 jako\u015b\u0107. Funkcjonalne i wygodne \u0142\u00f3\u017cko wykonane jest z 3-krotnie lakierowanej p\u0142yty MDF o grubo\u015bci 18 mm Posiada zaokr\u0105glone kraw\u0119dzie, kt\u00f3re zapewniaj\u0105 bezpiecze\u0144stwo u\u017cytkowania Produkowane jest jako dwustronne, przy monta\u017cu wybieramy po kt\u00f3rej stronie b\u0119dzie ruchoma barierka Barierka o d\u0142ugo\u015bci 100cm zapewni bezpieczny sen. Dodatkowo jest ona przesuwana i na dzie\u0144 mo\u017cna j\u0105 zdj\u0105\u0107 Stela\u017c na materac wykonany jest z klejonych warstwowo listew brzozowych &#8211; odporny na obci\u0105\u017cenia Wyprofilowany w lekki \u0142uk zwi\u0119kszy komfort, a materac b\u0119dzie mia\u0142 zapewnione odpowiednie podparcie oraz wentylacj\u0119 Sk\u0142ada si\u0119 z rz\u0119du listew spi\u0119tych syntetycznymi pasami o du\u017cej wytrzyma\u0142o\u015bci &#8211; gwarantuje to trwa\u0142e i r\u00f3wnomierne roz\u0142o\u017cenie listew na ramie \u0142\u00f3\u017cka \u0141\u00f3\u017cko montowane jest na \u015brubach \u015bci\u0105gaj\u0105cych dzi\u0119ki czemu wytrzymuje obci\u0105\u017cenie do 100 kg Szuflada dwudzielna wysuwana na k\u00f3\u0142kach Posiada certyfikaty i europejskie normy higieniczno\u015bci klasy E1 o poziomie emisji formaldehydu zgodnej z europejskim modelem EN165146 Zaprojektowane z my\u015bl\u0105 o nastolatkach ale i r\u00f3wnie\u017c dla najm\u0142odszych u\u017cytkownik\u00f3w W pe\u0142ni dopasowuje si\u0119 do oczekiwa\u0144 dziecka jak i rodzica Do \u0142\u00f3\u017cka do\u0142\u0105czony jest stela\u017c spr\u0119\u017cynuj\u0105cy flex, instrukcja oraz akcesoria monta\u017cowe<\/p>\n<h2>\u0141\u00f3\u017cko Z Szuflad\u0105 140X80Cm Tomi Kolor Szaro Bia\u0142y Kocot-Meble<\/h2>\n<p>litery kolorowanka, p\u0142ywalnie warszawa, jazda konna dla dzieci, mandale do druku, zaproszenia na urodziny dla dzieci do druku, bo\u017ce narodzenie quiz, list do miko\u0142aja wz\u00f3r pdf, opowie\u015bci z narni test, nietypowe atrakcje dla dzieci<\/p>\n<p>yyyyy<\/p>\n<p>&nbsp;<\/p>\n","protected":false},"excerpt":{"rendered":"<p>\u0141\u00f3\u017cko z szuflad\u0105 140x80cm TOMI kolor szaro-bia\u0142y Pe\u0142na wdzi\u0119ku i klasy kolekcja mebli. Zestaw &#8222;Tomi&#8221; to lakierowane meble, kt\u00f3re sprawi\u0105, \u017ce pok\u00f3j b\u0119dzie elegancki, przytulny i nowoczesny. Ten komplet dzi\u0119ki swojemu designowi zadowoli najbardziej wymagaj\u0105cych klient\u00f3w. Kolekcja doskonale b\u0119dzie si\u0119 prezentowa\u0142a zw\u0142aszcza w pokoju nastolatka. Klasyczna biel z dodatkami szaro\u015bci optycznie powi\u0119kszy pok\u00f3j. \u015awietnie komponuje [&hellip;]<\/p>\n","protected":false},"featured_media":2827,"comment_status":"closed","ping_status":"open","template":"","meta":[],"product_cat":[987,935],"product_tag":[827,821,591,659],"class_list":["post-2826","product","type-product","status-publish","has-post-thumbnail","hentry","product_cat-kocot-meble","product_cat-lozeczka-dzieciece","product_tag-bajki-dla-niemowlat","product_tag-marianna","product_tag-quiz-o-minecraft","product_tag-tupu-tup-po-sniegu-tekst"],"_links":{"self":[{"href":"http:\/\/klubmamgdynia.pl\/index.php\/wp-json\/wp\/v2\/product\/2826","targetHints":{"allow":["GET"]}}],"collection":[{"href":"http:\/\/klubmamgdynia.pl\/index.php\/wp-json\/wp\/v2\/product"}],"about":[{"href":"http:\/\/klubmamgdynia.pl\/index.php\/wp-json\/wp\/v2\/types\/product"}],"replies":[{"embeddable":true,"href":"http:\/\/klubmamgdynia.pl\/index.php\/wp-json\/wp\/v2\/comments?post=2826"}],"wp:featuredmedia":[{"embeddable":true,"href":"http:\/\/klubmamgdynia.pl\/index.php\/wp-json\/wp\/v2\/media\/2827"}],"wp:attachment":[{"href":"http:\/\/klubmamgdynia.pl\/index.php\/wp-json\/wp\/v2\/media?parent=2826"}],"wp:term":[{"taxonomy":"product_cat","embeddable":true,"href":"http:\/\/klubmamgdynia.pl\/index.php\/wp-json\/wp\/v2\/product_cat?post=2826"},{"taxonomy":"product_tag","embeddable":true,"href":"http:\/\/klubmamgdynia.pl\/index.php\/wp-json\/wp\/v2\/product_tag?post=2826"}],"curies":[{"name":"wp","href":"https:\/\/api.w.org\/{rel}","templated":true}]}}