{"id":2846,"date":"2013-09-25T14:39:33","date_gmt":"2013-09-25T12:39:33","guid":{"rendered":"http:\/\/klubmamgdynia.pl\/index.php\/produkt\/smily-telefon-ze-swiatlem-i-dzwiekiem\/"},"modified":"2026-04-06T02:13:36","modified_gmt":"2026-04-06T00:13:36","slug":"smily-telefon-ze-swiatlem-i-dzwiekiem","status":"publish","type":"product","link":"http:\/\/klubmamgdynia.pl\/index.php\/produkt\/smily-telefon-ze-swiatlem-i-dzwiekiem\/","title":{"rendered":"Smily Telefon ze \u015awiat\u0142em i D\u017awi\u0119kiem"},"content":{"rendered":"<p>Wiek:6m+Wymiary produktu: szer. 12 cm., wys. 21,5 cm., g\u0142. 5 cm.Baterie: 2 x AAA do\u0142\u0105czone<\/p>\n<h2>Smily Telefon ze \u015awiat\u0142em i D\u017awi\u0119kiem Smily Play<\/h2>\n<p>znaczenie imiona marcel, gwiazda do wydruku, zagadki na my\u015blenie, anio\u0142ki do druku, po\u0142\u0105cz kropki<\/p>\n<p>yyyyy<\/p>\n<p>&nbsp;<\/p>\n","protected":false},"excerpt":{"rendered":"<p>Wiek:6m+Wymiary produktu: szer. 12 cm., wys. 21,5 cm., g\u0142. 5 cm.Baterie: 2 x AAA do\u0142\u0105czone Smily Telefon ze \u015awiat\u0142em i D\u017awi\u0119kiem Smily Play znaczenie imiona marcel, gwiazda do wydruku, zagadki na my\u015blenie, anio\u0142ki do druku, po\u0142\u0105cz kropki yyyyy &nbsp;<\/p>\n","protected":false},"featured_media":2847,"comment_status":"closed","ping_status":"open","template":"","meta":[],"product_cat":[62,61],"product_tag":[619,703,712,796],"class_list":["post-2846","product","type-product","status-publish","has-post-thumbnail","hentry","product_cat-smily-play","product_cat-zabawki-edukacyjne-dla-niemowlat","product_tag-iwo-imie","product_tag-prezent-dla-nastolatki","product_tag-zagadki-o-zwierzetach","product_tag-zagatki"],"_links":{"self":[{"href":"http:\/\/klubmamgdynia.pl\/index.php\/wp-json\/wp\/v2\/product\/2846","targetHints":{"allow":["GET"]}}],"collection":[{"href":"http:\/\/klubmamgdynia.pl\/index.php\/wp-json\/wp\/v2\/product"}],"about":[{"href":"http:\/\/klubmamgdynia.pl\/index.php\/wp-json\/wp\/v2\/types\/product"}],"replies":[{"embeddable":true,"href":"http:\/\/klubmamgdynia.pl\/index.php\/wp-json\/wp\/v2\/comments?post=2846"}],"wp:featuredmedia":[{"embeddable":true,"href":"http:\/\/klubmamgdynia.pl\/index.php\/wp-json\/wp\/v2\/media\/2847"}],"wp:attachment":[{"href":"http:\/\/klubmamgdynia.pl\/index.php\/wp-json\/wp\/v2\/media?parent=2846"}],"wp:term":[{"taxonomy":"product_cat","embeddable":true,"href":"http:\/\/klubmamgdynia.pl\/index.php\/wp-json\/wp\/v2\/product_cat?post=2846"},{"taxonomy":"product_tag","embeddable":true,"href":"http:\/\/klubmamgdynia.pl\/index.php\/wp-json\/wp\/v2\/product_tag?post=2846"}],"curies":[{"name":"wp","href":"https:\/\/api.w.org\/{rel}","templated":true}]}}