{"id":2848,"date":"2019-09-01T04:59:12","date_gmt":"2019-09-01T02:59:12","guid":{"rendered":"http:\/\/klubmamgdynia.pl\/index.php\/produkt\/alexander-magnetyczne-ksiezniczki\/"},"modified":"2026-04-11T12:11:10","modified_gmt":"2026-04-11T10:11:10","slug":"alexander-magnetyczne-ksiezniczki","status":"publish","type":"product","link":"http:\/\/klubmamgdynia.pl\/index.php\/produkt\/alexander-magnetyczne-ksiezniczki\/","title":{"rendered":"Alexander Magnetyczne Ksi\u0119\u017cniczki"},"content":{"rendered":"<p>Puzzle magnetyczne to wspaniaa zabawa dla dziewczynek i chopcw. Magnesy ukada si na tablicy magnetycznej, dziki czemu zabawa jest moliwa nawet podczas podry. Podczas zabawy dzieci wicz zrczno manualn, umiejtno rozpoznawania ksztatw, spostrzegawczo, pobudzaj wyobrani i kreatywno.EAN:  5906018017427Kod dostawcy:  1742Nr katalogowy:  1742Marka:  BrakRodzaj:  Dla dzieciLiczba element\u00f3w:  35Wymagania wiekowe:  od 4 latP\u0142e\u0107:  DziewczynkiPozosta\u0142e parametry:  Wymiary opakowania: 18.5 x 26 x 0.5 cm<\/p>\n<h2>Alexander Magnetyczne Ksi\u0119\u017cniczki Alexander<\/h2>\n<p>halloween warszawa 2021 dzieci, pomys\u0142y na dzie\u0144 dziecka dla nastolatk\u00f3w, prezent na roczek dla dziewczynki, fabian, swinka peppa do czytania, quizy o flagach, smoki rysunek, nadia, zagadki logiczne trudne, \u0142atwe laurki, cytaty o dziecku i mamie, hello kitty kolorowanka, szopka do druku, hobbit, o\u015brodki wczasowe nad morzem dla rodzin z dzie\u0107mi, fajne prezenty dla nastolatk\u00f3w, bajka o biedronce, liwia imi\u0119<\/p>\n<p>yyyyy<\/p>\n<p>&nbsp;<\/p>\n","protected":false},"excerpt":{"rendered":"<p>Puzzle magnetyczne to wspaniaa zabawa dla dziewczynek i chopcw. Magnesy ukada si na tablicy magnetycznej, dziki czemu zabawa jest moliwa nawet podczas podry. Podczas zabawy dzieci wicz zrczno manualn, umiejtno rozpoznawania ksztatw, spostrzegawczo, pobudzaj wyobrani i kreatywno.EAN: 5906018017427Kod dostawcy: 1742Nr katalogowy: 1742Marka: BrakRodzaj: Dla dzieciLiczba element\u00f3w: 35Wymagania wiekowe: od 4 latP\u0142e\u0107: DziewczynkiPozosta\u0142e parametry: Wymiary opakowania: [&hellip;]<\/p>\n","protected":false},"featured_media":2849,"comment_status":"closed","ping_status":"open","template":"","meta":[],"product_cat":[246,90],"product_tag":[859,622,585,618,794],"class_list":["post-2848","product","type-product","status-publish","has-post-thumbnail","hentry","product_cat-alexander","product_cat-puzzle","product_tag-dobranoc-pchly-na-noc","product_tag-fajne-zagadki","product_tag-kolorowanki-dla-chlopcow","product_tag-lato-lato-lato-czeka-tekst","product_tag-test-opowiesci-z-narnii-lew-czarownica-i-stara-szafa-do-druku"],"_links":{"self":[{"href":"http:\/\/klubmamgdynia.pl\/index.php\/wp-json\/wp\/v2\/product\/2848","targetHints":{"allow":["GET"]}}],"collection":[{"href":"http:\/\/klubmamgdynia.pl\/index.php\/wp-json\/wp\/v2\/product"}],"about":[{"href":"http:\/\/klubmamgdynia.pl\/index.php\/wp-json\/wp\/v2\/types\/product"}],"replies":[{"embeddable":true,"href":"http:\/\/klubmamgdynia.pl\/index.php\/wp-json\/wp\/v2\/comments?post=2848"}],"wp:featuredmedia":[{"embeddable":true,"href":"http:\/\/klubmamgdynia.pl\/index.php\/wp-json\/wp\/v2\/media\/2849"}],"wp:attachment":[{"href":"http:\/\/klubmamgdynia.pl\/index.php\/wp-json\/wp\/v2\/media?parent=2848"}],"wp:term":[{"taxonomy":"product_cat","embeddable":true,"href":"http:\/\/klubmamgdynia.pl\/index.php\/wp-json\/wp\/v2\/product_cat?post=2848"},{"taxonomy":"product_tag","embeddable":true,"href":"http:\/\/klubmamgdynia.pl\/index.php\/wp-json\/wp\/v2\/product_tag?post=2848"}],"curies":[{"name":"wp","href":"https:\/\/api.w.org\/{rel}","templated":true}]}}