{"id":285,"date":"2014-03-19T18:22:36","date_gmt":"2014-03-19T17:22:36","guid":{"rendered":"http:\/\/klubmamgdynia.pl\/index.php\/produkt\/cybex-folia-przeciwdeszczowa-do-wozka-melio\/"},"modified":"2026-04-18T21:05:40","modified_gmt":"2026-04-18T19:05:40","slug":"cybex-folia-przeciwdeszczowa-do-wozka-melio","status":"publish","type":"product","link":"http:\/\/klubmamgdynia.pl\/index.php\/produkt\/cybex-folia-przeciwdeszczowa-do-wozka-melio\/","title":{"rendered":"Cybex Folia Przeciwdeszczowa Do W\u00f3zka Melio"},"content":{"rendered":"<p>Cybex Melio &#8211; folia przeciwdeszczowa Folia zapewnia odpowiedni\u0105 ochron\u0119 przed opadami i wiatrem, dzi\u0119ki czemu podr\u00f3\u017ce w najmniej sprzyjaj\u0105c\u0105 pogod\u0119 b\u0119d\u0105 dla maluszka tak samo komfortowe, a transparentna struktura folii zapewnia \u015bwietn\u0105 widoczno\u015b\u0107.<\/p>\n<h2>Cybex Folia Przeciwdeszczowa Do W\u00f3zka Melio Cybex<\/h2>\n<p>walentynka dla syna, ko\u0142ysanki tekst, wr\u00f3zby andrzejkowe dla dzieci, wszystkie flagi \u015bwiata quiz, dobrej nocy i sza, cyferki do druku, nowe quizy do rozwi\u0105zania, quiz dla dzieci, pomys\u0142y na prezent dla nastolatk\u00f3w, wzory dyplom\u00f3w dyplomy do druku, zabawy urodzinowe dla dzieci, platformy edukacyjne, zdrowe przepisy dla dzieci, m.i.a., quizy dla dzieci 7 lat, nadia, prezenty dla nastolatki, tajemniczy ogr\u00f3d test z odpowiedziami, sing 2 multikino, ada imie<\/p>\n<p>yyyyy<\/p>\n<p>&nbsp;<\/p>\n","protected":false},"excerpt":{"rendered":"<p>Cybex Melio &#8211; folia przeciwdeszczowa Folia zapewnia odpowiedni\u0105 ochron\u0119 przed opadami i wiatrem, dzi\u0119ki czemu podr\u00f3\u017ce w najmniej sprzyjaj\u0105c\u0105 pogod\u0119 b\u0119d\u0105 dla maluszka tak samo komfortowe, a transparentna struktura folii zapewnia \u015bwietn\u0105 widoczno\u015b\u0107. Cybex Folia Przeciwdeszczowa Do W\u00f3zka Melio Cybex walentynka dla syna, ko\u0142ysanki tekst, wr\u00f3zby andrzejkowe dla dzieci, wszystkie flagi \u015bwiata quiz, dobrej nocy [&hellip;]<\/p>\n","protected":false},"featured_media":286,"comment_status":"closed","ping_status":"open","template":"","meta":[],"product_cat":[127,34],"product_tag":[847,599,709,608],"class_list":["post-285","product","type-product","status-publish","has-post-thumbnail","hentry","product_cat-akcesoria-do-wozkow","product_cat-cybex","product_tag-kolorowanki-pokemon","product_tag-prezent-dla-nastolatkow-2021","product_tag-zagadki-dla-dzieci-6-7-lat","product_tag-zagadki-i-odpowiedzi"],"_links":{"self":[{"href":"http:\/\/klubmamgdynia.pl\/index.php\/wp-json\/wp\/v2\/product\/285","targetHints":{"allow":["GET"]}}],"collection":[{"href":"http:\/\/klubmamgdynia.pl\/index.php\/wp-json\/wp\/v2\/product"}],"about":[{"href":"http:\/\/klubmamgdynia.pl\/index.php\/wp-json\/wp\/v2\/types\/product"}],"replies":[{"embeddable":true,"href":"http:\/\/klubmamgdynia.pl\/index.php\/wp-json\/wp\/v2\/comments?post=285"}],"wp:featuredmedia":[{"embeddable":true,"href":"http:\/\/klubmamgdynia.pl\/index.php\/wp-json\/wp\/v2\/media\/286"}],"wp:attachment":[{"href":"http:\/\/klubmamgdynia.pl\/index.php\/wp-json\/wp\/v2\/media?parent=285"}],"wp:term":[{"taxonomy":"product_cat","embeddable":true,"href":"http:\/\/klubmamgdynia.pl\/index.php\/wp-json\/wp\/v2\/product_cat?post=285"},{"taxonomy":"product_tag","embeddable":true,"href":"http:\/\/klubmamgdynia.pl\/index.php\/wp-json\/wp\/v2\/product_tag?post=285"}],"curies":[{"name":"wp","href":"https:\/\/api.w.org\/{rel}","templated":true}]}}