{"id":2866,"date":"2019-04-08T23:48:24","date_gmt":"2019-04-08T21:48:24","guid":{"rendered":"http:\/\/klubmamgdynia.pl\/index.php\/produkt\/fotelik-samochodowy-axkid-minikid-2-shellfish\/"},"modified":"2026-04-22T10:58:23","modified_gmt":"2026-04-22T08:58:23","slug":"fotelik-samochodowy-axkid-minikid-2-shellfish","status":"publish","type":"product","link":"http:\/\/klubmamgdynia.pl\/index.php\/produkt\/fotelik-samochodowy-axkid-minikid-2-shellfish\/","title":{"rendered":"Fotelik samochodowy Axkid Minikid 2 Shellfish"},"content":{"rendered":"<p>Szczeg\u00f3\u0142y produktu: Mo\u017ce by\u0107 u\u017cywany od urodzenia do 25 kg; do 125 cm wysoko\u015bci cia\u0142a. Jeden z najpopularniejszych i najcz\u0119\u015bciej nagradzanych Re board er\u00f3w na \u015bwiecie Kompaktowy Design , kt\u00f3ry umo\u017cliwia cofanie do 6-7 roku \u017cycia Dostosowany reduktor fotelika, kt\u00f3ry jeszcze lepiej pasuje, zw\u0142aszcza dla ma\u0142ych dzieci Pi\u0119\u0107 r\u00f3\u017cnych pozycji odchylenia dla dziecka w zale\u017cno\u015bci od wieku, rozmiaru i odchylenia fotelika samochodowego \u0141atwy i bezpieczny monta\u017c dzi\u0119ki pasom samonapinaj\u0105cym Automatyczne dopasowanie zag\u0142\u00f3wka do wzrostu dziecka Kolorowy wz\u00f3r Premium w melan\u017cowych kolorach i wysokiej jako\u015bci pokrycia Spos\u00f3b zapinania niemowl\u0119cia\/dziecka: 5-punktowe szelki bezpiecze\u0144stwa Mo\u017cliwo\u015bci instalacji w samochodzie: ty\u0142em do kierunku jazdy Instalacja: Isofix Wymiary i waga: Wymiary (d\u0142ugo\u015b\u0107 x szeroko\u015b\u0107 x wysoko\u015b\u0107): 56 x 46 x 62 cm Masa produktu: 11,4 kg Materia\u0142 i piel\u0119gnacja: Materia\u0142: 100 % poliester Wskaz\u00f3wki piel\u0119gnacyjne: Mo\u017cna pra\u0107 w pralce w temperaturze 30\u00b0C W zestawie: Fotelik dla dziecka Zdejmowany reduktor siedziska AXKID Ochrona przed skutkami uderze\u0144 bocznych (ASIP) Podk\u0142adka pod uprz\u0105\u017c<\/p>\n<h2>Fotelik samochodowy Axkid Minikid 2 Shellfish Axkid<\/h2>\n<p>okolice wroc\u0142awia atrakcje, zagadki logiczne na inteligencj\u0119, dziewczynka z parku pytania i odpowiedzi, \u015bwi\u0105teczne filmy familijne, zagadki o zwierz\u0119tach domowych, ba\u0142wanek do druku, niech \u017cyj\u0105 wakacje tekst, linda, zagadki dla dzieci 7-8 lat, laurka dla mamy rysunek<\/p>\n<p>yyyyy<\/p>\n<p>&nbsp;<\/p>\n","protected":false},"excerpt":{"rendered":"<p>Szczeg\u00f3\u0142y produktu: Mo\u017ce by\u0107 u\u017cywany od urodzenia do 25 kg; do 125 cm wysoko\u015bci cia\u0142a. Jeden z najpopularniejszych i najcz\u0119\u015bciej nagradzanych Re board er\u00f3w na \u015bwiecie Kompaktowy Design , kt\u00f3ry umo\u017cliwia cofanie do 6-7 roku \u017cycia Dostosowany reduktor fotelika, kt\u00f3ry jeszcze lepiej pasuje, zw\u0142aszcza dla ma\u0142ych dzieci Pi\u0119\u0107 r\u00f3\u017cnych pozycji odchylenia dla dziecka w zale\u017cno\u015bci [&hellip;]<\/p>\n","protected":false},"featured_media":2867,"comment_status":"closed","ping_status":"open","template":"","meta":[],"product_cat":[991,32],"product_tag":[861,643,764,708],"class_list":["post-2866","product","type-product","status-publish","has-post-thumbnail","hentry","product_cat-axkid","product_cat-foteliki-samochodowe","product_tag-jak-narysowac-psa","product_tag-prezent-dla-17-latki","product_tag-prezenty-na-roczek-dla-dziewczynki","product_tag-zabawy-ruchowe-dla-dzieci"],"_links":{"self":[{"href":"http:\/\/klubmamgdynia.pl\/index.php\/wp-json\/wp\/v2\/product\/2866","targetHints":{"allow":["GET"]}}],"collection":[{"href":"http:\/\/klubmamgdynia.pl\/index.php\/wp-json\/wp\/v2\/product"}],"about":[{"href":"http:\/\/klubmamgdynia.pl\/index.php\/wp-json\/wp\/v2\/types\/product"}],"replies":[{"embeddable":true,"href":"http:\/\/klubmamgdynia.pl\/index.php\/wp-json\/wp\/v2\/comments?post=2866"}],"wp:featuredmedia":[{"embeddable":true,"href":"http:\/\/klubmamgdynia.pl\/index.php\/wp-json\/wp\/v2\/media\/2867"}],"wp:attachment":[{"href":"http:\/\/klubmamgdynia.pl\/index.php\/wp-json\/wp\/v2\/media?parent=2866"}],"wp:term":[{"taxonomy":"product_cat","embeddable":true,"href":"http:\/\/klubmamgdynia.pl\/index.php\/wp-json\/wp\/v2\/product_cat?post=2866"},{"taxonomy":"product_tag","embeddable":true,"href":"http:\/\/klubmamgdynia.pl\/index.php\/wp-json\/wp\/v2\/product_tag?post=2866"}],"curies":[{"name":"wp","href":"https:\/\/api.w.org\/{rel}","templated":true}]}}