{"id":2868,"date":"2023-10-27T11:47:37","date_gmt":"2023-10-27T09:47:37","guid":{"rendered":"http:\/\/klubmamgdynia.pl\/?post_type=product&#038;p=2868"},"modified":"2026-04-26T14:57:21","modified_gmt":"2026-04-26T12:57:21","slug":"sensillo-skladana-wanienka-turystyczna-szara","status":"publish","type":"product","link":"http:\/\/klubmamgdynia.pl\/index.php\/produkt\/sensillo-skladana-wanienka-turystyczna-szara\/","title":{"rendered":"Sensillo Sk\u0142adana Wanienka Turystyczna Szara"},"content":{"rendered":"<p>Sensillo Sk\u0142adana Wanienka Turystyczna Szara<\/p>\n<p>Sensillo Sk\u0142adana Wanienka Turystyczna Szara zosta\u0142a stworzona z my\u015bl\u0105 o ma\u0142ych \u0142azienkach i podr\u00f3\u017cach.\u00a0Sk\u0142ada si\u0119 na p\u0142asko, dzi\u0119ki czemu pozwala zaoszcz\u0119dzi\u0107 sporo przestrzeni w mieszkaniu lub samochodzie.Wymiary po z\u0142o\u017ceniu to tylko 81,5 x 50,5 x 9,5 cm.                            <\/p>\n<p>Wanienka posiada klasyczny kszta\u0142t i ozdobiona jest uroczymi rogami jelonka. Mo\u017ce by\u0107 u\u017cywana od pierwszych dni \u017cycia dziecka, a\u017c do czasu, gdy b\u0119dzie ono gotowe na k\u0105piel w tradycyjnej wannie. Wanna wykonana jest z trwa\u0142ego i przyjaznego dla sk\u00f3ry dziecka tworzywa. Dodatkowo, nogi wanienki zosta\u0142y wyposa\u017cone w antypo\u015blizgowe podk\u0142adki, kt\u00f3re zapobiegaj\u0105 przesuwaniu si\u0119 oraz blokad\u0119 przed samoistnym z\u0142o\u017ceniem. Korek w wanience zmienia kolor pod wp\u0142ywem temperatury wody powy\u017cej 38 stopni i pozwala na jej \u0142atwe opr\u00f3\u017cnienie bez unoszenia. Wanienka jest zapakowana w kolorowy karton z uchwytem.                            <\/p>\n<p>Najwa\u017cniejsze cechy:- \u015bwietna alternatywa dla tradycyjnych wanienek- szybko si\u0119 j\u0105 sk\u0142ada i rozk\u0142ada- z\u0142o\u017cona zajmuje ma\u0142o miejsca i \u0142atwo j\u0105 przechowywa\u0107- wykonana z bezpiecznych dla dzieci tworzyw sztucznych- posiada antypo\u015blizgowe n\u00f3\u017cki oraz korek reaguj\u0105cy na temperatur\u0119- Produkt zgodny z norm\u0105 EN71.                            <\/p>\n<p>Spos\u00f3b konserwacji:Wanienk\u0119 nale\u017cy czy\u015bci\u0107 przy pomocy wilgotnej \u015bciereczki. Nie wolno u\u017cywa\u0107 detergent\u00f3w opartych na amoniaku, rozpuszczalnik\u00f3w i innych silnych \u015brodk\u00f3w chemicznych.Wymiary zewn\u0119trzne po roz\u0142o\u017ceniu:81,5 x 50,5 x 23,5 cm (z\u0142o\u017cona ma wysoko\u015b\u0107 9,5 cm)Waga: 2,2 kg<\/p>\n<h2>Sensillo Sk\u0142adana Wanienka Turystyczna Szara Sensillo<\/h2>\n<p>film rodzinny o \u015bwi\u0119tach, marcel imie, co kupic na roczek, dzieci z bullerbyn quiz, nauka zegara, malowanki piesek, kolorowanki \u015bwi\u0105teczne do druku pdf, konstancja imie, planety uk\u0142ad s\u0142oneczny dla dzieci do druku, Keyword, bajki na dobranoc do czytania, szopka do druku, dzie\u0144 nauczyciela cytaty, quiz opowie\u015bci z narnii lew czarownica i stara szafa, zagadki dla dzieci 7-8 lat, zaproszenia urodzinowe do wydruku chomikuj, zagadki logiczne i odpowiedzi, zadania dla 7 latka do druku, kolorowanka wr\u00f3\u017cka, prezent dla roczniaka<\/p>\n<p>yyyyy<\/p>\n<p>&nbsp;<\/p>\n","protected":false},"excerpt":{"rendered":"<p>Sensillo Sk\u0142adana Wanienka Turystyczna Szara Sensillo Sk\u0142adana Wanienka Turystyczna Szara zosta\u0142a stworzona z my\u015bl\u0105 o ma\u0142ych \u0142azienkach i podr\u00f3\u017cach.\u00a0Sk\u0142ada si\u0119 na p\u0142asko, dzi\u0119ki czemu pozwala zaoszcz\u0119dzi\u0107 sporo przestrzeni w mieszkaniu lub samochodzie.Wymiary po z\u0142o\u017ceniu to tylko 81,5 x 50,5 x 9,5 cm. Wanienka posiada klasyczny kszta\u0142t i ozdobiona jest uroczymi rogami jelonka. Mo\u017ce by\u0107 u\u017cywana [&hellip;]<\/p>\n","protected":false},"featured_media":2869,"comment_status":"closed","ping_status":"open","template":"","meta":[],"product_cat":[958,992],"product_tag":[667,815,876],"class_list":["post-2868","product","type-product","status-publish","has-post-thumbnail","hentry","product_cat-komody-kapielowe-wanienki-i-przewijaki","product_cat-sensillo","product_tag-kolorowanka-lol","product_tag-ozdoby-choinkowe-dla-dzieci","product_tag-przyjazn"],"_links":{"self":[{"href":"http:\/\/klubmamgdynia.pl\/index.php\/wp-json\/wp\/v2\/product\/2868","targetHints":{"allow":["GET"]}}],"collection":[{"href":"http:\/\/klubmamgdynia.pl\/index.php\/wp-json\/wp\/v2\/product"}],"about":[{"href":"http:\/\/klubmamgdynia.pl\/index.php\/wp-json\/wp\/v2\/types\/product"}],"replies":[{"embeddable":true,"href":"http:\/\/klubmamgdynia.pl\/index.php\/wp-json\/wp\/v2\/comments?post=2868"}],"wp:featuredmedia":[{"embeddable":true,"href":"http:\/\/klubmamgdynia.pl\/index.php\/wp-json\/wp\/v2\/media\/2869"}],"wp:attachment":[{"href":"http:\/\/klubmamgdynia.pl\/index.php\/wp-json\/wp\/v2\/media?parent=2868"}],"wp:term":[{"taxonomy":"product_cat","embeddable":true,"href":"http:\/\/klubmamgdynia.pl\/index.php\/wp-json\/wp\/v2\/product_cat?post=2868"},{"taxonomy":"product_tag","embeddable":true,"href":"http:\/\/klubmamgdynia.pl\/index.php\/wp-json\/wp\/v2\/product_tag?post=2868"}],"curies":[{"name":"wp","href":"https:\/\/api.w.org\/{rel}","templated":true}]}}