{"id":2872,"date":"2019-02-24T12:17:19","date_gmt":"2019-02-24T11:17:19","guid":{"rendered":"http:\/\/klubmamgdynia.pl\/index.php\/produkt\/alexander-ksztalty-magnetyczne-1183\/"},"modified":"2026-04-21T04:11:25","modified_gmt":"2026-04-21T02:11:25","slug":"alexander-ksztalty-magnetyczne-1183","status":"publish","type":"product","link":"http:\/\/klubmamgdynia.pl\/index.php\/produkt\/alexander-ksztalty-magnetyczne-1183\/","title":{"rendered":"Alexander Kszta\u0142ty magnetyczne 1183"},"content":{"rendered":"<p>Oto magnetyczne kszta\u0142ty. Mo\u017cesz je przyczepi\u0107 do lod\u00f3wki, pralki, okapu, i niemal ka\u017cdej innej metalowej powierzchni. W zestawie znajdziesz a\u017c 118 element\u00f3w, za pomoc\u0105 kt\u00f3rych mo\u017cesz przedstawi\u0107 niemal wszystko.Informacje o produkcieNr katalogowy1183Marka (Zabawki) BrakObszar (nauka i rozw\u00f3j) Art. szkolne i papierniczeRodzaj (nauka i rozw\u00f3j) Kszta\u0142ty i koloryWymagania wiekowe od 3 latP\u0142e\u0107 (zabawki) Dziewczynki i ch\u0142opcyAkcesoria w zestawie- 2 sze\u015bciok\u0105ty- 32 tr\u00f3jk\u0105ty- 24 p\u00f3\u0142ko\u0142a- 8 kwadrat\u00f3w- 12 k\u00f3\u0142ek- 4 gwiazdki- 36 prostok\u0105t\u00f3wPozosta\u0142e parametryWymiary opakowania: 19,5 x 18,5 x 5,5 cm<\/p>\n<h2>Alexander Kszta\u0142ty magnetyczne 1183 Alexander<\/h2>\n<p>piosenka dla taty przedszkole, zagadki zimowe, imi\u0119 nadia, choinka kolorowanka szablon, prezent na roczek nie zabawka, choinka z bibu\u0142y, imie lilianna, podzi\u0119kowania dla nauczyciela cytaty, kolorowe kanapki kanapki dla dzieci, quizy ma\u0142y ksi\u0105\u017c\u0119, pomys\u0142y na prezent dla nastolatk\u00f3w, wzruszaj\u0105ce s\u0142owa dla przyjaci\u00f3\u0142ki, bajka dla dzieci do czytania, test miko\u0142ajek, adriana znaczenie imienia, lego ninjago kolorowanki, skalne miasto, kartki na dobranoc dla przyjaci\u00f3\u0142, przys\u0142owia o rodzinie, posz\u0142a ola na spacerek<\/p>\n<p>yyyyy<\/p>\n<p>&nbsp;<\/p>\n","protected":false},"excerpt":{"rendered":"<p>Oto magnetyczne kszta\u0142ty. Mo\u017cesz je przyczepi\u0107 do lod\u00f3wki, pralki, okapu, i niemal ka\u017cdej innej metalowej powierzchni. W zestawie znajdziesz a\u017c 118 element\u00f3w, za pomoc\u0105 kt\u00f3rych mo\u017cesz przedstawi\u0107 niemal wszystko.Informacje o produkcieNr katalogowy1183Marka (Zabawki) BrakObszar (nauka i rozw\u00f3j) Art. szkolne i papierniczeRodzaj (nauka i rozw\u00f3j) Kszta\u0142ty i koloryWymagania wiekowe od 3 latP\u0142e\u0107 (zabawki) Dziewczynki i ch\u0142opcyAkcesoria [&hellip;]<\/p>\n","protected":false},"featured_media":2873,"comment_status":"closed","ping_status":"open","template":"","meta":[],"product_cat":[246,537],"product_tag":[676,605,630,581,713],"class_list":["post-2872","product","type-product","status-publish","has-post-thumbnail","hentry","product_cat-alexander","product_cat-pozostale-zabawki-edukacyjne","product_tag-bursztynek","product_tag-milena","product_tag-podchwytliwe-zagadki-z-odpowiedziami","product_tag-zagadki-dla-8-latka","product_tag-zagadki-logiczne-z-odpowiedziami"],"_links":{"self":[{"href":"http:\/\/klubmamgdynia.pl\/index.php\/wp-json\/wp\/v2\/product\/2872","targetHints":{"allow":["GET"]}}],"collection":[{"href":"http:\/\/klubmamgdynia.pl\/index.php\/wp-json\/wp\/v2\/product"}],"about":[{"href":"http:\/\/klubmamgdynia.pl\/index.php\/wp-json\/wp\/v2\/types\/product"}],"replies":[{"embeddable":true,"href":"http:\/\/klubmamgdynia.pl\/index.php\/wp-json\/wp\/v2\/comments?post=2872"}],"wp:featuredmedia":[{"embeddable":true,"href":"http:\/\/klubmamgdynia.pl\/index.php\/wp-json\/wp\/v2\/media\/2873"}],"wp:attachment":[{"href":"http:\/\/klubmamgdynia.pl\/index.php\/wp-json\/wp\/v2\/media?parent=2872"}],"wp:term":[{"taxonomy":"product_cat","embeddable":true,"href":"http:\/\/klubmamgdynia.pl\/index.php\/wp-json\/wp\/v2\/product_cat?post=2872"},{"taxonomy":"product_tag","embeddable":true,"href":"http:\/\/klubmamgdynia.pl\/index.php\/wp-json\/wp\/v2\/product_tag?post=2872"}],"curies":[{"name":"wp","href":"https:\/\/api.w.org\/{rel}","templated":true}]}}