{"id":2906,"date":"2017-12-16T04:08:41","date_gmt":"2017-12-16T03:08:41","guid":{"rendered":"http:\/\/klubmamgdynia.pl\/index.php\/produkt\/playmobil-9061-family-fun-sklep-akwarystyczny\/"},"modified":"2026-04-14T22:46:26","modified_gmt":"2026-04-14T20:46:26","slug":"playmobil-9061-family-fun-sklep-akwarystyczny","status":"publish","type":"product","link":"http:\/\/klubmamgdynia.pl\/index.php\/produkt\/playmobil-9061-family-fun-sklep-akwarystyczny\/","title":{"rendered":"Playmobil 9061 Family Fun Sklep Akwarystyczny"},"content":{"rendered":"<p>PLAYMOBIL 9061 SKLEPIK W OCEANARIUMEAN 4008789090614Zestaw z serii Family Fun Sklepik w Oceanarium to wspania\u0142y zestaw, kt\u00f3ry rozkr\u0119ci zabaw\u0119. Po d\u0142ugim zwiedzaniu wybierz si\u0119 do sklepiku z pami\u0105tkami. Znajdziesz tu wiele figurek z fauny morskiej. Jest r\u00f3wnie\u017c o\u015bmiornica, kt\u00f3ra tryska wod\u0105.W zestawie znajduje si\u0119 wiele element\u00f3w w tym:5 figurek: rodzic, 2 dzieci, bobas i sprzedawca,w\u00f3zek dla bobasa,du\u017co figurek zwierz\u0105tek morskich,lada sklepowa,stanowisko kasowe,2 przeszklone lady wystawowe i wiele innych akcesori\u00f3w.Zestawy i ich poszczeg\u00f3lne elementy mo\u017cna ze sob\u0105 dowolnie \u0142\u0105czy\u0107, a tym samym tworzy\u0107 nowe i niepowtarzalne kombinacje.<\/p>\n<h2>Playmobil 9061 Family Fun Sklep Akwarystyczny Playmobil<\/h2>\n<p>mini zoo warszawa, sentencje o przyja\u017ani, kr\u00f3tkie zagadki logiczne, atrakcje dla dzieci wroc\u0142aw i okolice, film animowany o \u015bwi\u0119tach, maurycy, irma, kubu\u015b puchatek cytaty, ostatni dzwonek tekst, nela imi\u0119, zdrowe dania dla dzieci, bajka o piesku do czytania, zagadki dla 8 latka, zagadki dla ma\u0142ych dzieci, zagadki na bal karnawa\u0142owy w przedszkolu, gda\u0144sk atrakcje dla m\u0142odzie\u017cy, prezenty na 1 roczek, estera, znaczenie imienia gabriel<\/p>\n<p>yyyyy<\/p>\n<p>&nbsp;<\/p>\n","protected":false},"excerpt":{"rendered":"<p>PLAYMOBIL 9061 SKLEPIK W OCEANARIUMEAN 4008789090614Zestaw z serii Family Fun Sklepik w Oceanarium to wspania\u0142y zestaw, kt\u00f3ry rozkr\u0119ci zabaw\u0119. Po d\u0142ugim zwiedzaniu wybierz si\u0119 do sklepiku z pami\u0105tkami. Znajdziesz tu wiele figurek z fauny morskiej. Jest r\u00f3wnie\u017c o\u015bmiornica, kt\u00f3ra tryska wod\u0105.W zestawie znajduje si\u0119 wiele element\u00f3w w tym:5 figurek: rodzic, 2 dzieci, bobas i sprzedawca,w\u00f3zek [&hellip;]<\/p>\n","protected":false},"featured_media":2907,"comment_status":"closed","ping_status":"open","template":"","meta":[],"product_cat":[113,466],"product_tag":[660,650,842,826,778,714],"class_list":["post-2906","product","type-product","status-publish","has-post-thumbnail","hentry","product_cat-klocki","product_cat-playmobil","product_tag-bianka","product_tag-choinka-z-bibuly","product_tag-plac-zabaw-poznan","product_tag-prezent-dla-15-latka","product_tag-zabawki-na-roczek-dla-chlopca","product_tag-zagadki-logiczne"],"_links":{"self":[{"href":"http:\/\/klubmamgdynia.pl\/index.php\/wp-json\/wp\/v2\/product\/2906","targetHints":{"allow":["GET"]}}],"collection":[{"href":"http:\/\/klubmamgdynia.pl\/index.php\/wp-json\/wp\/v2\/product"}],"about":[{"href":"http:\/\/klubmamgdynia.pl\/index.php\/wp-json\/wp\/v2\/types\/product"}],"replies":[{"embeddable":true,"href":"http:\/\/klubmamgdynia.pl\/index.php\/wp-json\/wp\/v2\/comments?post=2906"}],"wp:featuredmedia":[{"embeddable":true,"href":"http:\/\/klubmamgdynia.pl\/index.php\/wp-json\/wp\/v2\/media\/2907"}],"wp:attachment":[{"href":"http:\/\/klubmamgdynia.pl\/index.php\/wp-json\/wp\/v2\/media?parent=2906"}],"wp:term":[{"taxonomy":"product_cat","embeddable":true,"href":"http:\/\/klubmamgdynia.pl\/index.php\/wp-json\/wp\/v2\/product_cat?post=2906"},{"taxonomy":"product_tag","embeddable":true,"href":"http:\/\/klubmamgdynia.pl\/index.php\/wp-json\/wp\/v2\/product_tag?post=2906"}],"curies":[{"name":"wp","href":"https:\/\/api.w.org\/{rel}","templated":true}]}}