{"id":2936,"date":"2017-11-24T15:36:31","date_gmt":"2017-11-24T14:36:31","guid":{"rendered":"http:\/\/klubmamgdynia.pl\/index.php\/produkt\/nici-my-first-nici-szmacianka-przytulanka-kotek-40035\/"},"modified":"2026-05-17T22:35:20","modified_gmt":"2026-05-17T20:35:20","slug":"nici-my-first-nici-szmacianka-przytulanka-kotek-40035","status":"publish","type":"product","link":"http:\/\/klubmamgdynia.pl\/index.php\/produkt\/nici-my-first-nici-szmacianka-przytulanka-kotek-40035\/","title":{"rendered":"Nici My First Nici Szmacianka Przytulanka Kotek 40035"},"content":{"rendered":"<p>Milutka maskotka dla Twojej pociechy. Ucieszy ka\u017cde dziecko. Wykonana z wysokiej jako\u015bci pluszu. Z kolorowymi st\u00f3pkami. Z wyszytym u\u015bmiechem, oczkami i czerwonym noskiem. Lewe uszko jest jasnobr\u0105zowe, prawe jasnozielone. Szmacianka\/Przytulanka NICI jest niezwykle mi\u0119kka. Sprzyja rozwojowu zmys\u0142u wzroku dzi\u0119ki zastosowaniu r\u00f3\u017cnych kolor\u00f3w i kszta\u0142t\u00f3w. Ma rozmiary ok 25 x 25 cm. Szczeg\u00f3\u0142y dotycz\u0105ce produktu: wymiary: 25 x 25 cm Materia\u0142: plusz piel\u0119gnacja: 30 \u00b0C<\/p>\n<h2>Nici My First Nici Szmacianka Przytulanka Kotek 40035 Nici<\/h2>\n<p>wakacje kolorowanka, materac do basenu, pierwsze urodziny prezent na roczek dla dziewczynki, zabawy dla 10 latk\u00f3w<\/p>\n<p>yyyyy<\/p>\n<p>&nbsp;<\/p>\n","protected":false},"excerpt":{"rendered":"<p>Milutka maskotka dla Twojej pociechy. Ucieszy ka\u017cde dziecko. Wykonana z wysokiej jako\u015bci pluszu. Z kolorowymi st\u00f3pkami. Z wyszytym u\u015bmiechem, oczkami i czerwonym noskiem. Lewe uszko jest jasnobr\u0105zowe, prawe jasnozielone. Szmacianka\/Przytulanka NICI jest niezwykle mi\u0119kka. Sprzyja rozwojowu zmys\u0142u wzroku dzi\u0119ki zastosowaniu r\u00f3\u017cnych kolor\u00f3w i kszta\u0142t\u00f3w. Ma rozmiary ok 25 x 25 cm. Szczeg\u00f3\u0142y dotycz\u0105ce produktu: wymiary: [&hellip;]<\/p>\n","protected":false},"featured_media":2937,"comment_status":"closed","ping_status":"open","template":"","meta":[],"product_cat":[42,961],"product_tag":[613,810,759,868,804],"class_list":["post-2936","product","type-product","status-publish","has-post-thumbnail","hentry","product_cat-maskotki","product_cat-nici","product_tag-na-wyspach-bergamutach","product_tag-nauka-zegara-do-druku","product_tag-pomysly-na-prezent-dla-nastolatkow","product_tag-quizy-dla-dzieci","product_tag-ryz-z-owocami"],"_links":{"self":[{"href":"http:\/\/klubmamgdynia.pl\/index.php\/wp-json\/wp\/v2\/product\/2936","targetHints":{"allow":["GET"]}}],"collection":[{"href":"http:\/\/klubmamgdynia.pl\/index.php\/wp-json\/wp\/v2\/product"}],"about":[{"href":"http:\/\/klubmamgdynia.pl\/index.php\/wp-json\/wp\/v2\/types\/product"}],"replies":[{"embeddable":true,"href":"http:\/\/klubmamgdynia.pl\/index.php\/wp-json\/wp\/v2\/comments?post=2936"}],"wp:featuredmedia":[{"embeddable":true,"href":"http:\/\/klubmamgdynia.pl\/index.php\/wp-json\/wp\/v2\/media\/2937"}],"wp:attachment":[{"href":"http:\/\/klubmamgdynia.pl\/index.php\/wp-json\/wp\/v2\/media?parent=2936"}],"wp:term":[{"taxonomy":"product_cat","embeddable":true,"href":"http:\/\/klubmamgdynia.pl\/index.php\/wp-json\/wp\/v2\/product_cat?post=2936"},{"taxonomy":"product_tag","embeddable":true,"href":"http:\/\/klubmamgdynia.pl\/index.php\/wp-json\/wp\/v2\/product_tag?post=2936"}],"curies":[{"name":"wp","href":"https:\/\/api.w.org\/{rel}","templated":true}]}}