{"id":2980,"date":"2019-01-15T08:09:29","date_gmt":"2019-01-15T07:09:29","guid":{"rendered":"http:\/\/klubmamgdynia.pl\/index.php\/produkt\/tega-baby-kaczka-nocnik-jasnozielony\/"},"modified":"2026-04-07T06:37:19","modified_gmt":"2026-04-07T04:37:19","slug":"tega-baby-kaczka-nocnik-jasnozielony","status":"publish","type":"product","link":"http:\/\/klubmamgdynia.pl\/index.php\/produkt\/tega-baby-kaczka-nocnik-jasnozielony\/","title":{"rendered":"Tega Baby Kaczka Nocnik Jasnozielony"},"content":{"rendered":"<p>Nocnik z weso\u0142\u0105 kaczuszk\u0105: wyprofilowany, ergonomiczny kszta\u0142t wysokie oparcie, szerokie siedzisko i os\u0142ona przed pryskaniem wykonany z bezpiecznych materia\u0142\u00f3w, wysokiej jako\u015bci<\/p>\n<h2>Tega Baby Kaczka Nocnik Jasnozielony Tega<\/h2>\n<p>magiczne drzewo czerwone krzes\u0142o test, kr\u00f3tkie czytanki dla dzieci do wydruku, nowoczesna babcia wiersz, quizy dla dzieci z bajek, zagadki kr\u00f3tkie, zagadki walentynkowe, narodziny dziecka cytat, filmy familijne walta disneya, zabawy ruchowe dla dzieci w przedszkolu, ida swieta wielkanocne ida swieta, \u015bmigus dyngus wiersz dla dzieci, zagadki matematyczne dla dzieci, wierszyki na smigus dyngus, \u017carty na prima aprilis dla rodzic\u00f3w, rzadkie imiona \u017ce\u0144skie, rodzina sentencja, zagadki na logik\u0119, co kupi\u0107 nastolatce na urodziny, \u0142amig\u0142\u00f3wki dla dzieci do wydruku, prezenty dla nastolatk\u00f3w na dzie\u0144 dziecka, co na roczek<\/p>\n<p>yyyyy<\/p>\n<p>&nbsp;<\/p>\n","protected":false},"excerpt":{"rendered":"<p>Nocnik z weso\u0142\u0105 kaczuszk\u0105: wyprofilowany, ergonomiczny kszta\u0142t wysokie oparcie, szerokie siedzisko i os\u0142ona przed pryskaniem wykonany z bezpiecznych materia\u0142\u00f3w, wysokiej jako\u015bci Tega Baby Kaczka Nocnik Jasnozielony Tega magiczne drzewo czerwone krzes\u0142o test, kr\u00f3tkie czytanki dla dzieci do wydruku, nowoczesna babcia wiersz, quizy dla dzieci z bajek, zagadki kr\u00f3tkie, zagadki walentynkowe, narodziny dziecka cytat, filmy familijne [&hellip;]<\/p>\n","protected":false},"featured_media":2981,"comment_status":"closed","ping_status":"open","template":"","meta":[],"product_cat":[354,1001],"product_tag":[836,688,645,798,830,649,577],"class_list":["post-2980","product","type-product","status-publish","has-post-thumbnail","hentry","product_cat-nocniki-nakladki-na-wc-i-podesty","product_cat-tega","product_tag-co-kupic-dziecku-na-roczek","product_tag-kolysanki-tekst","product_tag-latwe-zagadki","product_tag-prezenty-dla-nastolatki","product_tag-rodzina-cytaty","product_tag-zagadki-dla-nastolatkow","product_tag-znaki-drogowe-test"],"_links":{"self":[{"href":"http:\/\/klubmamgdynia.pl\/index.php\/wp-json\/wp\/v2\/product\/2980","targetHints":{"allow":["GET"]}}],"collection":[{"href":"http:\/\/klubmamgdynia.pl\/index.php\/wp-json\/wp\/v2\/product"}],"about":[{"href":"http:\/\/klubmamgdynia.pl\/index.php\/wp-json\/wp\/v2\/types\/product"}],"replies":[{"embeddable":true,"href":"http:\/\/klubmamgdynia.pl\/index.php\/wp-json\/wp\/v2\/comments?post=2980"}],"wp:featuredmedia":[{"embeddable":true,"href":"http:\/\/klubmamgdynia.pl\/index.php\/wp-json\/wp\/v2\/media\/2981"}],"wp:attachment":[{"href":"http:\/\/klubmamgdynia.pl\/index.php\/wp-json\/wp\/v2\/media?parent=2980"}],"wp:term":[{"taxonomy":"product_cat","embeddable":true,"href":"http:\/\/klubmamgdynia.pl\/index.php\/wp-json\/wp\/v2\/product_cat?post=2980"},{"taxonomy":"product_tag","embeddable":true,"href":"http:\/\/klubmamgdynia.pl\/index.php\/wp-json\/wp\/v2\/product_tag?post=2980"}],"curies":[{"name":"wp","href":"https:\/\/api.w.org\/{rel}","templated":true}]}}