{"id":2990,"date":"2021-04-02T11:05:36","date_gmt":"2021-04-02T09:05:36","guid":{"rendered":"http:\/\/klubmamgdynia.pl\/index.php\/produkt\/cobi-mala-armia-gato-class-submarine-uss-wahoo-ss-238-amerykanski-okret-podwodny-4806\/"},"modified":"2026-05-01T16:33:56","modified_gmt":"2026-05-01T14:33:56","slug":"cobi-mala-armia-gato-class-submarine-uss-wahoo-ss-238-amerykanski-okret-podwodny-4806","status":"publish","type":"product","link":"http:\/\/klubmamgdynia.pl\/index.php\/produkt\/cobi-mala-armia-gato-class-submarine-uss-wahoo-ss-238-amerykanski-okret-podwodny-4806\/","title":{"rendered":"COBI MA\u0141A ARMIA GATO CLASS SUBMARINE USS WAHOO SS-238 AMERYKA\u0143SKI OKR\u0118T PODWODNY 4806"},"content":{"rendered":"<p>Klocki Ma\u0142a Armia 4806 okr\u0119t podwodny cobiTo ju\u017c kolejny model okr\u0119tu podwodnego stworzonego z klock\u00f3w konstrukcyjnych COBI. Jego smuk\u0142a, a jednocze\u015bnie bardzo trwa\u0142a sylwetka sprawi rado\u015b\u0107 ka\u017cdemu kolekcjonerowi. Model w skali oko\u0142o 1:144 posiada ruchome elementy, w tym: ster, dzia\u0142o i \u015bruby nap\u0119dowe. Zestaw zawiera specjaln\u0105 podstawk\u0119 na model zawieraj\u0105c\u0105 tabliczk\u0119 z nazw\u0105 okr\u0119tu.D\u0142ugo\u015b\u0107 towaru w centymetrach: 31Indeks: 4806Szeroko\u015b\u0107 towaru w centymetrach: 50Wiek: 10+Wysoko\u015b\u0107 towaru w centymetrach: 7<\/p>\n<h2>COBI MA\u0141A ARMIA GATO CLASS SUBMARINE USS WAHOO SS-238 AMERYKA\u0143SKI OKR\u0118T PODWODNY 4806 Cobi<\/h2>\n<p>narodziny dziecka cytaty, quizy o minecraft, prezenty dla 16 latki, zaj\u0105czek z jajka ugotowanego, cicha noc po angielsku, quiz o ro\u015blinach, dawne ko\u0142ysanki teksty, zagadki logiczne trudne, znaki drogowe quizy, pa\u0144stwa europy i ich stolice quiz, kolorowanki do druku dla dziewczynek, szlaczki dla dzieci, kolorowanka ninjago, zagadki na my\u015blenie, prezenty dla 16 latki, kolorowanka peppa do druku<\/p>\n<p>yyyyy<\/p>\n<p>&nbsp;<\/p>\n","protected":false},"excerpt":{"rendered":"<p>Klocki Ma\u0142a Armia 4806 okr\u0119t podwodny cobiTo ju\u017c kolejny model okr\u0119tu podwodnego stworzonego z klock\u00f3w konstrukcyjnych COBI. Jego smuk\u0142a, a jednocze\u015bnie bardzo trwa\u0142a sylwetka sprawi rado\u015b\u0107 ka\u017cdemu kolekcjonerowi. Model w skali oko\u0142o 1:144 posiada ruchome elementy, w tym: ster, dzia\u0142o i \u015bruby nap\u0119dowe. Zestaw zawiera specjaln\u0105 podstawk\u0119 na model zawieraj\u0105c\u0105 tabliczk\u0119 z nazw\u0105 okr\u0119tu.D\u0142ugo\u015b\u0107 towaru [&hellip;]<\/p>\n","protected":false},"featured_media":2991,"comment_status":"closed","ping_status":"open","template":"","meta":[],"product_cat":[484,113],"product_tag":[750,624,745,627,804,586],"class_list":["post-2990","product","type-product","status-publish","has-post-thumbnail","hentry","product_cat-cobi","product_cat-klocki","product_tag-imie-kostek","product_tag-krotkie-zagadki","product_tag-prezent-dla-15-latki","product_tag-quiz-dzieci-z-bullerbyn","product_tag-ryz-z-owocami","product_tag-smieszne-zagadki"],"_links":{"self":[{"href":"http:\/\/klubmamgdynia.pl\/index.php\/wp-json\/wp\/v2\/product\/2990","targetHints":{"allow":["GET"]}}],"collection":[{"href":"http:\/\/klubmamgdynia.pl\/index.php\/wp-json\/wp\/v2\/product"}],"about":[{"href":"http:\/\/klubmamgdynia.pl\/index.php\/wp-json\/wp\/v2\/types\/product"}],"replies":[{"embeddable":true,"href":"http:\/\/klubmamgdynia.pl\/index.php\/wp-json\/wp\/v2\/comments?post=2990"}],"wp:featuredmedia":[{"embeddable":true,"href":"http:\/\/klubmamgdynia.pl\/index.php\/wp-json\/wp\/v2\/media\/2991"}],"wp:attachment":[{"href":"http:\/\/klubmamgdynia.pl\/index.php\/wp-json\/wp\/v2\/media?parent=2990"}],"wp:term":[{"taxonomy":"product_cat","embeddable":true,"href":"http:\/\/klubmamgdynia.pl\/index.php\/wp-json\/wp\/v2\/product_cat?post=2990"},{"taxonomy":"product_tag","embeddable":true,"href":"http:\/\/klubmamgdynia.pl\/index.php\/wp-json\/wp\/v2\/product_tag?post=2990"}],"curies":[{"name":"wp","href":"https:\/\/api.w.org\/{rel}","templated":true}]}}