{"id":3000,"date":"2025-01-30T05:16:51","date_gmt":"2025-01-30T04:16:51","guid":{"rendered":"http:\/\/klubmamgdynia.pl\/?post_type=product&#038;p=3000"},"modified":"2026-05-17T22:20:55","modified_gmt":"2026-05-17T20:20:55","slug":"fotelik-samochodowy-maxi-cosi-cabriofix-nomad-blue-0-13kg","status":"publish","type":"product","link":"http:\/\/klubmamgdynia.pl\/index.php\/produkt\/fotelik-samochodowy-maxi-cosi-cabriofix-nomad-blue-0-13kg\/","title":{"rendered":"Fotelik samochodowy Maxi-Cosi Cabriofix Nomad Blue 0-13Kg"},"content":{"rendered":"<p>Do fotelika polecamy: pasy do przenoszenia; mat\u0119 pod fotel; lusterko; roletki przeciws\u0142oneczne; wk\u0142adk\u0119 do fotelika; tapicerk\u0119 letni\u0105; \u015bpiworek zimowy lub \u015bpiworek uniwersalny; foli\u0119 przeciwdeszczow\u0105, moskitier\u0119; baz\u0119 FamilyFix; baz\u0119 EasyFix oraz nast\u0119pny fotelik Maxi Cosi Pearl.*Fotelik na bazie FamilyFix zyskuje 5 gwiazdek w rankingu ADAC.0-13 kg(od urodzenia do ok. 15. miesi\u0105ca)Maxi Cosi to niemiecka firma kt\u00f3ra s\u0142ynie z wysokiej jako\u015bci oferowanych fotelik\u00f3w samochodowych oraz w\u00f3zk\u00f3w dzieci\u0119cych. Jako\u015b\u0107 fotelik\u00f3w Maxi Cosi potwierdzona zosta\u0142a przez niezale\u017cne instytucje, kt\u00f3re poddaj\u0105 szczeg\u00f3\u0142owym testom ka\u017cdy fotelik Maxi Cosi. Pierwszym fotelikiem, kt\u00f3ry zdoby\u0142 maksymalna ocen\u0119 w testach zderzeniowych by\u0142a Maxi Cosi CabrioFix, dlatego cieszy si\u0119 on dobr\u0105 opinia w\u015br\u00f3d rodzic\u00f3w i jest najcz\u0119\u015bciej wybieranym fotelikiem Maxi Cosi. Rodzice, kt\u00f3rzy wybrali Maxi Cosi CabrioFix s\u0105 tak bardzo zadowoleni z \u0142atwo\u015bci obs\u0142ugi, \u017ce decyduj\u0105 si\u0119 na fotelik Maxi Cosi 9-18 kg. W\u015br\u00f3d fotelik\u00f3w Maxi Cosi 9-18 kg polecamy fotelik montowany ty\u0142em do kierunku jazdy, czyli Maxi Cosi 2wayPearl.Fotelik Maxi Cosi CabrioFix jest jednym z najpopularniejszych modeli grupy 0-13 kg. Rodzice cz\u0119sto wybieraj\u0105 Maxi Cosi CabrioFix ze wzgl\u0119du na jego bezpiecze\u0144stwo potwierdzone w testach oraz mo\u017cliwo\u015b\u0107 wpi\u0119cia na stela\u017ce wi\u0119kszo\u015bci w\u00f3zk\u00f3w (nie tylko modeli Maxi Cosi). Maxi Cosi CabrioFix b\u0119dzie idealny dla os\u00f3b ceni\u0105cych \u0142atwo\u015b\u0107 u\u017cytkowania i szybko\u015b\u0107 obs\u0142ugi. Fotelik ten nie jest bardzo wymagaj\u0105cy, \u0142atwo si\u0119 czy\u015bci i prezentuje bardzo wysok\u0105 jako\u015b\u0107 na tle innych produkt\u00f3w na rynku ( na tle r\u00f3wnie\u017c Maxi Cosi). Maxi Cosi CabrioFix warto poleci\u0107 tak\u017ce ze wzgl\u0119du na do\u017cywotni\u0105 gwarancj\u0119, jakiej na swoje modele udziela Maxi Cosi.Wygodny system zapinaniaTrzypunktowe pasy bezpiecze\u0144stwa z mi\u0119kkimi otulinkami zapewniaj\u0105ce komfort.Idealne dopasowanie szelek do postury dziecka\u0141atwa regulacja pas\u00f3w bezpiecze\u0144stwa &#8211; fotelik ro\u015bnie razem z dzieckiem.Dodatkowa wygoda i bezpiecze\u0144stwo dla noworodkaWyjmowana wk\u0142adka redukcyjna &#8211; zwi\u0119kszony komfort dla najm\u0142odszych.Doskona\u0142a ochrona przed s\u0142o\u0144cemZintegrowany daszek &#8211; ochrona przed negatywnym oddzia\u0142ywaniem promieni s\u0142onecznych.Jeszcze \u0142atwiejszy monta\u017c z baz\u0105Mo\u017cliwo\u015b\u0107 wpi\u0119cia fotelika na baz\u0119 &#8211; zapewnia prawid\u0142owy monta\u017c i poprawia stabilno\u015b\u0107 fotelika.Dopasowany do wi\u0119kszo\u015bci w\u00f3zk\u00f3wSystem podr\u00f3\u017cny &#8211; \u0142atwo\u015b\u0107 wpi\u0119cia fotelika na wi\u0119kszo\u015b\u0107 popularnych modeli.Gwarantowane bezpiecze\u0144stwoDobre oceny w testach bezpiecze\u0144stwa, system ochrony bocznej Side Impact Protection.Do\u017cywotnia gwarancjaObejmuje jedynie produkty zakupione w sklepach partnerskich Maxi Cosi, takich jak Tosia.pl po zarejestrowaniu ich na stronie producenta.Darmowa wymiana powypadkowaPo zarejestrowaniu fotelika na stronie internetowej i okazaniu odpowiednich dokument\u00f3w, mo\u017cesz wymieni\u0107 uszkodzony w wypadku model na nowy i w pe\u0142ni bezpieczny dla Twojego dziecka.DANE TECHNICZNEwaga: 3,5 kg;wymiary: 71x40x44 cm;SPOS\u00d3B MONTA\u017bUfotelik montowany ty\u0142em do kierunku jazdy;monta\u017c na pomoc\u0105 trzypunktowego pasa bezpiecze\u0144stwa;mo\u017cliwo\u015b\u0107 u\u017cytkowania z baz\u0105 Family Fix, EasyFix (na Isofiksie) lub EasyBase 2 (mocowana trzypunktowymi pasami bezpiecze\u0144stwa);BEZPIECZE\u0143STWOprowadnice pas\u00f3w u\u0142atwiaj\u0105ce prawid\u0142owy monta\u017c;wk\u0142adka dla niemowl\u0105t umo\u017cliwiaj\u0105ca bezpieczne przewo\u017cenie;rozbudowany system ochrony bocznej;trzypunktowe pasy bezpiecze\u0144stwa z mi\u0119kkimi ochraniaczami;\u0141ATWO\u015a\u0106 U\u017bYTKOWANIAelement systemu podr\u00f3\u017cnego (mo\u017cna go wpi\u0105\u0107 na wszystkie w\u00f3zki Maxi Cosi, Quinny i wiele innych);mi\u0119kka tapicerka zapewniaj\u0105ca komfortow\u0105 podr\u00f3\u017c;regulowana wysoko\u015b\u0107 szelek bezpiecze\u0144stwa;zdejmowana tapicerka (bez konieczno\u015bci zdejmowania uprz\u0119\u017cy);tapicerk\u0119 \u0142atwo zdj\u0105\u0107 by zachowa\u0107 j\u0105 w czysto\u015bci \u2013 pranie w 30\u00ba;zintegrowany daszek przeciws\u0142oneczny;ergonomiczny uchwyt do przenoszenia fotelika;regulowana pozycja siedziska w po\u0142\u0105czeniu z baz\u0105 FamilyFix;fotelik mo\u017ce by\u0107 elementem zestawu Family Concept (w po\u0142\u0105czeniu z baz\u0105 FamilyFix i fotelikiem Pearl oferuje bezpiecze\u0144stwo do ok. 4. roku \u017cycia);AKCESORIAmo\u017cna dokupi\u0107 \u015bpiworek, letni\u0105 tapicerk\u0119, foli\u0119 przeciwdeszczow\u0105 i moskitier\u0119;mo\u017cna dokupi\u0107 baz\u0119 zwi\u0119kszaj\u0105c\u0105 stabilno\u015b\u0107 monta\u017cu fotelika.Kraj pochodzenia: Holandia<\/p>\n<h2>Fotelik samochodowy Maxi-Cosi Cabriofix Nomad Blue 0-13Kg Maxi-Cosi<\/h2>\n<p>zagadki na inteligencj\u0119 z odpowiedziami, marianna imi\u0119, prezenty na urodziny dla nastolatk\u00f3w, kolorowanki do druku dla dziewczynek, przysz\u0142a zima bia\u0142a, wzory zaprosze\u0144 zaproszenie na urodziny szablon do druku, zagadki dla dzieci o zwierz\u0119tach, pomys\u0142y na dzie\u0144 dziecka dla nastolatk\u00f3w, wz\u00f3r drzewo genealogiczne szablon do wydruku, bajki do czytania online, test na znaki drogowe<\/p>\n<p>yyyyy<\/p>\n<p>&nbsp;<\/p>\n","protected":false},"excerpt":{"rendered":"<p>Do fotelika polecamy: pasy do przenoszenia; mat\u0119 pod fotel; lusterko; roletki przeciws\u0142oneczne; wk\u0142adk\u0119 do fotelika; tapicerk\u0119 letni\u0105; \u015bpiworek zimowy lub \u015bpiworek uniwersalny; foli\u0119 przeciwdeszczow\u0105, moskitier\u0119; baz\u0119 FamilyFix; baz\u0119 EasyFix oraz nast\u0119pny fotelik Maxi Cosi Pearl.*Fotelik na bazie FamilyFix zyskuje 5 gwiazdek w rankingu ADAC.0-13 kg(od urodzenia do ok. 15. miesi\u0105ca)Maxi Cosi to niemiecka firma kt\u00f3ra [&hellip;]<\/p>\n","protected":false},"featured_media":3001,"comment_status":"closed","ping_status":"open","template":"","meta":[],"product_cat":[32,995],"product_tag":[801,786,824,653,715],"class_list":["post-3000","product","type-product","status-publish","has-post-thumbnail","hentry","product_cat-foteliki-samochodowe","product_cat-maxi-cosi","product_tag-bajki-terapeutyczne-o-emocjach","product_tag-prezent-na-1-urodziny","product_tag-warszawa-atrakcje-dla-dzieci","product_tag-warszawa-dla-dzieci","product_tag-zosia-samosia"],"_links":{"self":[{"href":"http:\/\/klubmamgdynia.pl\/index.php\/wp-json\/wp\/v2\/product\/3000","targetHints":{"allow":["GET"]}}],"collection":[{"href":"http:\/\/klubmamgdynia.pl\/index.php\/wp-json\/wp\/v2\/product"}],"about":[{"href":"http:\/\/klubmamgdynia.pl\/index.php\/wp-json\/wp\/v2\/types\/product"}],"replies":[{"embeddable":true,"href":"http:\/\/klubmamgdynia.pl\/index.php\/wp-json\/wp\/v2\/comments?post=3000"}],"wp:featuredmedia":[{"embeddable":true,"href":"http:\/\/klubmamgdynia.pl\/index.php\/wp-json\/wp\/v2\/media\/3001"}],"wp:attachment":[{"href":"http:\/\/klubmamgdynia.pl\/index.php\/wp-json\/wp\/v2\/media?parent=3000"}],"wp:term":[{"taxonomy":"product_cat","embeddable":true,"href":"http:\/\/klubmamgdynia.pl\/index.php\/wp-json\/wp\/v2\/product_cat?post=3000"},{"taxonomy":"product_tag","embeddable":true,"href":"http:\/\/klubmamgdynia.pl\/index.php\/wp-json\/wp\/v2\/product_tag?post=3000"}],"curies":[{"name":"wp","href":"https:\/\/api.w.org\/{rel}","templated":true}]}}