{"id":3002,"date":"2020-07-12T05:09:24","date_gmt":"2020-07-12T03:09:24","guid":{"rendered":"http:\/\/klubmamgdynia.pl\/index.php\/produkt\/nici-cuddle-cloth-dragilu-dragilu-smok-tamer\/"},"modified":"2026-04-13T09:20:07","modified_gmt":"2026-04-13T07:20:07","slug":"nici-cuddle-cloth-dragilu-dragilu-smok-tamer","status":"publish","type":"product","link":"http:\/\/klubmamgdynia.pl\/index.php\/produkt\/nici-cuddle-cloth-dragilu-dragilu-smok-tamer\/","title":{"rendered":"NICI Cuddle cloth dragilu dragilu smok tamer"},"content":{"rendered":"<p>Smok Dragilu z napisem: Small dragon tamer, z kolekcji My First NICI jest wspania\u0142ym, przytulnym przyjacielem i obro\u0144c\u0105 szczeg\u00f3lnie dla niemowl\u0105t i ma\u0142ych dzieci od urodzenia. Przytulanka, wykonana z wysokiej jako\u015bci, super mi\u0119kkiego pluszu, posiada typowy smoczy grzebie\u0144, skrzyde\u0142ka, zabawny nos w kolorze orange i wyhaftowane oczy z guzikami NICI . To idealny prezent na narodziny! szczeg\u00f3\u0142y dotycz\u0105ce produktu: Wymiary (d\u0142ugo\u015b\u0107 x szeroko\u015b\u0107): ok. 25 x 25 cm Materia\u0142: plusz\/poliester Czyszczenie: delikatny cykl mycia w temperaturze 30\u00b0C. Wiek: od 0 miesi\u0119cy<\/p>\n<h2>NICI Cuddle cloth dragilu dragilu smok tamer Nici<\/h2>\n<p>zagadki o wielkanocy, \u017carty na prima aprilis w domu, zagadki na logik\u0119, maska wilka szablon, test detektyw pozytywka, gad\u017cety dla nastolatka, \u0142atwe laurki, karty pracy dla dzieci z ukrainy pdf, quiz o akademii pana kleksa, kolorowanki wakacje, imiona z bajek, kolorowanki do druku dla dziewczyn, carmen imie, zagadki logiczne, tajemniczy ogr\u00f3d test z lektury, pomys\u0142 na prezent dla 15 latki, dyplomy do wydrukowania a4, maska wilka szablon<\/p>\n<p>yyyyy<\/p>\n<p>&nbsp;<\/p>\n","protected":false},"excerpt":{"rendered":"<p>Smok Dragilu z napisem: Small dragon tamer, z kolekcji My First NICI jest wspania\u0142ym, przytulnym przyjacielem i obro\u0144c\u0105 szczeg\u00f3lnie dla niemowl\u0105t i ma\u0142ych dzieci od urodzenia. Przytulanka, wykonana z wysokiej jako\u015bci, super mi\u0119kkiego pluszu, posiada typowy smoczy grzebie\u0144, skrzyde\u0142ka, zabawny nos w kolorze orange i wyhaftowane oczy z guzikami NICI . To idealny prezent na [&hellip;]<\/p>\n","protected":false},"featured_media":3003,"comment_status":"closed","ping_status":"open","template":"","meta":[],"product_cat":[42,961],"product_tag":[768,774,625,762,849],"class_list":["post-3002","product","type-product","status-publish","has-post-thumbnail","hentry","product_cat-maskotki","product_cat-nici","product_tag-krotkie-zagadki-logiczne","product_tag-prezent-na-roczek-nie-zabawka","product_tag-trojmiasto-atrakcje-dla-dzieci","product_tag-trudne-zagadki-dla-dzieci","product_tag-zagadki-matematyczne-dla-dzieci"],"_links":{"self":[{"href":"http:\/\/klubmamgdynia.pl\/index.php\/wp-json\/wp\/v2\/product\/3002","targetHints":{"allow":["GET"]}}],"collection":[{"href":"http:\/\/klubmamgdynia.pl\/index.php\/wp-json\/wp\/v2\/product"}],"about":[{"href":"http:\/\/klubmamgdynia.pl\/index.php\/wp-json\/wp\/v2\/types\/product"}],"replies":[{"embeddable":true,"href":"http:\/\/klubmamgdynia.pl\/index.php\/wp-json\/wp\/v2\/comments?post=3002"}],"wp:featuredmedia":[{"embeddable":true,"href":"http:\/\/klubmamgdynia.pl\/index.php\/wp-json\/wp\/v2\/media\/3003"}],"wp:attachment":[{"href":"http:\/\/klubmamgdynia.pl\/index.php\/wp-json\/wp\/v2\/media?parent=3002"}],"wp:term":[{"taxonomy":"product_cat","embeddable":true,"href":"http:\/\/klubmamgdynia.pl\/index.php\/wp-json\/wp\/v2\/product_cat?post=3002"},{"taxonomy":"product_tag","embeddable":true,"href":"http:\/\/klubmamgdynia.pl\/index.php\/wp-json\/wp\/v2\/product_tag?post=3002"}],"curies":[{"name":"wp","href":"https:\/\/api.w.org\/{rel}","templated":true}]}}