{"id":3016,"date":"2019-12-02T23:05:39","date_gmt":"2019-12-02T22:05:39","guid":{"rendered":"http:\/\/klubmamgdynia.pl\/index.php\/produkt\/hipp-bio-tubka-mus-jablk-ban-malin-ze-zboz-6x100g\/"},"modified":"2026-04-03T21:38:21","modified_gmt":"2026-04-03T19:38:21","slug":"hipp-bio-tubka-mus-jablk-ban-malin-ze-zboz-6x100g","status":"publish","type":"product","link":"http:\/\/klubmamgdynia.pl\/index.php\/produkt\/hipp-bio-tubka-mus-jablk-ban-malin-ze-zboz-6x100g\/","title":{"rendered":"Hipp Bio Tubka Mus Jab\u0142k-Ban-Malin ze zbo\u017c. 6x100g"},"content":{"rendered":"<p>HiPP BIO Mus owocowy owoce &amp; zbo\u017ca po 6. miesi\u0105cu jab\u0142ka-banany-maliny z orkiszem 6&#215;100 gMusy owocowe i owocowo-warzywne HiPP BIO powsta\u0142y z wy\u0142\u0105cznie najlepszych sk\u0142adnik\u00f3w pochodz\u0105cych z certyfikowanych gospodarstw ekologicznych. Zabawna, kolorowa tubka na pewno przyci\u0105gnie wzrok Twojej pociechy, jest te\u017c niezwykle praktyczna \u2013 bardzo dobrze sprawdza si\u0119 podczas spaceru lub wycieczki.Musy nie zawieraj\u0105 dodatku cukru \u2013 to doskona\u0142a alternatywa dla s\u0142odyczy i warto\u015bciowa przek\u0105ska, kt\u00f3ra smakuje r\u00f3wnie\u017c starszym dzieciom i ich rodzicom :)Sk\u0142adnikiowoce* 65% (jab\u0142ka* 50%, banany* 10%, maliny* 5%)wodasok marchwiowy* z soku zag\u0119szczonegope\u0142noziarnista m\u0105ka z pszenicy orkisz* 4%pe\u0142noziarnista m\u0105ka pszenna* 1%przeciwutleniacz: kwas L-askorbinowy*z rolnictwa ekologicznegoPrzygotowanie i stosowanieZalecamy podawanie musu \u0142y\u017ceczk\u0105.Wa\u017cne: cz\u0119sty lub d\u0142ugotrwa\u0142y kontakt z\u0105bk\u00f3w z musem owocowym podczas ssania tubki mo\u017ce powodowa\u0107 pr\u00f3chnic\u0119.Dlatego:- mus najlepiej podawaj \u0142y\u017ceczk\u0105 i nie dopuszczaj do cz\u0119stego i d\u0142ugotrwa\u0142ego ssania tubki- zalecamy podawanie musu \u0142y\u017ceczk\u0105 w celu ochrony z\u0105bk\u00f3w oraz kszta\u0142towania odpowiednich nawyk\u00f3w \u017cywieniowych- zadbaj o regularn\u0105 higien\u0119 jamy ustnej swojego dziecka ju\u017c od pierwszego z\u0105bkaPrzed u\u017cyciem upewnij si\u0119, \u017ce opakowanie nie zosta\u0142o naruszone. Nie pozw\u00f3l dziecku bawi\u0107 si\u0119 tubk\u0105 ani zakr\u0119tk\u0105.PrzechowywaniePo otwarciu przechowuj tubk\u0119 w lod\u00f3wce i zu\u017cyj w ci\u0105gu jednego dnia.<\/p>\n<h2>Hipp Bio Tubka Mus Jab\u0142k-Ban-Malin ze zbo\u017c. 6x100g Hipp<\/h2>\n<p>maski na twarz dla dzieci do wydruku, kawa\u0142y na prima aprilis dla rodzic\u00f3w, wroc\u0142aw atrakcje dla dzieci, dyplomy do wydrukowania a4, test na patologi\u0119 z kubusia puchatka, prezent dla 7 letniej dziewczynki, malgorzata imi\u0119, ciekawe miejsca w warszawie dla m\u0142odzie\u017cy, szlaczki dla dzieci do druku<\/p>\n<p>yyyyy<\/p>\n<p>&nbsp;<\/p>\n","protected":false},"excerpt":{"rendered":"<p>HiPP BIO Mus owocowy owoce &amp; zbo\u017ca po 6. miesi\u0105cu jab\u0142ka-banany-maliny z orkiszem 6&#215;100 gMusy owocowe i owocowo-warzywne HiPP BIO powsta\u0142y z wy\u0142\u0105cznie najlepszych sk\u0142adnik\u00f3w pochodz\u0105cych z certyfikowanych gospodarstw ekologicznych. Zabawna, kolorowa tubka na pewno przyci\u0105gnie wzrok Twojej pociechy, jest te\u017c niezwykle praktyczna \u2013 bardzo dobrze sprawdza si\u0119 podczas spaceru lub wycieczki.Musy nie zawieraj\u0105 dodatku [&hellip;]<\/p>\n","protected":false},"featured_media":3017,"comment_status":"closed","ping_status":"open","template":"","meta":[],"product_cat":[112,66],"product_tag":[819,598,672,822,820],"class_list":["post-3016","product","type-product","status-publish","has-post-thumbnail","hentry","product_cat-deserki-dla-dzieci","product_cat-hipp","product_tag-co-kupic-nastolatce-na-swieta","product_tag-co-na-roczek-dla-dziewczynki","product_tag-trudne-zagadki-z-odpowiedziami","product_tag-wierszyki-o-wakacjach-krotkie","product_tag-ziemia-wyspa-zielona-tekst"],"_links":{"self":[{"href":"http:\/\/klubmamgdynia.pl\/index.php\/wp-json\/wp\/v2\/product\/3016","targetHints":{"allow":["GET"]}}],"collection":[{"href":"http:\/\/klubmamgdynia.pl\/index.php\/wp-json\/wp\/v2\/product"}],"about":[{"href":"http:\/\/klubmamgdynia.pl\/index.php\/wp-json\/wp\/v2\/types\/product"}],"replies":[{"embeddable":true,"href":"http:\/\/klubmamgdynia.pl\/index.php\/wp-json\/wp\/v2\/comments?post=3016"}],"wp:featuredmedia":[{"embeddable":true,"href":"http:\/\/klubmamgdynia.pl\/index.php\/wp-json\/wp\/v2\/media\/3017"}],"wp:attachment":[{"href":"http:\/\/klubmamgdynia.pl\/index.php\/wp-json\/wp\/v2\/media?parent=3016"}],"wp:term":[{"taxonomy":"product_cat","embeddable":true,"href":"http:\/\/klubmamgdynia.pl\/index.php\/wp-json\/wp\/v2\/product_cat?post=3016"},{"taxonomy":"product_tag","embeddable":true,"href":"http:\/\/klubmamgdynia.pl\/index.php\/wp-json\/wp\/v2\/product_tag?post=3016"}],"curies":[{"name":"wp","href":"https:\/\/api.w.org\/{rel}","templated":true}]}}