{"id":3034,"date":"2018-04-27T18:37:24","date_gmt":"2018-04-27T16:37:24","guid":{"rendered":"http:\/\/klubmamgdynia.pl\/index.php\/produkt\/djeco-zestaw-ozdobnej-papeterii-lucille-dd03607\/"},"modified":"2026-04-21T04:10:03","modified_gmt":"2026-04-21T02:10:03","slug":"djeco-zestaw-ozdobnej-papeterii-lucille-dd03607","status":"publish","type":"product","link":"http:\/\/klubmamgdynia.pl\/index.php\/produkt\/djeco-zestaw-ozdobnej-papeterii-lucille-dd03607\/","title":{"rendered":"Djeco Zestaw Ozdobnej Papeterii Lucille Dd03607"},"content":{"rendered":"<p>IDEALNY POMYS\u0141 NA DROBNY UPOMINEK.Zestaw zaprojektowany przez Lucill\u0119 Michieli.ZESTAW ZAWIERA:- 10 kart okoliczno\u015bciowych i 10 kopert z 5 r\u00f3\u017cnymi motywamiWYMIARY OPAKOWANIA: 13 x 10,5 x 2 cmWYMIARY KARTY OKOLICZNO\u015aCIOWEJ: 9 x 11 cmWYMIARY KOPERTY: 11,5 x 9,2 cmZestaw jest nowy, zapakowany w pude\u0142ko do przechowywania kopert i kart.<\/p>\n<h2>Djeco Zestaw Ozdobnej Papeterii Lucille Dd03607 Djeco<\/h2>\n<p>test z dzieci z bullerbyn, kiedy dzieci zbieraja cukierki na halloween, wiosenne zagadki dla dzieci, mini zoo warszawa, posz\u0142a ola na spacerek, cytaty o dziecku, esmeralda, konkurs dla dzieci, prezent dla dziecka 1 rok, piosenka dla mamy tekst, ja\u015bmina imie, cytaty na dzie\u0144 nauczyciela, filmy animowane o \u015bwi\u0119tach, co kupi\u0107 nastolatce na urodziny, wroclaw atrakcje dla dzieci, cytaty na dzie\u0144 nauczyciela<\/p>\n<p>yyyyy<\/p>\n<p>&nbsp;<\/p>\n","protected":false},"excerpt":{"rendered":"<p>IDEALNY POMYS\u0141 NA DROBNY UPOMINEK.Zestaw zaprojektowany przez Lucill\u0119 Michieli.ZESTAW ZAWIERA:- 10 kart okoliczno\u015bciowych i 10 kopert z 5 r\u00f3\u017cnymi motywamiWYMIARY OPAKOWANIA: 13 x 10,5 x 2 cmWYMIARY KARTY OKOLICZNO\u015aCIOWEJ: 9 x 11 cmWYMIARY KOPERTY: 11,5 x 9,2 cmZestaw jest nowy, zapakowany w pude\u0142ko do przechowywania kopert i kart. Djeco Zestaw Ozdobnej Papeterii Lucille Dd03607 Djeco [&hellip;]<\/p>\n","protected":false},"featured_media":3035,"comment_status":"closed","ping_status":"open","template":"","meta":[],"product_cat":[434,21],"product_tag":[817,578,784,851,730,747],"class_list":["post-3034","product","type-product","status-publish","has-post-thumbnail","hentry","product_cat-djeco","product_cat-zabawki-plastyczne","product_tag-bajka-terapeutyczna-o-emocjach","product_tag-fajne-zarty-na-prima-aprilis","product_tag-hymn-gorniczy","product_tag-jak-narysowac-kota","product_tag-karyna","product_tag-malowanki-do-druku"],"_links":{"self":[{"href":"http:\/\/klubmamgdynia.pl\/index.php\/wp-json\/wp\/v2\/product\/3034","targetHints":{"allow":["GET"]}}],"collection":[{"href":"http:\/\/klubmamgdynia.pl\/index.php\/wp-json\/wp\/v2\/product"}],"about":[{"href":"http:\/\/klubmamgdynia.pl\/index.php\/wp-json\/wp\/v2\/types\/product"}],"replies":[{"embeddable":true,"href":"http:\/\/klubmamgdynia.pl\/index.php\/wp-json\/wp\/v2\/comments?post=3034"}],"wp:featuredmedia":[{"embeddable":true,"href":"http:\/\/klubmamgdynia.pl\/index.php\/wp-json\/wp\/v2\/media\/3035"}],"wp:attachment":[{"href":"http:\/\/klubmamgdynia.pl\/index.php\/wp-json\/wp\/v2\/media?parent=3034"}],"wp:term":[{"taxonomy":"product_cat","embeddable":true,"href":"http:\/\/klubmamgdynia.pl\/index.php\/wp-json\/wp\/v2\/product_cat?post=3034"},{"taxonomy":"product_tag","embeddable":true,"href":"http:\/\/klubmamgdynia.pl\/index.php\/wp-json\/wp\/v2\/product_tag?post=3034"}],"curies":[{"name":"wp","href":"https:\/\/api.w.org\/{rel}","templated":true}]}}