{"id":3040,"date":"2023-08-16T21:30:15","date_gmt":"2023-08-16T19:30:15","guid":{"rendered":"http:\/\/klubmamgdynia.pl\/?post_type=product&#038;p=3040"},"modified":"2026-04-28T15:35:04","modified_gmt":"2026-04-28T13:35:04","slug":"psi-patrol-pieski-fotelik-pufa-pojemnik-na-zabawki","status":"publish","type":"product","link":"http:\/\/klubmamgdynia.pl\/index.php\/produkt\/psi-patrol-pieski-fotelik-pufa-pojemnik-na-zabawki\/","title":{"rendered":"Psi Patrol Pieski Fotelik Pufa Pojemnik Na Zabawki"},"content":{"rendered":"<p>Domy\u015blny opis kr\u00f3tki<\/p>\n<h2>Psi Patrol Pieski Fotelik Pufa Pojemnik Na Zabawki Textiel<\/h2>\n<p>prima aprilis \u017carty dla rodzic\u00f3w, eneduerabe, wydarzenia dla dzieci warszawa, ozdoby \u015bwi\u0105teczne z rolek po papierze toaletowym, mitologia grecka quiz, quiz opowie\u015bci z narnii lew czarownica i stara szafa, gwiazdka do druku, prezent dla 7 latka ch\u0142opca, test znaki drogowe, oskar imi\u0119, glupie zagadki, test z lektury opowie\u015bci z narnii lew czarownica i stara szafa z odpowiedziami, jak namalowa\u0107 kota, quiz minecraft, cytaty przyja\u017a\u0144<\/p>\n<p>yyyyy<\/p>\n<p>&nbsp;<\/p>\n","protected":false},"excerpt":{"rendered":"<p>Domy\u015blny opis kr\u00f3tki Psi Patrol Pieski Fotelik Pufa Pojemnik Na Zabawki Textiel prima aprilis \u017carty dla rodzic\u00f3w, eneduerabe, wydarzenia dla dzieci warszawa, ozdoby \u015bwi\u0105teczne z rolek po papierze toaletowym, mitologia grecka quiz, quiz opowie\u015bci z narnii lew czarownica i stara szafa, gwiazdka do druku, prezent dla 7 latka ch\u0142opca, test znaki drogowe, oskar imi\u0119, glupie [&hellip;]<\/p>\n","protected":false},"featured_media":3041,"comment_status":"closed","ping_status":"open","template":"","meta":[],"product_cat":[990,1003],"product_tag":[777,622,657,764,659,779],"class_list":["post-3040","product","type-product","status-publish","has-post-thumbnail","hentry","product_cat-skrzynie-i-pojemniki-na-zabawki","product_cat-textiel","product_tag-co-na-roczek","product_tag-fajne-zagadki","product_tag-lol-kolorowanka","product_tag-prezenty-na-roczek-dla-dziewczynki","product_tag-tupu-tup-po-sniegu-tekst","product_tag-zarty-na-prima-aprilis-w-domu"],"_links":{"self":[{"href":"http:\/\/klubmamgdynia.pl\/index.php\/wp-json\/wp\/v2\/product\/3040","targetHints":{"allow":["GET"]}}],"collection":[{"href":"http:\/\/klubmamgdynia.pl\/index.php\/wp-json\/wp\/v2\/product"}],"about":[{"href":"http:\/\/klubmamgdynia.pl\/index.php\/wp-json\/wp\/v2\/types\/product"}],"replies":[{"embeddable":true,"href":"http:\/\/klubmamgdynia.pl\/index.php\/wp-json\/wp\/v2\/comments?post=3040"}],"wp:featuredmedia":[{"embeddable":true,"href":"http:\/\/klubmamgdynia.pl\/index.php\/wp-json\/wp\/v2\/media\/3041"}],"wp:attachment":[{"href":"http:\/\/klubmamgdynia.pl\/index.php\/wp-json\/wp\/v2\/media?parent=3040"}],"wp:term":[{"taxonomy":"product_cat","embeddable":true,"href":"http:\/\/klubmamgdynia.pl\/index.php\/wp-json\/wp\/v2\/product_cat?post=3040"},{"taxonomy":"product_tag","embeddable":true,"href":"http:\/\/klubmamgdynia.pl\/index.php\/wp-json\/wp\/v2\/product_tag?post=3040"}],"curies":[{"name":"wp","href":"https:\/\/api.w.org\/{rel}","templated":true}]}}