{"id":3048,"date":"2021-10-07T07:03:30","date_gmt":"2021-10-07T05:03:30","guid":{"rendered":"http:\/\/klubmamgdynia.pl\/index.php\/produkt\/hipp-bio-hippisgruszki-jablka-mango-marakuja-mus-owocowy-6-msc-100g\/"},"modified":"2026-04-22T16:09:30","modified_gmt":"2026-04-22T14:09:30","slug":"hipp-bio-hippisgruszki-jablka-mango-marakuja-mus-owocowy-6-msc-100g","status":"publish","type":"product","link":"http:\/\/klubmamgdynia.pl\/index.php\/produkt\/hipp-bio-hippisgruszki-jablka-mango-marakuja-mus-owocowy-6-msc-100g\/","title":{"rendered":"Hipp Bio Hippisgruszki Jab\u0142ka Mango Marakuja Mus Owocowy 6 Msc 100G"},"content":{"rendered":"<p>Hipp Hippis Mango Maracuja in Birne Apfel 100g 1r &#8211; 100% owoc\u00f3w przeznaczone dla dzieci od pierwszego roku \u017cycia w wygodnym do wyciskania woreczku. Powstaje w 100% ze sk\u0142adnik\u00f3w pochodzenia organicznego, podlegaj\u0105cych \u015bcis\u0142ej i rygorystycznej kontroli. Nie dos\u0142adzany &#8211; zawiera wy\u0142\u0105cznie naturalny cukier zawarty w owocach. Bogaty w witamin\u0119 C wzmacniaj\u0105c\u0105 uk\u0142ad immunologiczny Twojego dziecka. Idealnie sprawdza si\u0119 jako deser lub przek\u0105ska mi\u0119dzy posi\u0142kami. Najwy\u017csza ekologiczna jako\u015b\u0107 sk\u0142adnik\u00f3w gwarantowana przez mark\u0119 HiPP Bio.z owocami z ekologicznych uprawstaranny spos\u00f3b przygotowania zapewniaj\u0105cy najwy\u017csz\u0105 jako\u015b\u0107 i pe\u0142ni\u0119 smakustworzony z niewielu sk\u0142adnik\u00f3wbez sk\u0142adnik\u00f3w modyfikowanych genetyczniebezglutenowyProdukt niemiecki i wyprodukowany na niemiecki rynek.Termin wa\u017cno\u015bci ruchomy &#8211; towar w ci\u0105g\u0142ej sprzeda\u017cy&#8230;.<\/p>\n<h2>Hipp Bio Hippisgruszki Jab\u0142ka Mango Marakuja Mus Owocowy 6 Msc 100G Hipp<\/h2>\n<p>quiz flagi \u015bwiata, aaa kotki dwa tekst, laura, plac zabaw pozna\u0144, kolorowanka minionki, medrcy swiata, zagadki \u015bmieszne, atrakcje we wroc\u0142awiu dla dzieci, kolorowanki super zings, marianna imi\u0119, medrcy swiata, cytaty o dziecku i mamie, gdzie na ferie zimowe 2022, zagadki o wielkanocy dla dzieci, \u0142amig\u0142\u00f3wki s\u0142owne<\/p>\n<p>yyyyy<\/p>\n<p>&nbsp;<\/p>\n","protected":false},"excerpt":{"rendered":"<p>Hipp Hippis Mango Maracuja in Birne Apfel 100g 1r &#8211; 100% owoc\u00f3w przeznaczone dla dzieci od pierwszego roku \u017cycia w wygodnym do wyciskania woreczku. Powstaje w 100% ze sk\u0142adnik\u00f3w pochodzenia organicznego, podlegaj\u0105cych \u015bcis\u0142ej i rygorystycznej kontroli. Nie dos\u0142adzany &#8211; zawiera wy\u0142\u0105cznie naturalny cukier zawarty w owocach. Bogaty w witamin\u0119 C wzmacniaj\u0105c\u0105 uk\u0142ad immunologiczny Twojego dziecka. [&hellip;]<\/p>\n","protected":false},"featured_media":3049,"comment_status":"closed","ping_status":"open","template":"","meta":[],"product_cat":[112,66],"product_tag":[834,706,584],"class_list":["post-3048","product","type-product","status-publish","has-post-thumbnail","hentry","product_cat-deserki-dla-dzieci","product_cat-hipp","product_tag-bajka-do-czytania-na-dobranoc","product_tag-imie-kuba","product_tag-liwia"],"_links":{"self":[{"href":"http:\/\/klubmamgdynia.pl\/index.php\/wp-json\/wp\/v2\/product\/3048","targetHints":{"allow":["GET"]}}],"collection":[{"href":"http:\/\/klubmamgdynia.pl\/index.php\/wp-json\/wp\/v2\/product"}],"about":[{"href":"http:\/\/klubmamgdynia.pl\/index.php\/wp-json\/wp\/v2\/types\/product"}],"replies":[{"embeddable":true,"href":"http:\/\/klubmamgdynia.pl\/index.php\/wp-json\/wp\/v2\/comments?post=3048"}],"wp:featuredmedia":[{"embeddable":true,"href":"http:\/\/klubmamgdynia.pl\/index.php\/wp-json\/wp\/v2\/media\/3049"}],"wp:attachment":[{"href":"http:\/\/klubmamgdynia.pl\/index.php\/wp-json\/wp\/v2\/media?parent=3048"}],"wp:term":[{"taxonomy":"product_cat","embeddable":true,"href":"http:\/\/klubmamgdynia.pl\/index.php\/wp-json\/wp\/v2\/product_cat?post=3048"},{"taxonomy":"product_tag","embeddable":true,"href":"http:\/\/klubmamgdynia.pl\/index.php\/wp-json\/wp\/v2\/product_tag?post=3048"}],"curies":[{"name":"wp","href":"https:\/\/api.w.org\/{rel}","templated":true}]}}