{"id":3056,"date":"2013-11-22T06:35:05","date_gmt":"2013-11-22T05:35:05","guid":{"rendered":"http:\/\/klubmamgdynia.pl\/index.php\/produkt\/kinderkraft-wozek-dzieciecy-2w1-everyday-jasnoszary\/"},"modified":"2026-04-21T02:32:18","modified_gmt":"2026-04-21T00:32:18","slug":"kinderkraft-wozek-dzieciecy-2w1-everyday-jasnoszary","status":"publish","type":"product","link":"http:\/\/klubmamgdynia.pl\/index.php\/produkt\/kinderkraft-wozek-dzieciecy-2w1-everyday-jasnoszary\/","title":{"rendered":"Kinderkraft W\u00f3zek dzieci\u0119cy 2w1 EVERYDAY jasnoszary"},"content":{"rendered":"<h2>Kinderkraft W\u00f3zek dzieci\u0119cy 2w1 EVERYDAY jasnoszary Kinderkraft<\/h2>\n<p>wr\u00f3\u017cby andrzejkowe dla dzieci zawody, alfabet kolorowanka, quiz opowie\u015bci z narnii lew czarownica i stara szafa, quiz dzieci z bullerbyn, irma, wierszyki na lany poniedzia\u0142ek, spiderman do druku, planety do druku dla dzieci, gry planszowe dla m\u0142odzie\u017cy, ciekawe zagadki, kolorowanki do wydrukowania, cukierku ty \u0142obuzie test<\/p>\n<p>yyyyy<\/p>\n<p>&nbsp;<\/p>\n","protected":false},"excerpt":{"rendered":"<p>Kinderkraft W\u00f3zek dzieci\u0119cy 2w1 EVERYDAY jasnoszary Kinderkraft wr\u00f3\u017cby andrzejkowe dla dzieci zawody, alfabet kolorowanka, quiz opowie\u015bci z narnii lew czarownica i stara szafa, quiz dzieci z bullerbyn, irma, wierszyki na lany poniedzia\u0142ek, spiderman do druku, planety do druku dla dzieci, gry planszowe dla m\u0142odzie\u017cy, ciekawe zagadki, kolorowanki do wydrukowania, cukierku ty \u0142obuzie test yyyyy &nbsp;<\/p>\n","protected":false},"featured_media":3057,"comment_status":"closed","ping_status":"open","template":"","meta":[],"product_cat":[59,110],"product_tag":[832,806,609,824],"class_list":["post-3056","product","type-product","status-publish","has-post-thumbnail","hentry","product_cat-kinderkraft","product_cat-wozki-wielofunkcyjne","product_tag-desery-dla-dzieci","product_tag-prezent-dla-dziecka-na-roczek","product_tag-quiz-flagi-europy","product_tag-warszawa-atrakcje-dla-dzieci"],"_links":{"self":[{"href":"http:\/\/klubmamgdynia.pl\/index.php\/wp-json\/wp\/v2\/product\/3056","targetHints":{"allow":["GET"]}}],"collection":[{"href":"http:\/\/klubmamgdynia.pl\/index.php\/wp-json\/wp\/v2\/product"}],"about":[{"href":"http:\/\/klubmamgdynia.pl\/index.php\/wp-json\/wp\/v2\/types\/product"}],"replies":[{"embeddable":true,"href":"http:\/\/klubmamgdynia.pl\/index.php\/wp-json\/wp\/v2\/comments?post=3056"}],"wp:featuredmedia":[{"embeddable":true,"href":"http:\/\/klubmamgdynia.pl\/index.php\/wp-json\/wp\/v2\/media\/3057"}],"wp:attachment":[{"href":"http:\/\/klubmamgdynia.pl\/index.php\/wp-json\/wp\/v2\/media?parent=3056"}],"wp:term":[{"taxonomy":"product_cat","embeddable":true,"href":"http:\/\/klubmamgdynia.pl\/index.php\/wp-json\/wp\/v2\/product_cat?post=3056"},{"taxonomy":"product_tag","embeddable":true,"href":"http:\/\/klubmamgdynia.pl\/index.php\/wp-json\/wp\/v2\/product_tag?post=3056"}],"curies":[{"name":"wp","href":"https:\/\/api.w.org\/{rel}","templated":true}]}}