{"id":3062,"date":"2011-04-21T15:03:39","date_gmt":"2011-04-21T13:03:39","guid":{"rendered":"http:\/\/klubmamgdynia.pl\/index.php\/produkt\/fotelik-samochodowy-maxi-cosi-tinca-essential-blue-0-13kg\/"},"modified":"2026-04-26T10:57:21","modified_gmt":"2026-04-26T08:57:21","slug":"fotelik-samochodowy-maxi-cosi-tinca-essential-blue-0-13kg","status":"publish","type":"product","link":"http:\/\/klubmamgdynia.pl\/index.php\/produkt\/fotelik-samochodowy-maxi-cosi-tinca-essential-blue-0-13kg\/","title":{"rendered":"Fotelik samochodowy Maxi-Cosi Tinca Essential Blue 0-13Kg"},"content":{"rendered":"<p>_                            <\/p>\n<p>Tinca____Idealny dla wszystkichOd urodzenia do ok. 1 roku \u017cyciaOd 45 do 75 cmColour Swatch\u00a0Essential Blue                            <\/p>\n<p>Dlaczego warto wybra\u0107 ten produkt?                            <\/p>\n<p>Opis produktuBezpiecze\u0144stwa nigdy nie nale\u017cy traktowa\u0107 lekko. Ale to nie znaczy, \u017ce Tw\u00f3j fotelik samochodowy nie mo\u017ce taki by\u0107. Wa\u017c\u0105cy zaledwie 3,2 kg, zgodny z norm\u0105 i-Size fotelik Tinca zosta\u0142 zaprojektowany dla wygody rodzic\u00f3w. Ponadto jego zgodno\u015b\u0107 z norm\u0105 i-Size gwarantuje zawsze bezpieczn\u0105 podr\u00f3\u017c samochodem.Fotelik samochodowy Tinca to model \u015bwietny dla wszystkich, zar\u00f3wno w samochodzie, jak i podczas spaceru. Z uwagi na lekk\u0105 konstrukcj\u0119 fotelik ten bardzo \u0142atwo jest przenosi\u0107 do i z samochodu. Jest tak\u017ce wygodny i bezpieczny dla Twojego male\u0144stwa dzi\u0119ki wk\u0142adce dla noworodka z poduszk\u0105 pod g\u0142\u00f3wk\u0119.__________                            <\/p>\n<p>\u0141ATWO\u015a\u0106 U\u017bYTKOWANIALekka konstrukcja u\u0142atwiaj\u0105ca przenoszeniePasuje do wi\u0119kszo\u015bci w\u00f3zk\u00f3w Maxi-CosiDzi\u0119ki przyciskom zwalniania z pami\u0119ci\u0105 mo\u017cna go \u0142atwo zdejmowa\u0107 jedn\u0105 r\u0119k\u0105 z w\u00f3zk\u00f3w spacerowych Maxi-Cosi i Quinny.Zmywalna tapicerka                            <\/p>\n<p>__________                            <\/p>\n<p>WYGODAWyposa\u017cony w du\u017cy daszek przeciws\u0142oneczny z ochron\u0105 UVWk\u0142adka dla noworodka zapewnia male\u0144stwu wi\u0119ksze bezpiecze\u0144stwo i pe\u0142n\u0105 wygod\u0119, a zag\u0142\u00f3wek zawsze doskonale pasuje do g\u0142\u00f3wki dzieckaWygodne, dodatkowo wy\u015bcie\u0142ane siedziskoZmywalna tapicerka u\u0142atwiaj\u0105ca czyszczenie fotelika samochodowego                            <\/p>\n<p>__________                            <\/p>\n<p>BEZPIECZE\u0143STWOZgodno\u015b\u0107 z norm\u0105 bezpiecze\u0144stwa i-Size                            <\/p>\n<p>__________                            <\/p>\n<p>CECHY OG\u00d3LNEPasuje do Bazy Tinca dla fotelik\u00f3w samochodowych Maxi-Cosi                            <\/p>\n<p>CECHY                            <\/p>\n<p>Bezpiecze\u0144stwo_______Fotelik zgodny z norm\u0105 i-Size zapewnia bezpieczn\u0105 podr\u00f3\u017c ty\u0142em do kierunku jazdy, gwarantuj\u0105c dodatkow\u0105 ochron\u0119 g\u0142owy i szyi dziecka. Wk\u0142adka dla noworodka utrzymuje g\u0142\u00f3wk\u0119 dziecka w bezpiecznej i wygodnej pozycji, gdy\u017c zawsze doskonale pasuje. Ponadto fotelik Tinca zapewnia dodatkow\u0105 ochron\u0119 przed uderzeniami bocznymi. Oznacza to, \u017ce w model ten wbudowano udoskonalony materia\u0142 jeszcze lepiej absorbuj\u0105cy wstrz\u0105sy w sytuacji, gdyby dosz\u0142o do wypadku.                            <\/p>\n<p>Monta\u017c_______Fotelik Maxi-Cosi Tinca pasuje do wi\u0119kszo\u015bci samochod\u00f3w, tak wi\u0119c nie musisz si\u0119 martwi\u0107, je\u015bli je\u017adzisz r\u00f3\u017cnymi autami \u2014 w tym zgodnym z norm\u0105 i-Size foteliku Tw\u00f3j maluch b\u0119dzie zawsze podr\u00f3\u017cowa\u0107 bezpiecznie i wygodnie. Ten lekki model dzieci\u0119cego fotelika samochodowego mo\u017cna zamocowa\u0107 w aucie za pomoc\u0105 samochodowego pasa bezpiecze\u0144stwa lub uchwyt\u00f3w ISOFIX. Nasza instrukcja obs\u0142ugi przeprowadzi Ci\u0119 przez kolejne kroki monta\u017cu przy u\u017cyciu pasa samochodowego, aby zapewni\u0107 bezpiecze\u0144stwo.W przypadku monta\u017cu z u\u017cyciem uchwyt\u00f3w ISOFIX trzeba posiada\u0107 odpowiedni\u0105 baz\u0119. Przymocuj j\u0105 do tych uchwyt\u00f3w i pozostaw w samochodzie. Za ka\u017cdym razem, gdy wsiadasz do auta, mo\u017cesz jednym klikni\u0119ciem przymocowa\u0107 nasz fotelik samochodowy Maxi-Cosi Tinca do bazy, a przy wychodzeniu z pojazdu jednym ruchem go z tej bazy wypi\u0105\u0107. Wska\u017aniki wizualne powiadamiaj\u0105 Ci\u0119, kiedy fotelik samochodowy Maxi-Cosi jest w\u0142a\u015bciwie zamocowany i mo\u017cna rusza\u0107 w drog\u0119. Fotelik Tinca mo\u017cna zamontowa\u0107 na Bazie Tinca.                            <\/p>\n<p>Idealny dla wszystkich_______Fotelik samochodowy Tinca to model \u015bwietny dla wszystkich, zar\u00f3wno w samochodzie, jak i podczas spaceru. Jest idealny rodzic\u00f3w, poniewa\u017c jego lekka konstrukcja sprawia, \u017ce bardzo \u0142atwo mo\u017cna przenosi\u0107 dziecko do i z samochodu. Jest te\u017c znakomity dla niemowl\u0105t dzi\u0119ki mi\u0119kkiej wk\u0142adce dla noworodka z poduszk\u0105 pod g\u0142\u00f3wk\u0119 oraz du\u017cemu daszkowi przeciws\u0142onecznemu z ochron\u0105 UV. Fotelik Tinca jest kompatybilny z wi\u0119kszo\u015bci\u0105 w\u00f3zk\u00f3w spacerowych Maxi-Cosi i mo\u017cna go \u0142atwo zdejmowa\u0107 z takiego w\u00f3zka dzi\u0119ki przyciskom zwalniania z pami\u0119ci\u0105. Po ca\u0142odziennym u\u017cytkowaniu fotelik Tinca bywa brudny, Tw\u00f3j maluch mo\u017ce te\u017c cierpie\u0107 na chorob\u0119 lokomocyjn\u0105 \u2014 z tego wzgl\u0119du zadbali\u015bmy o to, aby tapicerk\u0119 fotelika Maxi-Cosi mo\u017cna by\u0142o \u0142atwo zdejmowa\u0107. Niezale\u017cnie od tego, co si\u0119 stanie, tapicerk\u0119 t\u0119 mo\u017cna z \u0142atwo\u015bci\u0105 wyczy\u015bci\u0107, pior\u0105c j\u0105 w pralce (w 30\u00b0C).                            <\/p>\n<p>Wymiary_____                            <\/p>\n<p>Zaktualizuj sw\u00f3j produkt FamilyFix_______                            <\/p>\n<p>            Maxi Cosi Baza Tinca<\/p>\n<h2>Fotelik samochodowy Maxi-Cosi Tinca Essential Blue 0-13Kg Maxi-Cosi<\/h2>\n<p>quiz o samochodach, lukrecja imi\u0119, pomys\u0142 na roczek, test opowie\u015b\u0107 wigilijna, opis do zdj\u0119cia dziecka na fb<\/p>\n<p>yyyyy<\/p>\n<p>&nbsp;<\/p>\n","protected":false},"excerpt":{"rendered":"<p>_ Tinca____Idealny dla wszystkichOd urodzenia do ok. 1 roku \u017cyciaOd 45 do 75 cmColour Swatch\u00a0Essential Blue Dlaczego warto wybra\u0107 ten produkt? Opis produktuBezpiecze\u0144stwa nigdy nie nale\u017cy traktowa\u0107 lekko. Ale to nie znaczy, \u017ce Tw\u00f3j fotelik samochodowy nie mo\u017ce taki by\u0107. Wa\u017c\u0105cy zaledwie 3,2 kg, zgodny z norm\u0105 i-Size fotelik Tinca zosta\u0142 zaprojektowany dla wygody rodzic\u00f3w. [&hellip;]<\/p>\n","protected":false},"featured_media":3063,"comment_status":"closed","ping_status":"open","template":"","meta":[],"product_cat":[32,995],"product_tag":[772,658,838,598,656,613],"class_list":["post-3062","product","type-product","status-publish","has-post-thumbnail","hentry","product_cat-foteliki-samochodowe","product_cat-maxi-cosi","product_tag-45-panstw-europy-i-ich-stolice-quiz","product_tag-alan-znaczenie-imienia","product_tag-bajki-dla-dzieci-na-dobranoc","product_tag-co-na-roczek-dla-dziewczynki","product_tag-kolorowanki-lol","product_tag-na-wyspach-bergamutach"],"_links":{"self":[{"href":"http:\/\/klubmamgdynia.pl\/index.php\/wp-json\/wp\/v2\/product\/3062","targetHints":{"allow":["GET"]}}],"collection":[{"href":"http:\/\/klubmamgdynia.pl\/index.php\/wp-json\/wp\/v2\/product"}],"about":[{"href":"http:\/\/klubmamgdynia.pl\/index.php\/wp-json\/wp\/v2\/types\/product"}],"replies":[{"embeddable":true,"href":"http:\/\/klubmamgdynia.pl\/index.php\/wp-json\/wp\/v2\/comments?post=3062"}],"wp:featuredmedia":[{"embeddable":true,"href":"http:\/\/klubmamgdynia.pl\/index.php\/wp-json\/wp\/v2\/media\/3063"}],"wp:attachment":[{"href":"http:\/\/klubmamgdynia.pl\/index.php\/wp-json\/wp\/v2\/media?parent=3062"}],"wp:term":[{"taxonomy":"product_cat","embeddable":true,"href":"http:\/\/klubmamgdynia.pl\/index.php\/wp-json\/wp\/v2\/product_cat?post=3062"},{"taxonomy":"product_tag","embeddable":true,"href":"http:\/\/klubmamgdynia.pl\/index.php\/wp-json\/wp\/v2\/product_tag?post=3062"}],"curies":[{"name":"wp","href":"https:\/\/api.w.org\/{rel}","templated":true}]}}