{"id":3078,"date":"2012-08-19T07:34:36","date_gmt":"2012-08-19T05:34:36","guid":{"rendered":"http:\/\/klubmamgdynia.pl\/index.php\/produkt\/cobi-garaz-abarth-24501-135\/"},"modified":"2026-04-03T14:44:47","modified_gmt":"2026-04-03T12:44:47","slug":"cobi-garaz-abarth-24501-135","status":"publish","type":"product","link":"http:\/\/klubmamgdynia.pl\/index.php\/produkt\/cobi-garaz-abarth-24501-135\/","title":{"rendered":"Cobi Gara\u017c Abarth (24501) 1:35"},"content":{"rendered":"<p>PROMOCJA &#8211; DARMOWA DOSTAWA ! &#8211; COBI 24501 FIAT ABARTH Racing Garage 590 klock\u00f3w &#8211; PACZKOMAT, POCZTA, KURIER<\/p>\n<h2>Cobi Gara\u017c Abarth (24501) 1:35 Cobi<\/h2>\n<p>sentencje o dzieciach, m\u0105dre prezenty dla 7 latki, audiobook dla dzieci za darmo, literki do druku, atrakcje dla dzieci wroc\u0142aw i okolice, testy na znaki drogowe, asiunia pytania do lektury<\/p>\n<p>yyyyy<\/p>\n<p>&nbsp;<\/p>\n","protected":false},"excerpt":{"rendered":"<p>PROMOCJA &#8211; DARMOWA DOSTAWA ! &#8211; COBI 24501 FIAT ABARTH Racing Garage 590 klock\u00f3w &#8211; PACZKOMAT, POCZTA, KURIER Cobi Gara\u017c Abarth (24501) 1:35 Cobi sentencje o dzieciach, m\u0105dre prezenty dla 7 latki, audiobook dla dzieci za darmo, literki do druku, atrakcje dla dzieci wroc\u0142aw i okolice, testy na znaki drogowe, asiunia pytania do lektury yyyyy [&hellip;]<\/p>\n","protected":false},"featured_media":3079,"comment_status":"closed","ping_status":"open","template":"","meta":[],"product_cat":[484,113],"product_tag":[700,646,721,733],"class_list":["post-3078","product","type-product","status-publish","has-post-thumbnail","hentry","product_cat-cobi","product_cat-klocki","product_tag-bajki-do-czytania-dla-dzieci","product_tag-prezent-na-pierwsze-urodziny","product_tag-zagadki-matematyczne","product_tag-zarty-na-prima-aprilis"],"_links":{"self":[{"href":"http:\/\/klubmamgdynia.pl\/index.php\/wp-json\/wp\/v2\/product\/3078","targetHints":{"allow":["GET"]}}],"collection":[{"href":"http:\/\/klubmamgdynia.pl\/index.php\/wp-json\/wp\/v2\/product"}],"about":[{"href":"http:\/\/klubmamgdynia.pl\/index.php\/wp-json\/wp\/v2\/types\/product"}],"replies":[{"embeddable":true,"href":"http:\/\/klubmamgdynia.pl\/index.php\/wp-json\/wp\/v2\/comments?post=3078"}],"wp:featuredmedia":[{"embeddable":true,"href":"http:\/\/klubmamgdynia.pl\/index.php\/wp-json\/wp\/v2\/media\/3079"}],"wp:attachment":[{"href":"http:\/\/klubmamgdynia.pl\/index.php\/wp-json\/wp\/v2\/media?parent=3078"}],"wp:term":[{"taxonomy":"product_cat","embeddable":true,"href":"http:\/\/klubmamgdynia.pl\/index.php\/wp-json\/wp\/v2\/product_cat?post=3078"},{"taxonomy":"product_tag","embeddable":true,"href":"http:\/\/klubmamgdynia.pl\/index.php\/wp-json\/wp\/v2\/product_tag?post=3078"}],"curies":[{"name":"wp","href":"https:\/\/api.w.org\/{rel}","templated":true}]}}