{"id":3092,"date":"2011-01-12T14:56:00","date_gmt":"2011-01-12T13:56:00","guid":{"rendered":"http:\/\/klubmamgdynia.pl\/index.php\/produkt\/cada-auto-pancerne-samochod-terenowy-humvee-1386el\/"},"modified":"2026-04-29T00:07:27","modified_gmt":"2026-04-28T22:07:27","slug":"cada-auto-pancerne-samochod-terenowy-humvee-1386el","status":"publish","type":"product","link":"http:\/\/klubmamgdynia.pl\/index.php\/produkt\/cada-auto-pancerne-samochod-terenowy-humvee-1386el\/","title":{"rendered":"Cada Auto Pancerne Samoch\u00f3d Terenowy Humvee 1386El"},"content":{"rendered":"<p>Zestaw sk\u0142ada si\u0119 z 1386 element\u00f3w i umo\u017cliwia stworzenie niesamowity pojazd terenowy &#8211; bia\u0142y Humvee. Produkt odpowiedni dla dzieci powy\u017cej 8 roku \u017cycia.<\/p>\n<h2>Cada Auto Pancerne Samoch\u00f3d Terenowy Humvee 1386El Cada<\/h2>\n<p>afryka\u0144skie imiona, mega trudne zagadki logiczne, znaczenie imiona alan, zagadki dla dzieci, listy do \u015bwi\u0119tego miko\u0142aja, labirynt dla dzieci, \u017c\u0105rty na prima aprilis, zrobi\u0107 laurk\u0119 laurka dla babci, zagadki o przyborach szkolnych, okolice wroc\u0142awia atrakcje, pierniki na bo\u017ce narodzenie, dobranoc pch\u0142y na noc, atrakcje dla nastolatk\u00f3w, historia pluszowego misia, imi\u0119 natan, posz\u0142a ola na spacerek, quizy \u015bwi\u0105teczne bo\u017ce narodzenie, tabliczka mno\u017cenia do druku, prezenty na urodziny dla nastolatk\u00f3w, misie z bajek, test z dzieci z bullerbyn<\/p>\n<p>yyyyy<\/p>\n<p>&nbsp;<\/p>\n","protected":false},"excerpt":{"rendered":"<p>Zestaw sk\u0142ada si\u0119 z 1386 element\u00f3w i umo\u017cliwia stworzenie niesamowity pojazd terenowy &#8211; bia\u0142y Humvee. Produkt odpowiedni dla dzieci powy\u017cej 8 roku \u017cycia. Cada Auto Pancerne Samoch\u00f3d Terenowy Humvee 1386El Cada afryka\u0144skie imiona, mega trudne zagadki logiczne, znaczenie imiona alan, zagadki dla dzieci, listy do \u015bwi\u0119tego miko\u0142aja, labirynt dla dzieci, \u017c\u0105rty na prima aprilis, zrobi\u0107 [&hellip;]<\/p>\n","protected":false},"featured_media":3093,"comment_status":"closed","ping_status":"open","template":"","meta":[],"product_cat":[460,113],"product_tag":[658,821,762],"class_list":["post-3092","product","type-product","status-publish","has-post-thumbnail","hentry","product_cat-cada","product_cat-klocki","product_tag-alan-znaczenie-imienia","product_tag-marianna","product_tag-trudne-zagadki-dla-dzieci"],"_links":{"self":[{"href":"http:\/\/klubmamgdynia.pl\/index.php\/wp-json\/wp\/v2\/product\/3092","targetHints":{"allow":["GET"]}}],"collection":[{"href":"http:\/\/klubmamgdynia.pl\/index.php\/wp-json\/wp\/v2\/product"}],"about":[{"href":"http:\/\/klubmamgdynia.pl\/index.php\/wp-json\/wp\/v2\/types\/product"}],"replies":[{"embeddable":true,"href":"http:\/\/klubmamgdynia.pl\/index.php\/wp-json\/wp\/v2\/comments?post=3092"}],"wp:featuredmedia":[{"embeddable":true,"href":"http:\/\/klubmamgdynia.pl\/index.php\/wp-json\/wp\/v2\/media\/3093"}],"wp:attachment":[{"href":"http:\/\/klubmamgdynia.pl\/index.php\/wp-json\/wp\/v2\/media?parent=3092"}],"wp:term":[{"taxonomy":"product_cat","embeddable":true,"href":"http:\/\/klubmamgdynia.pl\/index.php\/wp-json\/wp\/v2\/product_cat?post=3092"},{"taxonomy":"product_tag","embeddable":true,"href":"http:\/\/klubmamgdynia.pl\/index.php\/wp-json\/wp\/v2\/product_tag?post=3092"}],"curies":[{"name":"wp","href":"https:\/\/api.w.org\/{rel}","templated":true}]}}