{"id":3096,"date":"2014-05-22T14:47:55","date_gmt":"2014-05-22T12:47:55","guid":{"rendered":"http:\/\/klubmamgdynia.pl\/index.php\/produkt\/playgo-mata-i-worek-2w1-soft-miffy\/"},"modified":"2026-04-24T05:28:01","modified_gmt":"2026-04-24T03:28:01","slug":"playgo-mata-i-worek-2w1-soft-miffy","status":"publish","type":"product","link":"http:\/\/klubmamgdynia.pl\/index.php\/produkt\/playgo-mata-i-worek-2w1-soft-miffy\/","title":{"rendered":"Play&amp;Go Mata I Worek 2W1 Soft Miffy"},"content":{"rendered":"<p>Worki na zabawki i miejsce do zabawy w jednym pomog\u0105 utrzyma\u0107 porz\u0105dek w ka\u017cdym dzieci\u0119cym pokoju. Stanowi\u0105 oryginalne miejsce do przechowywania i zarazem do zabawy! S\u0105 funkcjonalne, a przy okazji tak proste w obs\u0142udze, \u017ce dzieci je uwielbiaj\u0105! Jak je rozpozna\u0107? S\u0105 kolorowe i maj\u0105 przepi\u0119kne, oryginalne, designerskie wzory.<\/p>\n<h2>Play&amp;Go Mata I Worek 2W1 Soft Miffy Playgo<\/h2>\n<p>filmy disneya, dyplomy do wydrukowania a4, narodziny dziecka cytat, mi\u0142o\u015b\u0107 do dziecka cytaty, adriana imi\u0119, cytat matka, bajka do czytania o piesku, psi patrol zadania do druku, inteligentne zagadki, jak narysowa\u0107 \u017cab\u0119, laurka dla mamy rysunek, zagadki dla dzieci do druku, rysunek kota, ninjago kolorowanka, kr\u00f3tkie zagadki dla doros\u0142ych, bajki do czytania psi patrol, zagadki typu co to jest<\/p>\n<p>yyyyy<\/p>\n<p>&nbsp;<\/p>\n","protected":false},"excerpt":{"rendered":"<p>Worki na zabawki i miejsce do zabawy w jednym pomog\u0105 utrzyma\u0107 porz\u0105dek w ka\u017cdym dzieci\u0119cym pokoju. Stanowi\u0105 oryginalne miejsce do przechowywania i zarazem do zabawy! S\u0105 funkcjonalne, a przy okazji tak proste w obs\u0142udze, \u017ce dzieci je uwielbiaj\u0105! Jak je rozpozna\u0107? S\u0105 kolorowe i maj\u0105 przepi\u0119kne, oryginalne, designerskie wzory. Play&amp;Go Mata I Worek 2W1 Soft [&hellip;]<\/p>\n","protected":false},"featured_media":3097,"comment_status":"closed","ping_status":"open","template":"","meta":[],"product_cat":[1008,990],"product_tag":[642,732,714],"class_list":["post-3096","product","type-product","status-publish","has-post-thumbnail","hentry","product_cat-playgo","product_cat-skrzynie-i-pojemniki-na-zabawki","product_tag-mia-imie","product_tag-prezent-dla-rocznego-chlopca","product_tag-zagadki-logiczne"],"_links":{"self":[{"href":"http:\/\/klubmamgdynia.pl\/index.php\/wp-json\/wp\/v2\/product\/3096","targetHints":{"allow":["GET"]}}],"collection":[{"href":"http:\/\/klubmamgdynia.pl\/index.php\/wp-json\/wp\/v2\/product"}],"about":[{"href":"http:\/\/klubmamgdynia.pl\/index.php\/wp-json\/wp\/v2\/types\/product"}],"replies":[{"embeddable":true,"href":"http:\/\/klubmamgdynia.pl\/index.php\/wp-json\/wp\/v2\/comments?post=3096"}],"wp:featuredmedia":[{"embeddable":true,"href":"http:\/\/klubmamgdynia.pl\/index.php\/wp-json\/wp\/v2\/media\/3097"}],"wp:attachment":[{"href":"http:\/\/klubmamgdynia.pl\/index.php\/wp-json\/wp\/v2\/media?parent=3096"}],"wp:term":[{"taxonomy":"product_cat","embeddable":true,"href":"http:\/\/klubmamgdynia.pl\/index.php\/wp-json\/wp\/v2\/product_cat?post=3096"},{"taxonomy":"product_tag","embeddable":true,"href":"http:\/\/klubmamgdynia.pl\/index.php\/wp-json\/wp\/v2\/product_tag?post=3096"}],"curies":[{"name":"wp","href":"https:\/\/api.w.org\/{rel}","templated":true}]}}