{"id":3110,"date":"2024-04-04T23:43:55","date_gmt":"2024-04-04T21:43:55","guid":{"rendered":"http:\/\/klubmamgdynia.pl\/?post_type=product&#038;p=3110"},"modified":"2026-04-08T23:56:34","modified_gmt":"2026-04-08T21:56:34","slug":"home-styling-collection-kosz-na-zabawki-z-filcu-140-l","status":"publish","type":"product","link":"http:\/\/klubmamgdynia.pl\/index.php\/produkt\/home-styling-collection-kosz-na-zabawki-z-filcu-140-l\/","title":{"rendered":"Home Styling Collection Kosz Na Zabawki Z Filcu 140 L"},"content":{"rendered":"<h2>Home Styling Collection Kosz Na Zabawki Z Filcu 140 L Home Styling Collection<\/h2>\n<p>prezent dla rocznego ch\u0142opca, dobre \u017carty na prima aprilis, dyplomy do wydrukowania a4, imi\u0119 leon, przyjazn, atrakcje dla dzieci wielkopolska, hot wheels kolorowanka, spiderman do druku, prezenty dla rocznego dziecka, zagadki dla 7 latka, zagadki matematyczne dla przedszkolak\u00f3w, halszka, piosenki dla dzieci o jesieni, czytanki na dobranoc, pokemon do druku, film rodzinny o \u015bwi\u0119tach, halloween dla dzieci warszawa, basen dla dzieci warszawa, kolorowanki antystresowe do druku<\/p>\n<p>yyyyy<\/p>\n<p>&nbsp;<\/p>\n","protected":false},"excerpt":{"rendered":"<p>Home Styling Collection Kosz Na Zabawki Z Filcu 140 L Home Styling Collection prezent dla rocznego ch\u0142opca, dobre \u017carty na prima aprilis, dyplomy do wydrukowania a4, imi\u0119 leon, przyjazn, atrakcje dla dzieci wielkopolska, hot wheels kolorowanka, spiderman do druku, prezenty dla rocznego dziecka, zagadki dla 7 latka, zagadki matematyczne dla przedszkolak\u00f3w, halszka, piosenki dla dzieci [&hellip;]<\/p>\n","protected":false},"featured_media":3111,"comment_status":"closed","ping_status":"open","template":"","meta":[],"product_cat":[1011,990],"product_tag":[871,848,866,735,661,741],"class_list":["post-3110","product","type-product","status-publish","has-post-thumbnail","hentry","product_cat-home-styling-collection","product_cat-skrzynie-i-pojemniki-na-zabawki","product_tag-bajka-o-smoku-wawelskim","product_tag-cytat-o-rodzinie","product_tag-opis-do-zdjecia-dziecka-na-fb","product_tag-prezent-na-roczek-dziewczynka","product_tag-swinka-peppa-kolorowanka","product_tag-wlochy"],"_links":{"self":[{"href":"http:\/\/klubmamgdynia.pl\/index.php\/wp-json\/wp\/v2\/product\/3110","targetHints":{"allow":["GET"]}}],"collection":[{"href":"http:\/\/klubmamgdynia.pl\/index.php\/wp-json\/wp\/v2\/product"}],"about":[{"href":"http:\/\/klubmamgdynia.pl\/index.php\/wp-json\/wp\/v2\/types\/product"}],"replies":[{"embeddable":true,"href":"http:\/\/klubmamgdynia.pl\/index.php\/wp-json\/wp\/v2\/comments?post=3110"}],"wp:featuredmedia":[{"embeddable":true,"href":"http:\/\/klubmamgdynia.pl\/index.php\/wp-json\/wp\/v2\/media\/3111"}],"wp:attachment":[{"href":"http:\/\/klubmamgdynia.pl\/index.php\/wp-json\/wp\/v2\/media?parent=3110"}],"wp:term":[{"taxonomy":"product_cat","embeddable":true,"href":"http:\/\/klubmamgdynia.pl\/index.php\/wp-json\/wp\/v2\/product_cat?post=3110"},{"taxonomy":"product_tag","embeddable":true,"href":"http:\/\/klubmamgdynia.pl\/index.php\/wp-json\/wp\/v2\/product_tag?post=3110"}],"curies":[{"name":"wp","href":"https:\/\/api.w.org\/{rel}","templated":true}]}}