{"id":3112,"date":"2011-07-22T06:41:17","date_gmt":"2011-07-22T04:41:17","guid":{"rendered":"http:\/\/klubmamgdynia.pl\/index.php\/produkt\/store-t-kosz-na-pranie-kacik-jednorozca\/"},"modified":"2026-04-27T12:40:47","modified_gmt":"2026-04-27T10:40:47","slug":"store-t-kosz-na-pranie-kacik-jednorozca","status":"publish","type":"product","link":"http:\/\/klubmamgdynia.pl\/index.php\/produkt\/store-t-kosz-na-pranie-kacik-jednorozca\/","title":{"rendered":"Store !T Kosz Na Pranie K\u0105cik Jednoro\u017cca"},"content":{"rendered":"<p>Szczeg\u00f3\u0142y produktu: Wiek: od 0 miesi\u0119cy Pasuje do ka\u017cdego k\u0105ta \u015aciany boczne i pokrywa s\u0105 wzmocnione MDF dla dodatkowej stabilno\u015bci Zszywane uchwyty po obu stronach Wymiary i waga: Wymiary po z\u0142o\u017ceniu (d\u0142ugo\u015b\u0107 x szeroko\u015b\u0107 x wysoko\u015b\u0107): 35 x 35 x 50 cm Waga: 1,58 kg Materia\u0142 i piel\u0119gnacja: Na zewn\u0105trz: 100% poliester Wn\u0119trze: 100 % polar, wzmocniony p\u0142yt\u0105 MDF<\/p>\n<h2>Store !T Kosz Na Pranie K\u0105cik Jednoro\u017cca <\/h2>\n<p>zagadki z odpowiedziami \u015bmieszne, maski dla dzieci do druku, pa\u0144stwa miasta wz\u00f3r, sta\u0142a pod \u015bniegiem<\/p>\n<p>yyyyy<\/p>\n<p>&nbsp;<\/p>\n","protected":false},"excerpt":{"rendered":"<p>Szczeg\u00f3\u0142y produktu: Wiek: od 0 miesi\u0119cy Pasuje do ka\u017cdego k\u0105ta \u015aciany boczne i pokrywa s\u0105 wzmocnione MDF dla dodatkowej stabilno\u015bci Zszywane uchwyty po obu stronach Wymiary i waga: Wymiary po z\u0142o\u017ceniu (d\u0142ugo\u015b\u0107 x szeroko\u015b\u0107 x wysoko\u015b\u0107): 35 x 35 x 50 cm Waga: 1,58 kg Materia\u0142 i piel\u0119gnacja: Na zewn\u0105trz: 100% poliester Wn\u0119trze: 100 % [&hellip;]<\/p>\n","protected":false},"featured_media":3113,"comment_status":"closed","ping_status":"open","template":"","meta":[],"product_cat":[990],"product_tag":[865,722,706,813,759,770],"class_list":["post-3112","product","type-product","status-publish","has-post-thumbnail","hentry","product_cat-skrzynie-i-pojemniki-na-zabawki","product_tag-cytaty-o-dzieciach","product_tag-cytaty-o-przyjazni","product_tag-imie-kuba","product_tag-krotkie-zagadki-matematyczne-z-odpowiedziami","product_tag-pomysly-na-prezent-dla-nastolatkow","product_tag-samolot-z-papieru"],"_links":{"self":[{"href":"http:\/\/klubmamgdynia.pl\/index.php\/wp-json\/wp\/v2\/product\/3112","targetHints":{"allow":["GET"]}}],"collection":[{"href":"http:\/\/klubmamgdynia.pl\/index.php\/wp-json\/wp\/v2\/product"}],"about":[{"href":"http:\/\/klubmamgdynia.pl\/index.php\/wp-json\/wp\/v2\/types\/product"}],"replies":[{"embeddable":true,"href":"http:\/\/klubmamgdynia.pl\/index.php\/wp-json\/wp\/v2\/comments?post=3112"}],"wp:featuredmedia":[{"embeddable":true,"href":"http:\/\/klubmamgdynia.pl\/index.php\/wp-json\/wp\/v2\/media\/3113"}],"wp:attachment":[{"href":"http:\/\/klubmamgdynia.pl\/index.php\/wp-json\/wp\/v2\/media?parent=3112"}],"wp:term":[{"taxonomy":"product_cat","embeddable":true,"href":"http:\/\/klubmamgdynia.pl\/index.php\/wp-json\/wp\/v2\/product_cat?post=3112"},{"taxonomy":"product_tag","embeddable":true,"href":"http:\/\/klubmamgdynia.pl\/index.php\/wp-json\/wp\/v2\/product_tag?post=3112"}],"curies":[{"name":"wp","href":"https:\/\/api.w.org\/{rel}","templated":true}]}}