{"id":3120,"date":"2016-01-22T10:32:35","date_gmt":"2016-01-22T09:32:35","guid":{"rendered":"http:\/\/klubmamgdynia.pl\/index.php\/produkt\/tega-duzy-pojemnik-pudelko-skrzynia-na-kolkach-grafitowy-z-zoltym\/"},"modified":"2026-04-06T03:28:44","modified_gmt":"2026-04-06T01:28:44","slug":"tega-duzy-pojemnik-pudelko-skrzynia-na-kolkach-grafitowy-z-zoltym","status":"publish","type":"product","link":"http:\/\/klubmamgdynia.pl\/index.php\/produkt\/tega-duzy-pojemnik-pudelko-skrzynia-na-kolkach-grafitowy-z-zoltym\/","title":{"rendered":"Tega Du\u017cy Pojemnik Pude\u0142ko Skrzynia Na K\u00f3\u0142kach Grafitowy Z \u017b\u00f3\u0142tym"},"content":{"rendered":"<p>Du\u017cy pojemnik, skrzynia na k\u00f3\u0142kachKolor: grafitowy, uchwyty i k\u00f3\u0142ka- \u017c\u00f3\u0142tePojemno\u015b\u0107: 60 litr\u00f3wWymiary: 57d\u0142 x 36szer x 29wysRenomowanej polskiej firmy Tega baby.Stabilny oraz wielofunkcyjny pojemnik na k\u00f3\u0142kach, sprawdzi si\u0119 w ka\u017cdym dzieci\u0119cym pokoju, gdzie trzeba ogarn\u0105\u0107 og\u00f3lny chaos! Dzi\u0119ki niemu, szybko posprz\u0105tacie kr\u00f3lestwo Swojej pociechy. Uniwersalne kolory sprawdz\u0105 si\u0119 r\u00f3wnie\u017c w Twoim warsztacie, gara\u017cu i wsz\u0119dzie tam, gdzie potrzebujesz pojemnik\u00f3w do przechowywania.Pokrywa zamykana po bokach na 2 zatrzaski, dzi\u0119ki czemu zachowuje szczelno\u015b\u0107Rowki w pokrywie pozwalaj\u0105 na sk\u0142adowanie pojemnik\u00f3w jeden na drugim, dzi\u0119ki czemu mo\u017cemy magazynowa\u0107 jeszcze wi\u0119cej rzeczy na ma\u0142ej powierzchniWyposa\u017cony jest w 6 k\u00f3\u0142ek u\u0142atwiaj\u0105cych przemieszczanie pojemnika.Dzi\u0119ki prostej budowie i sporym gabarytom idealnie nadaje si\u0119 do przechowywania zabawek, ksi\u0105\u017cek i innego rodzaju przedmiot\u00f3wWykonany z atestowanych, bezpiecznych materia\u0142\u00f3w wysokiej jako\u015bci<\/p>\n<h2>Tega Du\u017cy Pojemnik Pude\u0142ko Skrzynia Na K\u00f3\u0142kach Grafitowy Z \u017b\u00f3\u0142tym Tega Baby<\/h2>\n<p>\u017carty na prima aprilis na rodzic\u00f3w, jagna, malgorzata znaczenie imienia, \u015bmieszne zagadki z odpowiedziami, quiz o bo\u017cym narodzeniu<\/p>\n<p>yyyyy<\/p>\n<p>&nbsp;<\/p>\n","protected":false},"excerpt":{"rendered":"<p>Du\u017cy pojemnik, skrzynia na k\u00f3\u0142kachKolor: grafitowy, uchwyty i k\u00f3\u0142ka- \u017c\u00f3\u0142tePojemno\u015b\u0107: 60 litr\u00f3wWymiary: 57d\u0142 x 36szer x 29wysRenomowanej polskiej firmy Tega baby.Stabilny oraz wielofunkcyjny pojemnik na k\u00f3\u0142kach, sprawdzi si\u0119 w ka\u017cdym dzieci\u0119cym pokoju, gdzie trzeba ogarn\u0105\u0107 og\u00f3lny chaos! Dzi\u0119ki niemu, szybko posprz\u0105tacie kr\u00f3lestwo Swojej pociechy. Uniwersalne kolory sprawdz\u0105 si\u0119 r\u00f3wnie\u017c w Twoim warsztacie, gara\u017cu i wsz\u0119dzie [&hellip;]<\/p>\n","protected":false},"featured_media":3121,"comment_status":"closed","ping_status":"open","template":"","meta":[],"product_cat":[990,982],"product_tag":[844,684,876],"class_list":["post-3120","product","type-product","status-publish","has-post-thumbnail","hentry","product_cat-skrzynie-i-pojemniki-na-zabawki","product_cat-tega-baby","product_tag-co-kupic-na-roczek","product_tag-prezent-dla-dziewczynki-na-roczek","product_tag-przyjazn"],"_links":{"self":[{"href":"http:\/\/klubmamgdynia.pl\/index.php\/wp-json\/wp\/v2\/product\/3120","targetHints":{"allow":["GET"]}}],"collection":[{"href":"http:\/\/klubmamgdynia.pl\/index.php\/wp-json\/wp\/v2\/product"}],"about":[{"href":"http:\/\/klubmamgdynia.pl\/index.php\/wp-json\/wp\/v2\/types\/product"}],"replies":[{"embeddable":true,"href":"http:\/\/klubmamgdynia.pl\/index.php\/wp-json\/wp\/v2\/comments?post=3120"}],"wp:featuredmedia":[{"embeddable":true,"href":"http:\/\/klubmamgdynia.pl\/index.php\/wp-json\/wp\/v2\/media\/3121"}],"wp:attachment":[{"href":"http:\/\/klubmamgdynia.pl\/index.php\/wp-json\/wp\/v2\/media?parent=3120"}],"wp:term":[{"taxonomy":"product_cat","embeddable":true,"href":"http:\/\/klubmamgdynia.pl\/index.php\/wp-json\/wp\/v2\/product_cat?post=3120"},{"taxonomy":"product_tag","embeddable":true,"href":"http:\/\/klubmamgdynia.pl\/index.php\/wp-json\/wp\/v2\/product_tag?post=3120"}],"curies":[{"name":"wp","href":"https:\/\/api.w.org\/{rel}","templated":true}]}}