{"id":3122,"date":"2023-09-01T04:09:02","date_gmt":"2023-09-01T02:09:02","guid":{"rendered":"http:\/\/klubmamgdynia.pl\/?post_type=product&#038;p=3122"},"modified":"2026-04-08T16:06:23","modified_gmt":"2026-04-08T14:06:23","slug":"geomag-klocki-magnetyczne-mechanics-motion-re-compass-35el-geo-766","status":"publish","type":"product","link":"http:\/\/klubmamgdynia.pl\/index.php\/produkt\/geomag-klocki-magnetyczne-mechanics-motion-re-compass-35el-geo-766\/","title":{"rendered":"Geomag Klocki Magnetyczne Mechanics Motion Re Compass 35el. GEO-766"},"content":{"rendered":"<p>Geomag Klocki Magnetyczne Mechanics Motion Re Compass 35el.Geomag Mechanics to platforma konstrukcyjna, kt\u00f3ra \u0142\u0105czy si\u0142y magnetyzmu ze \u015bwiatem konstrukcji mechanicznych, stymuluj\u0105c kreatywno\u015b\u0107 i pomys\u0142owo\u015b\u0107. Do konstrukcji dodane s\u0105 patyczki magnetyczne i metalowe kulki oraz elementy mechaniczne, poszerzaj\u0105ce mo\u017cliwo\u015bci zabawy. Niekt\u00f3re cz\u0119\u015bci konstrukcji mog\u0105 si\u0119 obraca\u0107, wywo\u0142uj\u0105c reakcje \u0142a\u0144cuchowe wynikaj\u0105ce z przyci\u0105gania i odpychania magnetycznego.Zestaw jest wykonany z tworzyw sztucznych pochodz\u0105cych z recyklingu.<br \/>\nWiek szkolny, od 7 lat\u00a0Konstrukcje zawieraj\u0105 elementy magnetyczne\u00a0Zaobserwuj reakcje \u0142a\u0144cuchowe podczas zabawy\u00a0Zabawa i frajda podczas budowaniaSTEM\u00a0Wykorzystaj niewidoczny magnetyzm do wywo\u0142ania ruchu i reakcji \u0142a\u0144cucha! Ka\u017cdy zestaw do budowania to oddzielna zabawa!Zbadaj pole magnetyczne ZiemiOdkryj polaryzacj\u0119 magnes\u00f3wNaucz si\u0119 podstaw mechaniki<br \/>\nStw\u00f3rz du\u017ce przek\u0142adnie magnetyczne, buduj \u0142o\u017cyska kulkowe i baw si\u0119 odpychaniem magnetycznym!<br \/>\nZbuduj konstrukcje i \u0142o\u017cyska kulkowe.Ustaw polaryzacj\u0119.Ciesz si\u0119 przek\u0142adniami magnetycznymi w ruchu.<br \/>\nJeden du\u017cy zestaw, wiele r\u00f3\u017cnych konstrukcji do zbudowania!                            <\/p>\n<p>                    Sprawd\u017a inne zabawki Geomag:<\/p>\n<p>            Geomag Klocki Magnetyczne Panele 192el. GEO-464<\/p>\n<p>                        od<br \/>\n                            238,99<br \/>\n                            z\u0142<\/p>\n<p>                    Zobacz<\/p>\n<p>            Geomag Klocki Magnetyczne Mechanics Motion Re 3Magnetic Gears  160el. GEO-768<\/p>\n<p>                        od<br \/>\n                            170,99<br \/>\n                            z\u0142<\/p>\n<p>                    Zobacz<\/p>\n<p>            Geomag Klocki magnetyczne Mechanics Challenge RE Strike 185el. GEO-779<\/p>\n<p>                        od<br \/>\n                            138,00<br \/>\n                            z\u0142<\/p>\n<p>                    Zobacz<\/p>\n<p>            Geomag Klocki Magnetyczne Mechanics 222el. GEO-723<\/p>\n<p>                        od<br \/>\n                            322,56<br \/>\n                            z\u0142<\/p>\n<p>                    Zobacz<\/p>\n<p>            Geomag Klocki Magnetyczne Tazoo Paco 71el. KOR-602<\/p>\n<p>                        od<br \/>\n                            50,40<br \/>\n                            z\u0142<\/p>\n<p>                    Zobacz<\/p>\n<p>            Geomag Klocki Magnetyczne PRO-L 50el. GEO-022<\/p>\n<p>                        od<br \/>\n                            83,92<br \/>\n                            z\u0142<\/p>\n<p>                    Zobacz<\/p>\n<p>            Geomag Supercolor Panels Recycled Klocki magnetyczne 52el. GEO-378<\/p>\n<p>                        od<br \/>\n                            99,00<br \/>\n                            z\u0142<\/p>\n<p>                    Zobacz<\/p>\n<p>            Geomag Klocki Magnetyczne Pro-L 75el. GEO-023<\/p>\n<p>                        od<br \/>\n                            127,65<br \/>\n                            z\u0142<\/p>\n<p>                    Zobacz<\/p>\n<p>            Geomag Klocki Magnetyczne 84el. Nasa Rakieta GEO-810<\/p>\n<p>                        od<br \/>\n                            89,99<br \/>\n                            z\u0142<\/p>\n<p>                    Zobacz<\/p>\n<p>            Geomag Klocki Magnetyczne Mechanics Gravity 169el. GEO-773<\/p>\n<p>                        od<br \/>\n                            197,00<br \/>\n                            z\u0142<\/p>\n<p>                    Zobacz<\/p>\n<p>            Geomag Klocki Magnetyczne Mechanics 86el. GEO-721<\/p>\n<p>                        od<br \/>\n                            99,00<br \/>\n                            z\u0142<\/p>\n<p>                    Zobacz<\/p>\n<p>            Geomag Klocki magnetyczne Glitter Recycled 60el. GEO-536<\/p>\n<p>                        od<br \/>\n                            96,00<br \/>\n                            z\u0142<\/p>\n<p>                    Zobacz<\/p>\n<p>            Geomag Klocki Magnetyczne Magicube S\u0142owa + Klipsy 79el. GEO-084<\/p>\n<p>                        od<br \/>\n                            139,99<br \/>\n                            z\u0142<\/p>\n<p>                    Zobacz<\/p>\n<p>            Geomag Klocki Magnetyczne Glow 22el. GEO-334<\/p>\n<p>                        od<br \/>\n                            29,85<br \/>\n                            z\u0142<\/p>\n<p>                    Zobacz<\/p>\n<p>            Geomag Klocki Magnetyczne Mechanics Gravity Re Elev Circuit  207el. GEO-765<\/p>\n<p>                        od<br \/>\n                            149,90<br \/>\n                            z\u0142<\/p>\n<p>                    Zobacz<\/p>\n<p>            Geomag Klocki Magnetyczne 2.0 Blue 55el. KOR-673<\/p>\n<p>                        od<br \/>\n                            82,11<br \/>\n                            z\u0142<\/p>\n<p>                    Zobacz<\/p>\n<p>            Geomag Klocki Magnetyczne Wheels Jasnoniebieski Team Nitro 25el. GEO-711<\/p>\n<p>                        od<br \/>\n                            39,98<br \/>\n                            z\u0142<\/p>\n<p>                    Zobacz<\/p>\n<p>            Geomag Klocki Magnetyczne Masterbox Panele Kolory Ciep\u0142e 148el. GEO-164<\/p>\n<p>                        od<br \/>\n                            227,46<br \/>\n                            z\u0142<\/p>\n<p>                    Zobacz<\/p>\n<p>            Geomag Klocki Magnetyczne Magicube FullColor Recycled Try me 16el. GEO-067<\/p>\n<p>                        od<br \/>\n                            112,05<br \/>\n                            z\u0142<\/p>\n<p>                    Zobacz<\/p>\n<p>            Geomag Klocki Magnetyczne PRO-L 110el. GEO-024<\/p>\n<p>                        od<br \/>\n                            206,86<br \/>\n                            z\u0142<\/p>\n<p>                    Zobacz<\/p>\n<p>            Geomag Klocki Magnetyczne Mechanics Gravity Re Vertical Motor  183el. GEO-764<\/p>\n<p>                        od<br \/>\n                            124,86<br \/>\n                            z\u0142<\/p>\n<p>                    Zobacz<\/p>\n<p>            Geomag Klocki magnetyczne Glow Recycled 60el. GEO-338<\/p>\n<p>                        od<br \/>\n                            122,00<br \/>\n                            z\u0142<\/p>\n<p>                    Zobacz<\/p>\n<p>            Geomag Klocki Magnetyczne Magicube Matematyka + Klipsy 61el. GEO-083<\/p>\n<p>                        od<br \/>\n                            139,99<br \/>\n                            z\u0142<\/p>\n<p>                    Zobacz<\/p>\n<p>            Geomag Klocki Magnetyczne Klasyczne 142el. GEO-274<\/p>\n<p>                        od<br \/>\n                            208,00<br \/>\n                            z\u0142<\/p>\n<p>                    Zobacz<\/p>\n<p>            Geomag Klocki magnetyczne Mechanics Challenge 96el. GEO-778<\/p>\n<p>                        od<br \/>\n                            75,92<br \/>\n                            z\u0142<\/p>\n<p>                    Zobacz<\/p>\n<p>            Geomag Klocki Magnetyczne Magicube Savana 3el. GEO-109<\/p>\n<p>                        od<br \/>\n                            32,99<br \/>\n                            z\u0142<\/p>\n<p>                    Zobacz<\/p>\n<p>            Geomag Klocki Magnetyczne Tazoo Beto 68el. KOR-601<\/p>\n<p>                        od<br \/>\n                            69,99<br \/>\n                            z\u0142<\/p>\n<p>                    Zobacz<\/p>\n<p>            Geomag Klocki Magnetyczne Magicube Green Line 16el. GEO-055<\/p>\n<p>                        od<br \/>\n                            108,99<br \/>\n                            z\u0142<\/p>\n<p>                    Zobacz<\/p>\n<p>            Geomag Klocki Magnetyczne Panele Glitter 68el. GEO-533<\/p>\n<p>                        od<br \/>\n                            100,82<br \/>\n                            z\u0142<\/p>\n<p>                    Zobacz<\/p>\n<p>            Geomag Klocki Magnetyczne Klasyczne Panele 114el. GEO-473<\/p>\n<p>                        od<br \/>\n                            172,00<br \/>\n                            z\u0142<\/p>\n<p>                    Zobacz<\/p>\n<h2>Geomag Klocki Magnetyczne Mechanics Motion Re Compass 35el. GEO-766 Geomag<\/h2>\n<p>bajki do czytania dla 6 latka, jak namalowa\u0107 kota, klockownia wroc\u0142aw, prank na prima aprilis, czapka g\u00f3rnika szablon chomikuj, alan imie, wierszyki o wakacjach kr\u00f3tkie, psi patrol kolorowanka do druku, mitologia test wiedzy, m\u0105dre \u017cyczenia \u015bwi\u0105teczne<\/p>\n<p>yyyyy<\/p>\n<p>&nbsp;<\/p>\n","protected":false},"excerpt":{"rendered":"<p>Geomag Klocki Magnetyczne Mechanics Motion Re Compass 35el.Geomag Mechanics to platforma konstrukcyjna, kt\u00f3ra \u0142\u0105czy si\u0142y magnetyzmu ze \u015bwiatem konstrukcji mechanicznych, stymuluj\u0105c kreatywno\u015b\u0107 i pomys\u0142owo\u015b\u0107. Do konstrukcji dodane s\u0105 patyczki magnetyczne i metalowe kulki oraz elementy mechaniczne, poszerzaj\u0105ce mo\u017cliwo\u015bci zabawy. Niekt\u00f3re cz\u0119\u015bci konstrukcji mog\u0105 si\u0119 obraca\u0107, wywo\u0142uj\u0105c reakcje \u0142a\u0144cuchowe wynikaj\u0105ce z przyci\u0105gania i odpychania magnetycznego.Zestaw jest [&hellip;]<\/p>\n","protected":false},"featured_media":3123,"comment_status":"closed","ping_status":"open","template":"","meta":[],"product_cat":[999,113],"product_tag":[835,659,577],"class_list":["post-3122","product","type-product","status-publish","has-post-thumbnail","hentry","product_cat-geomag","product_cat-klocki","product_tag-radosc-dziecka-cytaty","product_tag-tupu-tup-po-sniegu-tekst","product_tag-znaki-drogowe-test"],"_links":{"self":[{"href":"http:\/\/klubmamgdynia.pl\/index.php\/wp-json\/wp\/v2\/product\/3122","targetHints":{"allow":["GET"]}}],"collection":[{"href":"http:\/\/klubmamgdynia.pl\/index.php\/wp-json\/wp\/v2\/product"}],"about":[{"href":"http:\/\/klubmamgdynia.pl\/index.php\/wp-json\/wp\/v2\/types\/product"}],"replies":[{"embeddable":true,"href":"http:\/\/klubmamgdynia.pl\/index.php\/wp-json\/wp\/v2\/comments?post=3122"}],"wp:featuredmedia":[{"embeddable":true,"href":"http:\/\/klubmamgdynia.pl\/index.php\/wp-json\/wp\/v2\/media\/3123"}],"wp:attachment":[{"href":"http:\/\/klubmamgdynia.pl\/index.php\/wp-json\/wp\/v2\/media?parent=3122"}],"wp:term":[{"taxonomy":"product_cat","embeddable":true,"href":"http:\/\/klubmamgdynia.pl\/index.php\/wp-json\/wp\/v2\/product_cat?post=3122"},{"taxonomy":"product_tag","embeddable":true,"href":"http:\/\/klubmamgdynia.pl\/index.php\/wp-json\/wp\/v2\/product_tag?post=3122"}],"curies":[{"name":"wp","href":"https:\/\/api.w.org\/{rel}","templated":true}]}}