{"id":3126,"date":"2024-10-08T04:50:20","date_gmt":"2024-10-08T02:50:20","guid":{"rendered":"http:\/\/klubmamgdynia.pl\/?post_type=product&#038;p=3126"},"modified":"2026-04-06T02:31:53","modified_gmt":"2026-04-06T00:31:53","slug":"mia-home-skrzynka-na-kolkach","status":"publish","type":"product","link":"http:\/\/klubmamgdynia.pl\/index.php\/produkt\/mia-home-skrzynka-na-kolkach\/","title":{"rendered":"MIA home Skrzynka Na K\u00f3\u0142kach"},"content":{"rendered":"<p>Skrzynka przypominaj\u0105ca t\u0119 na owoce. Drewniana. Bielona. Ty\u0142 wykonany z metalowej siatki. Na k\u00f3\u0142kach.Produkt na zam\u00f3wienie.Czas realizacji: 14 dni<\/p>\n<h2>MIA home Skrzynka Na K\u00f3\u0142kach MIA Home<\/h2>\n<p>by\u0142a sobie \u017cabka ma\u0142a tekst, rodzina sentencja, zosia samosia, prezent dla dziecka na roczek, bajki dla niemowl\u0105t, maska misia do druku, test czerwone krzes\u0142o, malowanki, wz\u00f3r drzewo genealogiczne szablon do wydruku, labirynty dla dzieci<\/p>\n<p>yyyyy<\/p>\n<p>&nbsp;<\/p>\n","protected":false},"excerpt":{"rendered":"<p>Skrzynka przypominaj\u0105ca t\u0119 na owoce. Drewniana. Bielona. Ty\u0142 wykonany z metalowej siatki. Na k\u00f3\u0142kach.Produkt na zam\u00f3wienie.Czas realizacji: 14 dni MIA home Skrzynka Na K\u00f3\u0142kach MIA Home by\u0142a sobie \u017cabka ma\u0142a tekst, rodzina sentencja, zosia samosia, prezent dla dziecka na roczek, bajki dla niemowl\u0105t, maska misia do druku, test czerwone krzes\u0142o, malowanki, wz\u00f3r drzewo genealogiczne szablon [&hellip;]<\/p>\n","protected":false},"featured_media":3127,"comment_status":"closed","ping_status":"open","template":"","meta":[],"product_cat":[1012,990],"product_tag":[685,750,846,770,708,791],"class_list":["post-3126","product","type-product","status-publish","has-post-thumbnail","hentry","product_cat-mia-home","product_cat-skrzynie-i-pojemniki-na-zabawki","product_tag-cytaty-o-rodzinie","product_tag-imie-kostek","product_tag-rysowanki","product_tag-samolot-z-papieru","product_tag-zabawy-ruchowe-dla-dzieci","product_tag-zagadki-na-myslenie"],"_links":{"self":[{"href":"http:\/\/klubmamgdynia.pl\/index.php\/wp-json\/wp\/v2\/product\/3126","targetHints":{"allow":["GET"]}}],"collection":[{"href":"http:\/\/klubmamgdynia.pl\/index.php\/wp-json\/wp\/v2\/product"}],"about":[{"href":"http:\/\/klubmamgdynia.pl\/index.php\/wp-json\/wp\/v2\/types\/product"}],"replies":[{"embeddable":true,"href":"http:\/\/klubmamgdynia.pl\/index.php\/wp-json\/wp\/v2\/comments?post=3126"}],"wp:featuredmedia":[{"embeddable":true,"href":"http:\/\/klubmamgdynia.pl\/index.php\/wp-json\/wp\/v2\/media\/3127"}],"wp:attachment":[{"href":"http:\/\/klubmamgdynia.pl\/index.php\/wp-json\/wp\/v2\/media?parent=3126"}],"wp:term":[{"taxonomy":"product_cat","embeddable":true,"href":"http:\/\/klubmamgdynia.pl\/index.php\/wp-json\/wp\/v2\/product_cat?post=3126"},{"taxonomy":"product_tag","embeddable":true,"href":"http:\/\/klubmamgdynia.pl\/index.php\/wp-json\/wp\/v2\/product_tag?post=3126"}],"curies":[{"name":"wp","href":"https:\/\/api.w.org\/{rel}","templated":true}]}}