{"id":3142,"date":"2021-10-13T09:16:53","date_gmt":"2021-10-13T07:16:53","guid":{"rendered":"http:\/\/klubmamgdynia.pl\/index.php\/produkt\/makaszka-kosz-na-zabawki-woodland\/"},"modified":"2026-04-04T04:16:02","modified_gmt":"2026-04-04T02:16:02","slug":"makaszka-kosz-na-zabawki-woodland","status":"publish","type":"product","link":"http:\/\/klubmamgdynia.pl\/index.php\/produkt\/makaszka-kosz-na-zabawki-woodland\/","title":{"rendered":"MAKASZKA KOSZ NA ZABAWKI WOODLAND"},"content":{"rendered":"<p>Kosz na zabawki Makaszka wprowadzi porz\u0105dek i styl w pokoju Twojego dziecka. Nie traci formy nawet gdy jest pusty. Kosz jest bardzo pojemny, pomie\u015bci wiele zabawek lub innych skarb\u00f3w. Idealnie sprawdzi si\u0119 r\u00f3wnie\u017c do przechowywania kocy, poduszek, czy ubranek. Ma solidne i bardzo wytrzyma\u0142e uszy, kt\u00f3re u\u0142atwiaj\u0105 jego przenoszenie, natomiast sznurki pozwalaj\u0105 zwi\u0105za\u0107 go jak worek. Kosz na zabawki Woodland &#8211; idealny dodatek do pokoju dziecka z motywem le\u015bnym Kosz do pokoju dziecka le\u015bne zwierz\u0119ta wykonany jest z najwy\u017cszej jako\u015bci bawe\u0142ny, kt\u00f3ra nie spiera si\u0119, &#8222;nie mechaci&#8221; i nie traci swoich w\u0142a\u015bciwo\u015bci nawet po wielokrotnym praniu.Wszystkie kosze na zabawki Makaszka s\u0105 szyte r\u0119cznie w Polsce z najwy\u017csz\u0105 staranno\u015bci\u0105 i dba\u0142o\u015bci\u0105 o szczeg\u00f3\u0142y. Charakterystyka produktu Rozmiar: \u015brednica 40 cm, wysoko\u015b\u0107 50 cm Wz\u00f3r: woodland Sk\u0142ad: 100% bawe\u0142na najwy\u017cszej jako\u015bci posiadaj\u0105ca Certyfikat OEKO-TEX 100 klasa I. Nadruk na bawe\u0142nie nie zmienia kolor\u00f3w nawet po wielokrotnym praniu; antyalergiczna, oddychaj\u0105ca w\u0142\u00f3knina silikonowa, kt\u00f3ra nie zmienia swojej struktury podczas prania i u\u017cytkowania. Wype\u0142nienie wewn\u0105trz jest wszyte do tkanin zewn\u0119trznych, dzi\u0119ki temu nie przemieszcza si\u0119 podczas u\u017cytkowania i w praniu. Instrukcja prania: pra\u0107 w temp. 30\u00b0C, maksymalne obroty 800\/min, nie pra\u0107 r\u0119cznie, nie suszy\u0107 w suszarce b\u0119bnowej<\/p>\n<h2>MAKASZKA KOSZ NA ZABAWKI WOODLAND Makaszka<\/h2>\n<p>test z tajemniczego ogrodu, imi\u0119 r\u00f3\u017ca, krok jak narysowa\u0107 konia, znaczenie imienia julian<\/p>\n<p>yyyyy<\/p>\n<p>&nbsp;<\/p>\n","protected":false},"excerpt":{"rendered":"<p>Kosz na zabawki Makaszka wprowadzi porz\u0105dek i styl w pokoju Twojego dziecka. Nie traci formy nawet gdy jest pusty. Kosz jest bardzo pojemny, pomie\u015bci wiele zabawek lub innych skarb\u00f3w. Idealnie sprawdzi si\u0119 r\u00f3wnie\u017c do przechowywania kocy, poduszek, czy ubranek. Ma solidne i bardzo wytrzyma\u0142e uszy, kt\u00f3re u\u0142atwiaj\u0105 jego przenoszenie, natomiast sznurki pozwalaj\u0105 zwi\u0105za\u0107 go jak [&hellip;]<\/p>\n","protected":false},"featured_media":3143,"comment_status":"closed","ping_status":"open","template":"","meta":[],"product_cat":[1014,990],"product_tag":[834,670,605,759,820],"class_list":["post-3142","product","type-product","status-publish","has-post-thumbnail","hentry","product_cat-makaszka","product_cat-skrzynie-i-pojemniki-na-zabawki","product_tag-bajka-do-czytania-na-dobranoc","product_tag-irma","product_tag-milena","product_tag-pomysly-na-prezent-dla-nastolatkow","product_tag-ziemia-wyspa-zielona-tekst"],"_links":{"self":[{"href":"http:\/\/klubmamgdynia.pl\/index.php\/wp-json\/wp\/v2\/product\/3142","targetHints":{"allow":["GET"]}}],"collection":[{"href":"http:\/\/klubmamgdynia.pl\/index.php\/wp-json\/wp\/v2\/product"}],"about":[{"href":"http:\/\/klubmamgdynia.pl\/index.php\/wp-json\/wp\/v2\/types\/product"}],"replies":[{"embeddable":true,"href":"http:\/\/klubmamgdynia.pl\/index.php\/wp-json\/wp\/v2\/comments?post=3142"}],"wp:featuredmedia":[{"embeddable":true,"href":"http:\/\/klubmamgdynia.pl\/index.php\/wp-json\/wp\/v2\/media\/3143"}],"wp:attachment":[{"href":"http:\/\/klubmamgdynia.pl\/index.php\/wp-json\/wp\/v2\/media?parent=3142"}],"wp:term":[{"taxonomy":"product_cat","embeddable":true,"href":"http:\/\/klubmamgdynia.pl\/index.php\/wp-json\/wp\/v2\/product_cat?post=3142"},{"taxonomy":"product_tag","embeddable":true,"href":"http:\/\/klubmamgdynia.pl\/index.php\/wp-json\/wp\/v2\/product_tag?post=3142"}],"curies":[{"name":"wp","href":"https:\/\/api.w.org\/{rel}","templated":true}]}}