{"id":3144,"date":"2021-12-07T00:50:04","date_gmt":"2021-12-06T23:50:04","guid":{"rendered":"http:\/\/klubmamgdynia.pl\/index.php\/produkt\/skrzynia-na-zabawki-lena-nogi-z-drewna-bukowego-53-x-30-x-39-cm\/"},"modified":"2026-04-24T04:32:06","modified_gmt":"2026-04-24T02:32:06","slug":"skrzynia-na-zabawki-lena-nogi-z-drewna-bukowego-53-x-30-x-39-cm","status":"publish","type":"product","link":"http:\/\/klubmamgdynia.pl\/index.php\/produkt\/skrzynia-na-zabawki-lena-nogi-z-drewna-bukowego-53-x-30-x-39-cm\/","title":{"rendered":"Skrzynia Na Zabawki Lena Nogi Z Drewna Bukowego 53 X 30 X 39 Cm"},"content":{"rendered":"<p>Utrzymanie porz\u0105dku w pokoju dzieci\u0119cym to du\u017ce wyzwanie, jednak z tym kuferkiem na zabawki przestanie to by\u0107 problemem. Skrzynia posiada design idealnie pasuj\u0105cy do dzieci\u0119cego pokoju, stanie si\u0119 zar\u00f3wno \u015bliczn\u0105 ozdob\u0105 jak i idealnym miejscem do przechowywania dzieci\u0119cych zabawek oraz skarb\u00f3w. Twoje dziecko b\u0119dzie zachwycone, a sprz\u0105tanie z tym pojemnikiem stanie si\u0119 istn\u0105 przyjemno\u015bci\u0105 i zabaw\u0105. Pojemnik wykonany jest z solidnej p\u0142yty MDF, natomiast n\u00f3\u017cki z drewna sosnowego. Kolejne atuty to du\u017ca pojemno\u015b\u0107 i stabilno\u015b\u0107. Mebel do samodzielnego monta\u017cu.<\/p>\n<h2>Skrzynia Na Zabawki Lena Nogi Z Drewna Bukowego 53 X 30 X 39 Cm Atmosphera For Kids<\/h2>\n<p>akademia pana kleksa &#8211; test z odpowiedziami do druku, w uk\u0142adzie s\u0142onecznym tekst, wakacyjne kolorowanki, prezent dla nastolatk\u00f3w ch\u0142opc\u00f3w, testy na znaki drogowe, kolorowanka flamingi, basen warszawa, zagadki logiczne dla dzieci 10 lat do druku, prezent dla dwunastolatka, gotowe zaproszenia na urodziny do wydrukowania, bursztynek, jak zrobi\u0107 wulkan, \u017carty na prima aprilis dla dzieci, peppa do czytania, wierszyki na smigus dyngus, szablon krokus kolorowanka, co na roczek, zagadki o zwierz\u0119tach<\/p>\n<p>yyyyy<\/p>\n<p>&nbsp;<\/p>\n","protected":false},"excerpt":{"rendered":"<p>Utrzymanie porz\u0105dku w pokoju dzieci\u0119cym to du\u017ce wyzwanie, jednak z tym kuferkiem na zabawki przestanie to by\u0107 problemem. Skrzynia posiada design idealnie pasuj\u0105cy do dzieci\u0119cego pokoju, stanie si\u0119 zar\u00f3wno \u015bliczn\u0105 ozdob\u0105 jak i idealnym miejscem do przechowywania dzieci\u0119cych zabawek oraz skarb\u00f3w. Twoje dziecko b\u0119dzie zachwycone, a sprz\u0105tanie z tym pojemnikiem stanie si\u0119 istn\u0105 przyjemno\u015bci\u0105 i [&hellip;]<\/p>\n","protected":false},"featured_media":3145,"comment_status":"closed","ping_status":"open","template":"","meta":[],"product_cat":[1005,990],"product_tag":[753,748,641,595,712],"class_list":["post-3144","product","type-product","status-publish","has-post-thumbnail","hentry","product_cat-atmosphera-for-kids","product_cat-skrzynie-i-pojemniki-na-zabawki","product_tag-kamila","product_tag-okolice-wroclawia-atrakcje","product_tag-trudne-zagadki-logiczne","product_tag-zagadki-dla-6-latka","product_tag-zagadki-o-zwierzetach"],"_links":{"self":[{"href":"http:\/\/klubmamgdynia.pl\/index.php\/wp-json\/wp\/v2\/product\/3144","targetHints":{"allow":["GET"]}}],"collection":[{"href":"http:\/\/klubmamgdynia.pl\/index.php\/wp-json\/wp\/v2\/product"}],"about":[{"href":"http:\/\/klubmamgdynia.pl\/index.php\/wp-json\/wp\/v2\/types\/product"}],"replies":[{"embeddable":true,"href":"http:\/\/klubmamgdynia.pl\/index.php\/wp-json\/wp\/v2\/comments?post=3144"}],"wp:featuredmedia":[{"embeddable":true,"href":"http:\/\/klubmamgdynia.pl\/index.php\/wp-json\/wp\/v2\/media\/3145"}],"wp:attachment":[{"href":"http:\/\/klubmamgdynia.pl\/index.php\/wp-json\/wp\/v2\/media?parent=3144"}],"wp:term":[{"taxonomy":"product_cat","embeddable":true,"href":"http:\/\/klubmamgdynia.pl\/index.php\/wp-json\/wp\/v2\/product_cat?post=3144"},{"taxonomy":"product_tag","embeddable":true,"href":"http:\/\/klubmamgdynia.pl\/index.php\/wp-json\/wp\/v2\/product_tag?post=3144"}],"curies":[{"name":"wp","href":"https:\/\/api.w.org\/{rel}","templated":true}]}}