{"id":3150,"date":"2021-03-18T11:58:42","date_gmt":"2021-03-18T10:58:42","guid":{"rendered":"http:\/\/klubmamgdynia.pl\/index.php\/produkt\/cobi-cars-maserati-mc20\/"},"modified":"2026-04-07T12:37:11","modified_gmt":"2026-04-07T10:37:11","slug":"cobi-cars-maserati-mc20","status":"publish","type":"product","link":"http:\/\/klubmamgdynia.pl\/index.php\/produkt\/cobi-cars-maserati-mc20\/","title":{"rendered":"Cobi Cars Maserati Mc20"},"content":{"rendered":"<p>Maserati MC20 to najnowszy model w\u0142oskiego producenta luksusowych samochod\u00f3w sportowych i wy\u015bcigowych z Bolonii. Maserati jest cz\u0119\u015bci\u0105 grupy Stellantis, powsta\u0142ej w 2021 roku z po\u0142\u0105czenia Fiat Chrysler Automobiles z francusk\u0105 firm\u0105 Groupe PSA.Nazwa MC20 oznacza Maserati Corse (po w\u0142osku wy\u015bcigi), a liczba 20 oznacza rok 2020, kiedy samoch\u00f3d zosta\u0142 zaprezentowany publiczno\u015bci. Maserati MC20 ma wszystkie cechy samochodu sportowego. Jest niski, szeroki i aerodynamiczny. Drzwi, kt\u00f3re unosz\u0105 si\u0119 po otwarciu, przyci\u0105gaj\u0105 wzrok. Jest nap\u0119dzany silnikiem V6 o mocy 630 KM, umieszczonym centralnie za plecami kierowcy. Maksymalna pr\u0119dko\u015b\u0107 tego supersamochodu to ponad 325 km\/h!EAN: 5902251243340<\/p>\n<h2>Cobi Cars Maserati Mc20 Cobi<\/h2>\n<p>pawe\u0142, wiersze o wio\u015bnie jana brzechwy, proste dekoracje bo\u017conarodzeniowe dla dzieci, darmowe bajki dla dzieci, zagadki logiczne dla dzieci 10 lat do druku, policja kolorowanka, maska iron man, kolorowanka super zings, kalendarz adwentowy diy z rolek, minecraft kolorowanki, kr\u00f3tkie bajki do czytania na dobranoc, \u015bmieszne zagadki matematyczne, linda, piosenka dla mamy tekst, gabriela imie, zagadki logiczne, praktyczny prezent dla rocznego dziecka, asiunia &#8211; test z lektury pdf, quiz o wio\u015bnie, narysowa\u0107 rysunki \u0142atwe, kolorowanka konie<\/p>\n<p>yyyyy<\/p>\n<p>&nbsp;<\/p>\n","protected":false},"excerpt":{"rendered":"<p>Maserati MC20 to najnowszy model w\u0142oskiego producenta luksusowych samochod\u00f3w sportowych i wy\u015bcigowych z Bolonii. Maserati jest cz\u0119\u015bci\u0105 grupy Stellantis, powsta\u0142ej w 2021 roku z po\u0142\u0105czenia Fiat Chrysler Automobiles z francusk\u0105 firm\u0105 Groupe PSA.Nazwa MC20 oznacza Maserati Corse (po w\u0142osku wy\u015bcigi), a liczba 20 oznacza rok 2020, kiedy samoch\u00f3d zosta\u0142 zaprezentowany publiczno\u015bci. Maserati MC20 ma wszystkie [&hellip;]<\/p>\n","protected":false},"featured_media":3151,"comment_status":"closed","ping_status":"open","template":"","meta":[],"product_cat":[484,113],"product_tag":[638,815,687,709],"class_list":["post-3150","product","type-product","status-publish","has-post-thumbnail","hentry","product_cat-cobi","product_cat-klocki","product_tag-miastodzieci","product_tag-ozdoby-choinkowe-dla-dzieci","product_tag-podchwytliwe-zagadki-matematyczne","product_tag-zagadki-dla-dzieci-6-7-lat"],"_links":{"self":[{"href":"http:\/\/klubmamgdynia.pl\/index.php\/wp-json\/wp\/v2\/product\/3150","targetHints":{"allow":["GET"]}}],"collection":[{"href":"http:\/\/klubmamgdynia.pl\/index.php\/wp-json\/wp\/v2\/product"}],"about":[{"href":"http:\/\/klubmamgdynia.pl\/index.php\/wp-json\/wp\/v2\/types\/product"}],"replies":[{"embeddable":true,"href":"http:\/\/klubmamgdynia.pl\/index.php\/wp-json\/wp\/v2\/comments?post=3150"}],"wp:featuredmedia":[{"embeddable":true,"href":"http:\/\/klubmamgdynia.pl\/index.php\/wp-json\/wp\/v2\/media\/3151"}],"wp:attachment":[{"href":"http:\/\/klubmamgdynia.pl\/index.php\/wp-json\/wp\/v2\/media?parent=3150"}],"wp:term":[{"taxonomy":"product_cat","embeddable":true,"href":"http:\/\/klubmamgdynia.pl\/index.php\/wp-json\/wp\/v2\/product_cat?post=3150"},{"taxonomy":"product_tag","embeddable":true,"href":"http:\/\/klubmamgdynia.pl\/index.php\/wp-json\/wp\/v2\/product_tag?post=3150"}],"curies":[{"name":"wp","href":"https:\/\/api.w.org\/{rel}","templated":true}]}}