{"id":3166,"date":"2012-03-15T15:53:51","date_gmt":"2012-03-15T14:53:51","guid":{"rendered":"http:\/\/klubmamgdynia.pl\/index.php\/produkt\/sensillo-kosz-na-zabawki-ptaki-koralowe-7354\/"},"modified":"2026-04-30T21:21:40","modified_gmt":"2026-04-30T19:21:40","slug":"sensillo-kosz-na-zabawki-ptaki-koralowe-7354","status":"publish","type":"product","link":"http:\/\/klubmamgdynia.pl\/index.php\/produkt\/sensillo-kosz-na-zabawki-ptaki-koralowe-7354\/","title":{"rendered":"Sensillo Kosz Na Zabawki Ptaki Koralowe 7354"},"content":{"rendered":"<p>Bawe\u0142niany kosz Sensillo \u015bwietnie sprawdzi si\u0119 w pokoju dzieci\u0119cym, gdzie pomie\u015bci wiele zabawek i akcesori\u00f3w. Mo\u017cna go r\u00f3wnie\u017c wykorzysta\u0107 jako kosz na pranie. Jest dwustronny, a jego poszycie wykonane jest ze 100% bawe\u0142ny. Usztywniony zosta\u0142 warstw\u0105 w\u0142\u00f3kniny silikonowej, dzi\u0119ki czemu zachowuje fason, a z\u0142o\u017cony zmie\u015bci si\u0119 do szuflady. Posiada uszy u\u0142atwiaj\u0105ce jego przenoszenie. Najwa\u017cniejsze cechy: Szybki spos\u00f3b na przechowywanie i transport zabawek Uchwyty u\u0142atwiaj\u0105ce jego przenoszenie Mo\u017ce s\u0142u\u017cy\u0107 jako kosz na pranie Utrzymuje sw\u00f3j kszta\u0142t niezale\u017cnie od ilo\u015bci zabawek w \u015brodku Produkt polski Wymiary \u015brednica \u2013 ok. 40 cm; wysoko\u015b\u0107 \u2013 50 cm Materia\u0142 Poszycie: 100% bawe\u0142na Wk\u0142ad: 100% poliester Spos\u00f3b konserwacji Pra\u0107 w temp. max. 30\u00b0C Nie wybiela\u0107 Nie czy\u015bci\u0107 chemicznie Mo\u017cna prasowa\u0107 przy temp. max. 110 \u00b0C<\/p>\n<h2>Sensillo Kosz Na Zabawki Ptaki Koralowe 7354 Sensillo<\/h2>\n<p>glupie zagadki, psi patrol do czytania, \u015bwi\u0105teczne filmy familijne, ozdoby na choinke przedszkole, dzieci cytaty, daria imie, zagadki o wiosnie, kolorowanki do druku, jan pawe\u0142 2 rysunek \u0142atwy dla dzieci, imi\u0119 iwo, ninjago kolorowanka, henryk, zagadki dla ma\u0142ych dzieci, pytania do lektury asiunia, madre zyczenia bozonarodzeniowe, rezolutna dziewczynka z wiersza tuwima, kr\u00f3tkie bajki dla dzieci do czytania, cytaty dla mamy od c\u00f3rki, wzory dyplom\u00f3w do pobrania, wszystkie kraje \u015bwiata quiz, kolorowanki lol surprise<\/p>\n<p>yyyyy<\/p>\n<p>&nbsp;<\/p>\n","protected":false},"excerpt":{"rendered":"<p>Bawe\u0142niany kosz Sensillo \u015bwietnie sprawdzi si\u0119 w pokoju dzieci\u0119cym, gdzie pomie\u015bci wiele zabawek i akcesori\u00f3w. Mo\u017cna go r\u00f3wnie\u017c wykorzysta\u0107 jako kosz na pranie. Jest dwustronny, a jego poszycie wykonane jest ze 100% bawe\u0142ny. Usztywniony zosta\u0142 warstw\u0105 w\u0142\u00f3kniny silikonowej, dzi\u0119ki czemu zachowuje fason, a z\u0142o\u017cony zmie\u015bci si\u0119 do szuflady. Posiada uszy u\u0142atwiaj\u0105ce jego przenoszenie. Najwa\u017cniejsze cechy: [&hellip;]<\/p>\n","protected":false},"featured_media":3167,"comment_status":"closed","ping_status":"open","template":"","meta":[],"product_cat":[992,990],"product_tag":[619,775,826,786,824,708],"class_list":["post-3166","product","type-product","status-publish","has-post-thumbnail","hentry","product_cat-sensillo","product_cat-skrzynie-i-pojemniki-na-zabawki","product_tag-iwo-imie","product_tag-kolorowanki-do-druku-pokemon","product_tag-prezent-dla-15-latka","product_tag-prezent-na-1-urodziny","product_tag-warszawa-atrakcje-dla-dzieci","product_tag-zabawy-ruchowe-dla-dzieci"],"_links":{"self":[{"href":"http:\/\/klubmamgdynia.pl\/index.php\/wp-json\/wp\/v2\/product\/3166","targetHints":{"allow":["GET"]}}],"collection":[{"href":"http:\/\/klubmamgdynia.pl\/index.php\/wp-json\/wp\/v2\/product"}],"about":[{"href":"http:\/\/klubmamgdynia.pl\/index.php\/wp-json\/wp\/v2\/types\/product"}],"replies":[{"embeddable":true,"href":"http:\/\/klubmamgdynia.pl\/index.php\/wp-json\/wp\/v2\/comments?post=3166"}],"wp:featuredmedia":[{"embeddable":true,"href":"http:\/\/klubmamgdynia.pl\/index.php\/wp-json\/wp\/v2\/media\/3167"}],"wp:attachment":[{"href":"http:\/\/klubmamgdynia.pl\/index.php\/wp-json\/wp\/v2\/media?parent=3166"}],"wp:term":[{"taxonomy":"product_cat","embeddable":true,"href":"http:\/\/klubmamgdynia.pl\/index.php\/wp-json\/wp\/v2\/product_cat?post=3166"},{"taxonomy":"product_tag","embeddable":true,"href":"http:\/\/klubmamgdynia.pl\/index.php\/wp-json\/wp\/v2\/product_tag?post=3166"}],"curies":[{"name":"wp","href":"https:\/\/api.w.org\/{rel}","templated":true}]}}