{"id":317,"date":"2023-08-31T12:22:07","date_gmt":"2023-08-31T10:22:07","guid":{"rendered":"http:\/\/klubmamgdynia.pl\/index.php\/produkt\/galeria-ksiazki-lampka-rakieta-23436\/"},"modified":"2026-04-06T02:51:55","modified_gmt":"2026-04-06T00:51:55","slug":"galeria-ksiazki-lampka-rakieta-23436","status":"publish","type":"product","link":"http:\/\/klubmamgdynia.pl\/index.php\/produkt\/galeria-ksiazki-lampka-rakieta-23436\/","title":{"rendered":"Galeria Ksi\u0105\u017cki Lampka Rakieta 23436"},"content":{"rendered":"<p>Pierwsze \u015bwiat\u0142o w moim domu to jedna z 4 lampek dost\u0119pna w wersjach: Weso\u0142y Ksi\u0119\u017cyc, Kolorowa T\u0119cza, U\u015bmiechni\u0119te S\u0142oneczko oraz Kosmiczna Rakieta. Roz\u015bwietl pok\u00f3j swojego Maluszka mi\u0142ym i przyjaznym \u015bwiat\u0142em. Wystarczy, \u017ce naci\u015bniesz pilot i zobaczysz jak koj\u0105ce \u015bwiat\u0142o i spokojne d\u017awi\u0119ki usypiaj\u0105 Twojego Malucha. Lampka wytwarza \u0142agodne efekty \u015bwietlne. Dodatkowo ka\u017cda z lampek po w\u0142\u0105czeniu wydaje uspakajaj\u0105ce d\u017awi\u0119ki. W lampce wyst\u0119puj\u0105 3 tryby: \u015bwiat\u0142o z d\u017awi\u0119kiem, \u015bwiat\u0142o, d\u017awi\u0119k. Lampk\u0119 \u0142atwo zamontowa\u0107 do \u015bciany Zabawka posiada automatyczny wy\u0142\u0105cznik. Zabawka przeznaczona dla dzieci od dnia narodzin.<\/p>\n<h2>Galeria Ksi\u0105\u017cki Lampka Rakieta 23436 Uncle Milton<\/h2>\n<p>roczek dziewczynki, \u017cyczenia bo\u017ce narodzenie oryginalne, wierszyki na \u015bmigusa dyngusa, bajka dla niemowlaka, prezent dla nastolatk\u00f3w, aron imi\u0119, quiz znaki drogowe, rysowanie po \u015bladzie pdf, tr\u00f3jmiasto atrakcje dla dzieci, zaproszenia na urodziny do wydruku, co mo\u017cna zrobi\u0107 z rolek po papierze toaletowym, atrakcje dla dzieci wroc\u0142aw i okolice, zagadki o psach, co kupic dziewczynce na roczek, \u015bwinka peppa kolorowanka, nowe quizy do rozwi\u0105zania, pytania do lektury asiunia, prezenty na urodziny dla nastolatk\u00f3w<\/p>\n<p>yyyyy<\/p>\n<p>&nbsp;<\/p>\n","protected":false},"excerpt":{"rendered":"<p>Pierwsze \u015bwiat\u0142o w moim domu to jedna z 4 lampek dost\u0119pna w wersjach: Weso\u0142y Ksi\u0119\u017cyc, Kolorowa T\u0119cza, U\u015bmiechni\u0119te S\u0142oneczko oraz Kosmiczna Rakieta. Roz\u015bwietl pok\u00f3j swojego Maluszka mi\u0142ym i przyjaznym \u015bwiat\u0142em. Wystarczy, \u017ce naci\u015bniesz pilot i zobaczysz jak koj\u0105ce \u015bwiat\u0142o i spokojne d\u017awi\u0119ki usypiaj\u0105 Twojego Malucha. Lampka wytwarza \u0142agodne efekty \u015bwietlne. Dodatkowo ka\u017cda z lampek po [&hellip;]<\/p>\n","protected":false},"featured_media":318,"comment_status":"closed","ping_status":"open","template":"","meta":[],"product_cat":[138,137],"product_tag":[660,761,657,711],"class_list":["post-317","product","type-product","status-publish","has-post-thumbnail","hentry","product_cat-lampki-dzieciece","product_cat-uncle-milton","product_tag-bianka","product_tag-choinko-piekna-jak-las-tekst","product_tag-lol-kolorowanka","product_tag-prezenty-dla-nastolatkow"],"_links":{"self":[{"href":"http:\/\/klubmamgdynia.pl\/index.php\/wp-json\/wp\/v2\/product\/317","targetHints":{"allow":["GET"]}}],"collection":[{"href":"http:\/\/klubmamgdynia.pl\/index.php\/wp-json\/wp\/v2\/product"}],"about":[{"href":"http:\/\/klubmamgdynia.pl\/index.php\/wp-json\/wp\/v2\/types\/product"}],"replies":[{"embeddable":true,"href":"http:\/\/klubmamgdynia.pl\/index.php\/wp-json\/wp\/v2\/comments?post=317"}],"wp:featuredmedia":[{"embeddable":true,"href":"http:\/\/klubmamgdynia.pl\/index.php\/wp-json\/wp\/v2\/media\/318"}],"wp:attachment":[{"href":"http:\/\/klubmamgdynia.pl\/index.php\/wp-json\/wp\/v2\/media?parent=317"}],"wp:term":[{"taxonomy":"product_cat","embeddable":true,"href":"http:\/\/klubmamgdynia.pl\/index.php\/wp-json\/wp\/v2\/product_cat?post=317"},{"taxonomy":"product_tag","embeddable":true,"href":"http:\/\/klubmamgdynia.pl\/index.php\/wp-json\/wp\/v2\/product_tag?post=317"}],"curies":[{"name":"wp","href":"https:\/\/api.w.org\/{rel}","templated":true}]}}