{"id":3176,"date":"2024-04-13T03:53:07","date_gmt":"2024-04-13T01:53:07","guid":{"rendered":"http:\/\/klubmamgdynia.pl\/?post_type=product&#038;p=3176"},"modified":"2026-04-05T23:55:45","modified_gmt":"2026-04-05T21:55:45","slug":"miki-miki-kosz-na-smieci-myszka-miki-mickey-mouse-pojemnik-kids","status":"publish","type":"product","link":"http:\/\/klubmamgdynia.pl\/index.php\/produkt\/miki-miki-kosz-na-smieci-myszka-miki-mickey-mouse-pojemnik-kids\/","title":{"rendered":"Miki Miki Kosz Na \u015amieci Myszka Miki Mickey Mouse Pojemnik (KIDS)"},"content":{"rendered":"<p>Kosz na \u015bmieci Myszka Miki Mickey MouseWymiary: 22&#215;23 cmKosz wykonany z mocnego PCV, lekki a przy tym wytrzyma\u0142y.<\/p>\n<h2>Miki Miki Kosz Na \u015amieci Myszka Miki Mickey Mouse Pojemnik (KIDS) <\/h2>\n<p>urodziny dziecka pomys\u0142y, prezent dla trzynastolatki, pia, kolorowanki lato, kolorowanki samochody, samochwa\u0142a, kira imi\u0119, alfons, bajka o piesku do czytania, maska wilka szablon, asiunia test, wszystkie kraje \u015bwiata quiz, opisy do zdj z dzieckiem, podchwytliwe zagadki i odpowiedzi, gry i zabawy dla dzieci<\/p>\n<p>yyyyy<\/p>\n<p>&nbsp;<\/p>\n","protected":false},"excerpt":{"rendered":"<p>Kosz na \u015bmieci Myszka Miki Mickey MouseWymiary: 22&#215;23 cmKosz wykonany z mocnego PCV, lekki a przy tym wytrzyma\u0142y. Miki Miki Kosz Na \u015amieci Myszka Miki Mickey Mouse Pojemnik (KIDS) urodziny dziecka pomys\u0142y, prezent dla trzynastolatki, pia, kolorowanki lato, kolorowanki samochody, samochwa\u0142a, kira imi\u0119, alfons, bajka o piesku do czytania, maska wilka szablon, asiunia test, wszystkie [&hellip;]<\/p>\n","protected":false},"featured_media":3177,"comment_status":"closed","ping_status":"open","template":"","meta":[],"product_cat":[990],"product_tag":[819,598,707,595],"class_list":["post-3176","product","type-product","status-publish","has-post-thumbnail","hentry","product_cat-skrzynie-i-pojemniki-na-zabawki","product_tag-co-kupic-nastolatce-na-swieta","product_tag-co-na-roczek-dla-dziewczynki","product_tag-karty-pracy-dla-dzieci-z-ukrainy","product_tag-zagadki-dla-6-latka"],"_links":{"self":[{"href":"http:\/\/klubmamgdynia.pl\/index.php\/wp-json\/wp\/v2\/product\/3176","targetHints":{"allow":["GET"]}}],"collection":[{"href":"http:\/\/klubmamgdynia.pl\/index.php\/wp-json\/wp\/v2\/product"}],"about":[{"href":"http:\/\/klubmamgdynia.pl\/index.php\/wp-json\/wp\/v2\/types\/product"}],"replies":[{"embeddable":true,"href":"http:\/\/klubmamgdynia.pl\/index.php\/wp-json\/wp\/v2\/comments?post=3176"}],"wp:featuredmedia":[{"embeddable":true,"href":"http:\/\/klubmamgdynia.pl\/index.php\/wp-json\/wp\/v2\/media\/3177"}],"wp:attachment":[{"href":"http:\/\/klubmamgdynia.pl\/index.php\/wp-json\/wp\/v2\/media?parent=3176"}],"wp:term":[{"taxonomy":"product_cat","embeddable":true,"href":"http:\/\/klubmamgdynia.pl\/index.php\/wp-json\/wp\/v2\/product_cat?post=3176"},{"taxonomy":"product_tag","embeddable":true,"href":"http:\/\/klubmamgdynia.pl\/index.php\/wp-json\/wp\/v2\/product_tag?post=3176"}],"curies":[{"name":"wp","href":"https:\/\/api.w.org\/{rel}","templated":true}]}}