{"id":3182,"date":"2022-07-16T09:19:04","date_gmt":"2022-07-16T07:19:04","guid":{"rendered":"http:\/\/klubmamgdynia.pl\/index.php\/produkt\/organizer-do-szafy-worek-na-tekstylia-ubrania-zabawki-koce-maison\/"},"modified":"2026-04-05T23:45:45","modified_gmt":"2026-04-05T21:45:45","slug":"organizer-do-szafy-worek-na-tekstylia-ubrania-zabawki-koce-maison","status":"publish","type":"product","link":"http:\/\/klubmamgdynia.pl\/index.php\/produkt\/organizer-do-szafy-worek-na-tekstylia-ubrania-zabawki-koce-maison\/","title":{"rendered":"Organizer Do Szafy Worek Na Tekstylia Ubrania Zabawki Koce Maison"},"content":{"rendered":"<p>Organizer do szafy worek na tekstylia ubrania zabawki koce MAISONPraktyczny, wodoodporny worek na tekstylia domowe. \u015awietnie si\u0119 sprawdzi do przechowywania ubra\u0144, zabawek, pluszak\u00f3w, poduszek i koc\u00f3w. Dzi\u0119ki niemu zawarto\u015b\u0107 nie kurzy si\u0119 i nie brudzi. Wodoodporna pow\u0142oka zabezpiecza przed wilgoci\u0105 i zamoczeniem. Organizer mo\u017ce s\u0142u\u017cy\u0107 jako pojemnik do przechowywania sezonowych ubra\u0144, kurtek, czapek, szalik\u00f3w.Organizer w kszta\u0142cie worka. Worek zako\u0144czony \u015bci\u0105gaczem w g\u00f3rnej cz\u0119\u015bci, w celu zabezpieczenia przechowywanej zawarto\u015bci.\u015awietny spos\u00f3b na uporz\u0105dkowanie ulubionych zabawek dziecka, a tak\u017ce dope\u0142nienie wystroju pokoju dzieci\u0119cego. Dzi\u0119ki organizerowi mo\u017cna bez problemu zaprowadzi\u0107 porz\u0105dek i trzyma\u0107 wszystkie rzeczy w jednym miejscu.Idealne rozwi\u0105zanie r\u00f3wnie\u017c przy d\u0142u\u017cszych wyjazdach, organizer mo\u017ce s\u0142u\u017cy\u0107 jako brudnik na pranie lub organizer na ubrania, koce, poduszki itd. Mo\u017cna ze sob\u0105 wsz\u0119dzie zabra\u0107, z\u0142o\u017cony nie zajmuje wiele miejsca. Jest bardzo du\u017cy i funkcjonalny. Pozwoli zaprowadzi\u0107 porz\u0105dek i trzyma\u0107 wszystkie rzeczy w jednym miejscu.Kolor: bia\u0142y, wz\u00f3r z kwiatamiWymiary: szer. 40 cm, wys. 83 cm<\/p>\n<h2>Organizer Do Szafy Worek Na Tekstylia Ubrania Zabawki Koce Maison <\/h2>\n<p>ma\u0142y ksi\u0105\u017ce test, \u015bwinka peppa do druku, dzie\u0144 nauczyciela teksty, cytaty o wychowaniu dzieci, u\u015bmiech dziecka wiersz, kolorowanki pieski, kolorowanka sky, wakacyjne kolorowanki, imi\u0119 kuba, dzie\u0144 pluszowego misia, po \u0142\u0105ce biega lato tekst, gry dla nastolatk\u00f3w, madre zyczenia bozonarodzeniowe, bajki do czytania, kolorowanki wakacyjne, dzieci cytaty, nauka pisania wyraz\u00f3w dla dzieci do druku pdf, cytaty korczak, aniela znaczenie imienia<\/p>\n<p>yyyyy<\/p>\n<p>&nbsp;<\/p>\n","protected":false},"excerpt":{"rendered":"<p>Organizer do szafy worek na tekstylia ubrania zabawki koce MAISONPraktyczny, wodoodporny worek na tekstylia domowe. \u015awietnie si\u0119 sprawdzi do przechowywania ubra\u0144, zabawek, pluszak\u00f3w, poduszek i koc\u00f3w. Dzi\u0119ki niemu zawarto\u015b\u0107 nie kurzy si\u0119 i nie brudzi. Wodoodporna pow\u0142oka zabezpiecza przed wilgoci\u0105 i zamoczeniem. Organizer mo\u017ce s\u0142u\u017cy\u0107 jako pojemnik do przechowywania sezonowych ubra\u0144, kurtek, czapek, szalik\u00f3w.Organizer w [&hellip;]<\/p>\n","protected":false},"featured_media":3183,"comment_status":"closed","ping_status":"open","template":"","meta":[],"product_cat":[990],"product_tag":[590,857,597],"class_list":["post-3182","product","type-product","status-publish","has-post-thumbnail","hentry","product_cat-skrzynie-i-pojemniki-na-zabawki","product_tag-plac-zabaw-warszawa","product_tag-zagadki-dla-dzieci-7-8-lat","product_tag-zagadki-o-zimie"],"_links":{"self":[{"href":"http:\/\/klubmamgdynia.pl\/index.php\/wp-json\/wp\/v2\/product\/3182","targetHints":{"allow":["GET"]}}],"collection":[{"href":"http:\/\/klubmamgdynia.pl\/index.php\/wp-json\/wp\/v2\/product"}],"about":[{"href":"http:\/\/klubmamgdynia.pl\/index.php\/wp-json\/wp\/v2\/types\/product"}],"replies":[{"embeddable":true,"href":"http:\/\/klubmamgdynia.pl\/index.php\/wp-json\/wp\/v2\/comments?post=3182"}],"wp:featuredmedia":[{"embeddable":true,"href":"http:\/\/klubmamgdynia.pl\/index.php\/wp-json\/wp\/v2\/media\/3183"}],"wp:attachment":[{"href":"http:\/\/klubmamgdynia.pl\/index.php\/wp-json\/wp\/v2\/media?parent=3182"}],"wp:term":[{"taxonomy":"product_cat","embeddable":true,"href":"http:\/\/klubmamgdynia.pl\/index.php\/wp-json\/wp\/v2\/product_cat?post=3182"},{"taxonomy":"product_tag","embeddable":true,"href":"http:\/\/klubmamgdynia.pl\/index.php\/wp-json\/wp\/v2\/product_tag?post=3182"}],"curies":[{"name":"wp","href":"https:\/\/api.w.org\/{rel}","templated":true}]}}