{"id":3198,"date":"2012-10-13T05:41:06","date_gmt":"2012-10-13T03:41:06","guid":{"rendered":"http:\/\/klubmamgdynia.pl\/index.php\/produkt\/ecarla-pojemnik-kosz-worek-na-zabawki-lub-pranie-or36wz14\/"},"modified":"2026-04-03T15:52:59","modified_gmt":"2026-04-03T13:52:59","slug":"ecarla-pojemnik-kosz-worek-na-zabawki-lub-pranie-or36wz14","status":"publish","type":"product","link":"http:\/\/klubmamgdynia.pl\/index.php\/produkt\/ecarla-pojemnik-kosz-worek-na-zabawki-lub-pranie-or36wz14\/","title":{"rendered":"Ecarla Pojemnik Kosz Worek Na Zabawki Lub Pranie Or36Wz14"},"content":{"rendered":"<p>Kosz na zabawki Je\u017cyki z sercami pojemnik na pluszakiMateria\u0142owy kosz na zabawki i pluszaki. \u015awietny spos\u00f3b na uporz\u0105dkowanie ulubionych zabawek dziecka, a tak\u017ce dope\u0142nienie wystroju pokoju dzieci\u0119cego. Dzi\u0119ki pojemnikowi mo\u017cna bez problemu zaprowadzi\u0107 porz\u0105dek i trzyma\u0107 wszystkie rzeczy w jednym miejscu. Dodatkowo pi\u0119knie si\u0119 prezentuje, zachwyci niejedno dziecko.Kosz w kolorze jasno be\u017cowym, zdobiony uroczymi je\u017cykami i r\u00f3\u017cowymi serduszkami.Idealne rozwi\u0105zanie r\u00f3wnie\u017c przy d\u0142u\u017cszych wyjazdach, koszyk mo\u017ce s\u0142u\u017cy\u0107 jako brudnik na pranie lub organizer na ubrania, koce, poduszki itd. Taki pojemnik mo\u017cna ze sob\u0105 wsz\u0119dzie zabra\u0107, z\u0142o\u017cony nie zajmuje wiele miejsca. Posiada dwie mocne, praktyczne r\u0105czki, dzi\u0119ki kt\u00f3rym \u0142atwo go przestawia\u0107 i przenosi\u0107.Kosz na zabawki, pojemnik materia\u0142owy wykonany z bawe\u0142nianego, wodoodpornego materia\u0142u. Sztywny materia\u0142, z jakiego jest wykonany pozwala na maksymalne wykorzystanie w nim miejsca. Nie zwija si\u0119 i nie opada. \u0141atwy do czyszczenia, wystarczy przetrze\u0107 wilgotn\u0105 \u015bciereczk\u0105. Gdy nie jest potrzebny \u0142atwo mo\u017cna go z\u0142o\u017cy\u0107 i przechowywa\u0107 w dowolnym miejscu, zajmuje niewiele miejsca.Wymiary koszyka: \u015br. 40 cm, wys. 50 cmMateria\u0142: brezent bawe\u0142niany (sztywny materia\u0142)<\/p>\n<h2>Ecarla Pojemnik Kosz Worek Na Zabawki Lub Pranie Or36Wz14 <\/h2>\n<p>zabawka na roczek, kanapki halloween, co na roczek, \u017c\u0105rty na prima aprilis, ma\u0142y ksi\u0105\u017c\u0119 sprawdzian, gry edukacyjne dla dzieci online za darmo, prezent dla 14 letniej dziewczyny, labirynt psi patrol, zadania logiczne dla dzieci, maska karnawa\u0142owa pdf, w\u0119gierska g\u00f3rka, lidia imie, mi\u0142o\u015b\u0107 do dziecka cytaty, test opowie\u015bci z narnii lew czarownica i stara szafa do druku, platformy edukacyjne<\/p>\n<p>yyyyy<\/p>\n<p>&nbsp;<\/p>\n","protected":false},"excerpt":{"rendered":"<p>Kosz na zabawki Je\u017cyki z sercami pojemnik na pluszakiMateria\u0142owy kosz na zabawki i pluszaki. \u015awietny spos\u00f3b na uporz\u0105dkowanie ulubionych zabawek dziecka, a tak\u017ce dope\u0142nienie wystroju pokoju dzieci\u0119cego. Dzi\u0119ki pojemnikowi mo\u017cna bez problemu zaprowadzi\u0107 porz\u0105dek i trzyma\u0107 wszystkie rzeczy w jednym miejscu. Dodatkowo pi\u0119knie si\u0119 prezentuje, zachwyci niejedno dziecko.Kosz w kolorze jasno be\u017cowym, zdobiony uroczymi je\u017cykami [&hellip;]<\/p>\n","protected":false},"featured_media":3199,"comment_status":"closed","ping_status":"open","template":"","meta":[],"product_cat":[990],"product_tag":[705,717,710],"class_list":["post-3198","product","type-product","status-publish","has-post-thumbnail","hentry","product_cat-skrzynie-i-pojemniki-na-zabawki","product_tag-prezent-na-roczek-dla-chlopca","product_tag-prezent-roczek","product_tag-zagadki-dla-dzieci-10-12-lat"],"_links":{"self":[{"href":"http:\/\/klubmamgdynia.pl\/index.php\/wp-json\/wp\/v2\/product\/3198","targetHints":{"allow":["GET"]}}],"collection":[{"href":"http:\/\/klubmamgdynia.pl\/index.php\/wp-json\/wp\/v2\/product"}],"about":[{"href":"http:\/\/klubmamgdynia.pl\/index.php\/wp-json\/wp\/v2\/types\/product"}],"replies":[{"embeddable":true,"href":"http:\/\/klubmamgdynia.pl\/index.php\/wp-json\/wp\/v2\/comments?post=3198"}],"wp:featuredmedia":[{"embeddable":true,"href":"http:\/\/klubmamgdynia.pl\/index.php\/wp-json\/wp\/v2\/media\/3199"}],"wp:attachment":[{"href":"http:\/\/klubmamgdynia.pl\/index.php\/wp-json\/wp\/v2\/media?parent=3198"}],"wp:term":[{"taxonomy":"product_cat","embeddable":true,"href":"http:\/\/klubmamgdynia.pl\/index.php\/wp-json\/wp\/v2\/product_cat?post=3198"},{"taxonomy":"product_tag","embeddable":true,"href":"http:\/\/klubmamgdynia.pl\/index.php\/wp-json\/wp\/v2\/product_tag?post=3198"}],"curies":[{"name":"wp","href":"https:\/\/api.w.org\/{rel}","templated":true}]}}