{"id":3216,"date":"2017-03-31T11:33:57","date_gmt":"2017-03-31T09:33:57","guid":{"rendered":"http:\/\/klubmamgdynia.pl\/index.php\/produkt\/cobi-super-wings-jerome-25125\/"},"modified":"2026-04-06T11:14:33","modified_gmt":"2026-04-06T09:14:33","slug":"cobi-super-wings-jerome-25125","status":"publish","type":"product","link":"http:\/\/klubmamgdynia.pl\/index.php\/produkt\/cobi-super-wings-jerome-25125\/","title":{"rendered":"Cobi Super Wings Jerome (25125)"},"content":{"rendered":"<p>Super Wings to ameryka\u0144sko-chi\u0144sko-po\u0142udniowokorea\u0144ski serial animowany, kt\u00f3ry ju\u017c od 2014 bawi dzieci na ca\u0142ym \u015bwiecie. W Polsce emitowany jest na kanale TVP ABC.Super Wings to dru\u017cyna samolot\u00f3w, kt\u00f3re transformuj\u0105 si\u0119 r\u00f3wnie\u017c w roboty. Mieszkaj\u0105 w wielkim lotnisku, na wyspie na Pacyfiku sk\u0105d rozwo\u017c\u0105 paczki i przesy\u0142ki dla dzieci na ca\u0142ym \u015bwiecie. G\u0142\u00f3wnym bohaterem jest czerwony samolot o imieniu D\u017cetek (Jett), kt\u00f3ry rozwi\u0105zuje r\u00f3\u017cnego rodzaju problemy i wyci\u0105ga z k\u0142opot\u00f3w wszystkich potrzebuj\u0105cych. Dzielnie wspiera go w tym ca\u0142a grupa jego wiernych przyjaci\u00f3\u0142.Lotek (kor. ?? , chin. ?? ang. J\u00e9r\u00f4me) &#8211; niebieski samolot. Jest fanem ta\u0144ca i uwielbia zwraca\u0107 na siebie uwag\u0119 wszystkich przyjaci\u00f3\u0142. Model posiada ko\u0142a, kt\u00f3re mo\u017cna obraca\u0107. W modelu zastosowano trwa\u0142e nadruki, kt\u00f3re nie \u015bcieraj\u0105 si\u0119 nawet w trakcie najbardziej intensywnej zabawy. To idealny prezent dla wszystkich m\u0142odych fan\u00f3w lotnictwa i serialu Super Wings.185 wysokiej jako\u015bci element\u00f3w,wyprodukowane w UE przez firm\u0119 z ponad 20-letni\u0105 tradycj\u0105,spe\u0142niaj\u0105 normy bezpiecze\u0144stwa dotycz\u0105ce produkt\u00f3w dla dzieci,w pe\u0142ni kompatybilne z innymi markami klock\u00f3w konstrukcyjnych,klocki z nadrukami nie odkszta\u0142caj\u0105 si\u0119 i nie bledn\u0105 w czasie zabawy czy pod wp\u0142ywem temperatury,czytelna i intuicyjna instrukcja oparta na rysunkach i ikonach,model na oryginalnej licencji Super Wings,Wymiary modelu (d\u0142 x sz x wys): 14 cm (5.5&#8243;) x 15 cm (5.9&#8243;) x 7 cm (2.8&#8243;),Wymiary pude\u0142ka (d\u0142 x sz x wys): 25,5 x 5,5 x 22 cm<\/p>\n<h2>Cobi Super Wings Jerome (25125) Cobi<\/h2>\n<p>r\u0119cznie robione jak zrobi\u0107 kartk\u0119 walentynkow\u0105, pokemon do druku, ry\u017c z owocami, pawe\u0142<\/p>\n<p>yyyyy<\/p>\n<p>&nbsp;<\/p>\n","protected":false},"excerpt":{"rendered":"<p>Super Wings to ameryka\u0144sko-chi\u0144sko-po\u0142udniowokorea\u0144ski serial animowany, kt\u00f3ry ju\u017c od 2014 bawi dzieci na ca\u0142ym \u015bwiecie. W Polsce emitowany jest na kanale TVP ABC.Super Wings to dru\u017cyna samolot\u00f3w, kt\u00f3re transformuj\u0105 si\u0119 r\u00f3wnie\u017c w roboty. Mieszkaj\u0105 w wielkim lotnisku, na wyspie na Pacyfiku sk\u0105d rozwo\u017c\u0105 paczki i przesy\u0142ki dla dzieci na ca\u0142ym \u015bwiecie. G\u0142\u00f3wnym bohaterem jest czerwony [&hellip;]<\/p>\n","protected":false},"featured_media":3217,"comment_status":"closed","ping_status":"open","template":"","meta":[],"product_cat":[484,113],"product_tag":[716,657,590,661],"class_list":["post-3216","product","type-product","status-publish","has-post-thumbnail","hentry","product_cat-cobi","product_cat-klocki","product_tag-filmy-animowane-o-swietach","product_tag-lol-kolorowanka","product_tag-plac-zabaw-warszawa","product_tag-swinka-peppa-kolorowanka"],"_links":{"self":[{"href":"http:\/\/klubmamgdynia.pl\/index.php\/wp-json\/wp\/v2\/product\/3216","targetHints":{"allow":["GET"]}}],"collection":[{"href":"http:\/\/klubmamgdynia.pl\/index.php\/wp-json\/wp\/v2\/product"}],"about":[{"href":"http:\/\/klubmamgdynia.pl\/index.php\/wp-json\/wp\/v2\/types\/product"}],"replies":[{"embeddable":true,"href":"http:\/\/klubmamgdynia.pl\/index.php\/wp-json\/wp\/v2\/comments?post=3216"}],"wp:featuredmedia":[{"embeddable":true,"href":"http:\/\/klubmamgdynia.pl\/index.php\/wp-json\/wp\/v2\/media\/3217"}],"wp:attachment":[{"href":"http:\/\/klubmamgdynia.pl\/index.php\/wp-json\/wp\/v2\/media?parent=3216"}],"wp:term":[{"taxonomy":"product_cat","embeddable":true,"href":"http:\/\/klubmamgdynia.pl\/index.php\/wp-json\/wp\/v2\/product_cat?post=3216"},{"taxonomy":"product_tag","embeddable":true,"href":"http:\/\/klubmamgdynia.pl\/index.php\/wp-json\/wp\/v2\/product_tag?post=3216"}],"curies":[{"name":"wp","href":"https:\/\/api.w.org\/{rel}","templated":true}]}}