{"id":3252,"date":"2018-05-25T06:14:21","date_gmt":"2018-05-25T04:14:21","guid":{"rendered":"http:\/\/klubmamgdynia.pl\/index.php\/produkt\/ryobi-zauber-2000-fd\/"},"modified":"2026-04-19T07:30:28","modified_gmt":"2026-04-19T05:30:28","slug":"ryobi-zauber-2000-fd","status":"publish","type":"product","link":"http:\/\/klubmamgdynia.pl\/index.php\/produkt\/ryobi-zauber-2000-fd\/","title":{"rendered":"Ryobi Zauber 2000 FD"},"content":{"rendered":"<p>Ko\u0142owrotek Ryobi Zauber 2000 5 lat Gw + Gratis<\/p>\n<h2>Ryobi Zauber 2000 FD Ryobi<\/h2>\n<p>kr\u00f3tkie bajki na dobranoc do czytania, \u0142ama\u0144ce j\u0119zykowe dla dzieci, maska kota do druku, quiz opowie\u015bci z narnii, zagadki dla dzieci 6-7 lat online, cytaty o przyja\u017ani, nadia<\/p>\n<p>yyyyy<\/p>\n<p>&nbsp;<\/p>\n","protected":false},"excerpt":{"rendered":"<p>Ko\u0142owrotek Ryobi Zauber 2000 5 lat Gw + Gratis Ryobi Zauber 2000 FD Ryobi kr\u00f3tkie bajki na dobranoc do czytania, \u0142ama\u0144ce j\u0119zykowe dla dzieci, maska kota do druku, quiz opowie\u015bci z narnii, zagadki dla dzieci 6-7 lat online, cytaty o przyja\u017ani, nadia yyyyy &nbsp;<\/p>\n","protected":false},"featured_media":3253,"comment_status":"closed","ping_status":"open","template":"","meta":[],"product_cat":[543,1028],"product_tag":[727,690,625,822,698],"class_list":["post-3252","product","type-product","status-publish","has-post-thumbnail","hentry","product_cat-kolowrotki","product_cat-ryobi","product_tag-godlo-polski-do-druku","product_tag-pieski-male-dwa-tekst","product_tag-trojmiasto-atrakcje-dla-dzieci","product_tag-wierszyki-o-wakacjach-krotkie","product_tag-zagadki-dla-przedszkolakow"],"_links":{"self":[{"href":"http:\/\/klubmamgdynia.pl\/index.php\/wp-json\/wp\/v2\/product\/3252","targetHints":{"allow":["GET"]}}],"collection":[{"href":"http:\/\/klubmamgdynia.pl\/index.php\/wp-json\/wp\/v2\/product"}],"about":[{"href":"http:\/\/klubmamgdynia.pl\/index.php\/wp-json\/wp\/v2\/types\/product"}],"replies":[{"embeddable":true,"href":"http:\/\/klubmamgdynia.pl\/index.php\/wp-json\/wp\/v2\/comments?post=3252"}],"wp:featuredmedia":[{"embeddable":true,"href":"http:\/\/klubmamgdynia.pl\/index.php\/wp-json\/wp\/v2\/media\/3253"}],"wp:attachment":[{"href":"http:\/\/klubmamgdynia.pl\/index.php\/wp-json\/wp\/v2\/media?parent=3252"}],"wp:term":[{"taxonomy":"product_cat","embeddable":true,"href":"http:\/\/klubmamgdynia.pl\/index.php\/wp-json\/wp\/v2\/product_cat?post=3252"},{"taxonomy":"product_tag","embeddable":true,"href":"http:\/\/klubmamgdynia.pl\/index.php\/wp-json\/wp\/v2\/product_tag?post=3252"}],"curies":[{"name":"wp","href":"https:\/\/api.w.org\/{rel}","templated":true}]}}