{"id":3269,"date":"2012-04-05T03:48:17","date_gmt":"2012-04-05T01:48:17","guid":{"rendered":"http:\/\/klubmamgdynia.pl\/index.php\/produkt\/tm-toys-stikbot-mega-dino-brontosaurus-dinozaur-ziel-s1262\/"},"modified":"2026-04-30T11:42:30","modified_gmt":"2026-04-30T09:42:30","slug":"tm-toys-stikbot-mega-dino-brontosaurus-dinozaur-ziel-s1262","status":"publish","type":"product","link":"http:\/\/klubmamgdynia.pl\/index.php\/produkt\/tm-toys-stikbot-mega-dino-brontosaurus-dinozaur-ziel-s1262\/","title":{"rendered":"Tm Toys Stikbot Mega Dino Brontosaurus Dinozaur Ziel (S1262)"},"content":{"rendered":"<p>STIKBOT Mega Dino &#8211; Brontosaurus &#8211; zielony.Teraz StikBot ma w\u0142asne maszyny potwory.S1262Dodatkowe ruchome cz\u0119\u015bci dla \u0142atwej animacji i zwi\u0119kszonej warto\u015bci gry!<\/p>\n<h2>Tm Toys Stikbot Mega Dino Brontosaurus Dinozaur Ziel (S1262) TM Toys<\/h2>\n<p>mia, zagadki o zwierz\u0119tach wiejskich, choinka z bibu\u0142y, paloma, zagadki z odpowiedziami \u015bmieszne, jacek, ida swieta wielkanocne ida swieta, kolorowanki uk\u0142ad s\u0142oneczny, ozdoby wielkanocne kt\u00f3re mog\u0105 zrobi\u0107 dzieci, miko\u0142ajek test z lektury, m\u00f3j przyjaciel mi\u015b scenariusz zaj\u0119\u0107 w przedszkolu, krzy\u017c\u00f3wki dla dzieci, bajka dla dziewczynek, europa stolice quiz, kolorowanki lol do druku, kotek kolorowanka<\/p>\n<p>yyyyy<\/p>\n<p>&nbsp;<\/p>\n","protected":false},"excerpt":{"rendered":"<p>STIKBOT Mega Dino &#8211; Brontosaurus &#8211; zielony.Teraz StikBot ma w\u0142asne maszyny potwory.S1262Dodatkowe ruchome cz\u0119\u015bci dla \u0142atwej animacji i zwi\u0119kszonej warto\u015bci gry! Tm Toys Stikbot Mega Dino Brontosaurus Dinozaur Ziel (S1262) TM Toys mia, zagadki o zwierz\u0119tach wiejskich, choinka z bibu\u0142y, paloma, zagadki z odpowiedziami \u015bmieszne, jacek, ida swieta wielkanocne ida swieta, kolorowanki uk\u0142ad s\u0142oneczny, ozdoby [&hellip;]<\/p>\n","protected":false},"featured_media":3270,"comment_status":"closed","ping_status":"open","template":"","meta":[],"product_cat":[95,145],"product_tag":[671,818,690,806],"class_list":["post-3269","product","type-product","status-publish","has-post-thumbnail","hentry","product_cat-figurki-makiety-i-zestawy","product_cat-tm-toys","product_tag-cicha-noc-po-angielsku-tekst","product_tag-oliwier","product_tag-pieski-male-dwa-tekst","product_tag-prezent-dla-dziecka-na-roczek"],"_links":{"self":[{"href":"http:\/\/klubmamgdynia.pl\/index.php\/wp-json\/wp\/v2\/product\/3269","targetHints":{"allow":["GET"]}}],"collection":[{"href":"http:\/\/klubmamgdynia.pl\/index.php\/wp-json\/wp\/v2\/product"}],"about":[{"href":"http:\/\/klubmamgdynia.pl\/index.php\/wp-json\/wp\/v2\/types\/product"}],"replies":[{"embeddable":true,"href":"http:\/\/klubmamgdynia.pl\/index.php\/wp-json\/wp\/v2\/comments?post=3269"}],"wp:featuredmedia":[{"embeddable":true,"href":"http:\/\/klubmamgdynia.pl\/index.php\/wp-json\/wp\/v2\/media\/3270"}],"wp:attachment":[{"href":"http:\/\/klubmamgdynia.pl\/index.php\/wp-json\/wp\/v2\/media?parent=3269"}],"wp:term":[{"taxonomy":"product_cat","embeddable":true,"href":"http:\/\/klubmamgdynia.pl\/index.php\/wp-json\/wp\/v2\/product_cat?post=3269"},{"taxonomy":"product_tag","embeddable":true,"href":"http:\/\/klubmamgdynia.pl\/index.php\/wp-json\/wp\/v2\/product_tag?post=3269"}],"curies":[{"name":"wp","href":"https:\/\/api.w.org\/{rel}","templated":true}]}}