{"id":3297,"date":"2025-05-27T23:45:41","date_gmt":"2025-05-27T21:45:41","guid":{"rendered":"http:\/\/klubmamgdynia.pl\/?post_type=product&#038;p=3297"},"modified":"2026-04-30T18:23:37","modified_gmt":"2026-04-30T16:23:37","slug":"cobi-world-war-ii-sturmpanzer-ii","status":"publish","type":"product","link":"http:\/\/klubmamgdynia.pl\/index.php\/produkt\/cobi-world-war-ii-sturmpanzer-ii\/","title":{"rendered":"Cobi World War Ii: Sturmpanzer Ii"},"content":{"rendered":"<p>Niemieckie dzia\u0142o samobie\u017cne 15 cm sIG 33B Selbstfahrlafette potocznie nazywano Sturmpanzer II Bison. W czasie kampanii francuskiej dzia\u0142a samobie\u017cne na podwoziu PzKpfw I okaza\u0142y si\u0119 bardzo skuteczne. Mia\u0142y jednak zbyt wysok\u0105 sylwetk\u0119 oraz dawa\u0142o o sobie zna\u0107 przeci\u0105\u017cenie podwozia.Odpowiedzi\u0105 na wykryte wady mia\u0142o sta\u0107 si\u0119 nowe dzia\u0142o samobie\u017cne zbudowane na zmodyfikowanym podwoziu czo\u0142gu PzKpfw II. Kad\u0142ub pierwowzoru wyd\u0142u\u017cono o 60 cm, poszerzono o 32 cm, zainstalowano silnik w poprzek, dodano jedno ko\u0142o jezdne oraz zamontowano ci\u0119\u017ckie dzia\u0142o piechoty 15 cm sIG 33 kalibru 150 mm. Mimo licznych modyfikacji dzia\u0142o samobie\u017cne nie spe\u0142nia\u0142o oczekiwa\u0144. Nadal pozostawa\u0142o za ciasne dla za\u0142ogi, a silnik si\u0119 przegrzewa\u0142. Modyfikacje podwozia sprawi\u0142y, \u017ce nie mo\u017cna by\u0142o zbudowa\u0107 nowych dzia\u0142 samobie\u017cnych na bazie wycofanych z g\u0142\u00f3wnych dzia\u0142a\u0144 wojennych czo\u0142g\u00f3w PzKpfw II. W ramach serii pr\u00f3bnej wyprodukowano zaledwie 12 egzemplarzy.Dzia\u0142a te wcielone zosta\u0142y nast\u0119pnie do dw\u00f3ch samodzielnych kompanii zmotoryzowanych dzia\u0142 piechoty 707 i 708 w\u0142\u0105czonych w sk\u0142ad Afrika Korps. W Afryce bra\u0142y udzia\u0142 w dzia\u0142aniach wojennych od lutego do grudnia 1942 roku. Brytyjczycy zdobyli prawdopodobnie 6 egzemplarzy, z kt\u00f3rych cz\u0119\u015b\u0107 wykorzysta\u0142 Egipt w czasie I wojny izraelsko-arabskiej.Z zestawu klock\u00f3w konstrukcyjnych COBI wybudujesz niemieckie dzia\u0142o samobie\u017cne Sturmpanzer II. Klockowy model zosta\u0142 odwzorowany z najwi\u0119ksz\u0105 dba\u0142o\u015bci\u0105 o szczeg\u00f3\u0142y. Pojazd zosta\u0142 pokryty wysokiej jako\u015bci nadrukami, kt\u00f3re nie \u015bcieraj\u0105 si\u0119 nawet w trakcie intensywnej zabawy. W tym zestawie ca\u0142kowicie zrezygnowano z naklejek. Nadruki odwzorowuj\u0105 malowanie dzia\u0142a samobie\u017cnego, jakie by\u0142o wykorzystywane podczas dzia\u0142a\u0144 wojennych w Afryce P\u00f3\u0142nocnej. Model posiada ruchome ko\u0142a oraz g\u0105sienice. Luf\u0105 dzia\u0142a r\u00f3wnie\u017c mo\u017cna porusza\u0107. Otwierane skrzynki i schowki oraz do\u0142\u0105czone akcesoria w postaci \u0142opatki i \u0142omu uatrakcyjniaj\u0105 zabaw\u0119.Do zestawu do\u0142\u0105czona jest figurka niemieckiego \u017co\u0142nierza w mundurze tropikalnym. \u017bo\u0142nierz ma na swoim wyposa\u017ceniu czapk\u0119, gumowe zdejmowane gogle, pistolet maszynowy MP 40 oraz walizk\u0119.Klockowy model dzia\u0142a samobie\u017cnego Sturmpanzer II z pewno\u015bci\u0105 zadowoli m\u0142odych fan\u00f3w techniki wojskowej oraz do\u015bwiadczonych mi\u0142o\u015bnik\u00f3w historii i kolekcjoner\u00f3w.Do zestawu do\u0142\u0105czona jest karta ze statystykami pojazdu. Mo\u017cna j\u0105 wykorzysta\u0107 podczas sesji Strategicznej Gry Bitewnej COBI.- 465 wysokiej jako\u015bci element\u00f3w,- wyprodukowane w UE przez firm\u0119 z ponad 20-letni\u0105 tradycj\u0105,- spe\u0142niaj\u0105 normy bezpiecze\u0144stwa dotycz\u0105ce produkt\u00f3w dla dzieci,- w pe\u0142ni kompatybilne z innymi markami klock\u00f3w konstrukcyjnych,- klocki z nadrukami nie odkszta\u0142caj\u0105 si\u0119 i nie bledn\u0105 w czasie zabawy czy pod wp\u0142ywem temperatury,- 100% nadruk\u00f3w, bez naklejek,- czytelna i intuicyjna instrukcja oparta na rysunkach i ikonach,- 1 figurka,Wymiary modelu (d\u0142 x sz x wys): 19,5 cm (7.7\u201d) x 9 cm (3.5\u201d) x 10 cm (3.9&#8243;)Ilo\u015b\u0107 klock\u00f3w: 465Ilos\u0107 figurek: 1Wiek: 7+<\/p>\n<h2>Cobi World War Ii: Sturmpanzer Ii Cobi<\/h2>\n<p>ch\u0142opcy z placu broni &#8211; test z odpowiedziami, zaproszenie na urodziny do druku pdf, lol kolorowanki do druku, trudne zagadki, mia\u0142a baba koguta tekst, nowe quizy do rozwi\u0105zania, na wyspach bergamutach, zyczenia walentynkowe dla dzieci, wiersz o wakacjach, \u015bmieszne \u0142ama\u0144ce j\u0119zykowe, lol do druku, dyplomy dla przedszkolak\u00f3w do wydrukowania, wzory zaprosze\u0144 zaproszenie na urodziny szablon do druku, cytaty o mi\u0142o\u015bci do dziecka, bajki do czytania dla niemowl\u0105t, psi patrol do czytania, quiz o samochodach, pia, jak narysowa\u0107 konia, kotki kolorowanka<\/p>\n<p>yyyyy<\/p>\n<p>&nbsp;<\/p>\n","protected":false},"excerpt":{"rendered":"<p>Niemieckie dzia\u0142o samobie\u017cne 15 cm sIG 33B Selbstfahrlafette potocznie nazywano Sturmpanzer II Bison. W czasie kampanii francuskiej dzia\u0142a samobie\u017cne na podwoziu PzKpfw I okaza\u0142y si\u0119 bardzo skuteczne. Mia\u0142y jednak zbyt wysok\u0105 sylwetk\u0119 oraz dawa\u0142o o sobie zna\u0107 przeci\u0105\u017cenie podwozia.Odpowiedzi\u0105 na wykryte wady mia\u0142o sta\u0107 si\u0119 nowe dzia\u0142o samobie\u017cne zbudowane na zmodyfikowanym podwoziu czo\u0142gu PzKpfw II. [&hellip;]<\/p>\n","protected":false},"featured_media":3298,"comment_status":"closed","ping_status":"open","template":"","meta":[],"product_cat":[484,113],"product_tag":[582,858,826,809],"class_list":["post-3297","product","type-product","status-publish","has-post-thumbnail","hentry","product_cat-cobi","product_cat-klocki","product_tag-nauka-pisania-literek-do-wydruku-pdf","product_tag-podchwytliwe-zagadki","product_tag-prezent-dla-15-latka","product_tag-zagadki"],"_links":{"self":[{"href":"http:\/\/klubmamgdynia.pl\/index.php\/wp-json\/wp\/v2\/product\/3297","targetHints":{"allow":["GET"]}}],"collection":[{"href":"http:\/\/klubmamgdynia.pl\/index.php\/wp-json\/wp\/v2\/product"}],"about":[{"href":"http:\/\/klubmamgdynia.pl\/index.php\/wp-json\/wp\/v2\/types\/product"}],"replies":[{"embeddable":true,"href":"http:\/\/klubmamgdynia.pl\/index.php\/wp-json\/wp\/v2\/comments?post=3297"}],"wp:featuredmedia":[{"embeddable":true,"href":"http:\/\/klubmamgdynia.pl\/index.php\/wp-json\/wp\/v2\/media\/3298"}],"wp:attachment":[{"href":"http:\/\/klubmamgdynia.pl\/index.php\/wp-json\/wp\/v2\/media?parent=3297"}],"wp:term":[{"taxonomy":"product_cat","embeddable":true,"href":"http:\/\/klubmamgdynia.pl\/index.php\/wp-json\/wp\/v2\/product_cat?post=3297"},{"taxonomy":"product_tag","embeddable":true,"href":"http:\/\/klubmamgdynia.pl\/index.php\/wp-json\/wp\/v2\/product_tag?post=3297"}],"curies":[{"name":"wp","href":"https:\/\/api.w.org\/{rel}","templated":true}]}}