{"id":3311,"date":"2018-07-06T09:55:31","date_gmt":"2018-07-06T07:55:31","guid":{"rendered":"http:\/\/klubmamgdynia.pl\/index.php\/produkt\/blumfeldt-starnberg-fontanna-ogrodowa-12w-pompa-abisynka-zeliwo-drewno-brazowa\/"},"modified":"2026-04-30T17:40:10","modified_gmt":"2026-04-30T15:40:10","slug":"blumfeldt-starnberg-fontanna-ogrodowa-12w-pompa-abisynka-zeliwo-drewno-brazowa","status":"publish","type":"product","link":"http:\/\/klubmamgdynia.pl\/index.php\/produkt\/blumfeldt-starnberg-fontanna-ogrodowa-12w-pompa-abisynka-zeliwo-drewno-brazowa\/","title":{"rendered":"Blumfeldt Starnberg Fontanna Ogrodowa 12W Pompa Abisynka \u017beliwo Drewno Br\u0105zowa"},"content":{"rendered":"<p>\u0141agodnie szemrz\u0105ca woda w po\u0142\u0105czeniu z uroczym wygl\u0105dem, to w\u0142a\u015bnie fontanna ogrodowa Blumfeldt. Za spraw\u0105 drewnianego zbiornika, z kt\u00f3rego w sta\u0142ym cyklu wyp\u0142ywa strumie\u0144 wody, ozdobna studnia tworzy rustykalny nastr\u00f3j w ka\u017cdym ogrodzie i tarasie.Stabilna drewniana misa w kszta\u0142cie \u0142odzi zwie\u0144czona jest dekoracyjn\u0105 pomp\u0105 abisynk\u0105 z czarnego \u017celiwa. Mis\u0119 fontanny ogrodowej wykonano z drewna jod\u0142owego o pi\u0119knym rysunku s\u0142oi i wizualnie postarzono poprzez przypalanie. Aby woda pozosta\u0142a bezpiecznie w zbiorniku, a tak\u017ce w celu ochrony drewna przed gniciem, kad\u017a wy\u0142o\u017cono od wewn\u0105trz foli\u0105 do oczek wodnych.Oczywi\u015bcie, nikt nie musi r\u0119cznie obs\u0142ugiwa\u0107 pompy, aby aktywowa\u0107 przep\u0142yw wody. Jest to zadanie zintegrowanej pompy elektrycznej dzia\u0142aj\u0105cej w my\u015bl koncepcji Loopflow Concept i umieszczonej w kadzi, kt\u00f3ra t\u0142oczy wod\u0119 poprzez system w\u0119\u017cy a\u017c do wylotu. Pot\u0119\u017cne 12 wat\u00f3w zapewnia, \u017ce \u200b\u200bwoda w ozdobnej fontanny p\u0142ynie wartkim strumieniem.Urokliwy akcent dekoracyjny w ka\u017cdym ogrodzie: Fontanna ogrodowa Starnberg od Blumfeldt.<\/p>\n<h2>Blumfeldt Starnberg Fontanna Ogrodowa 12W Pompa Abisynka \u017beliwo Drewno Br\u0105zowa Blumfeldt<\/h2>\n<p>szybkie zagadki matematyczne, pierwsze urodziny prezent na roczek dla dziewczynki, mi\u0142osz imie, wielkanocne zagadki dla dzieci, ozdoby choinkowe dla dzieci, ma\u0142y ksi\u0105\u017ce cytaty o przyja\u017ani, szopka do druku, park ujazdowski<\/p>\n<p>yyyyy<\/p>\n<p>&nbsp;<\/p>\n","protected":false},"excerpt":{"rendered":"<p>\u0141agodnie szemrz\u0105ca woda w po\u0142\u0105czeniu z uroczym wygl\u0105dem, to w\u0142a\u015bnie fontanna ogrodowa Blumfeldt. Za spraw\u0105 drewnianego zbiornika, z kt\u00f3rego w sta\u0142ym cyklu wyp\u0142ywa strumie\u0144 wody, ozdobna studnia tworzy rustykalny nastr\u00f3j w ka\u017cdym ogrodzie i tarasie.Stabilna drewniana misa w kszta\u0142cie \u0142odzi zwie\u0144czona jest dekoracyjn\u0105 pomp\u0105 abisynk\u0105 z czarnego \u017celiwa. Mis\u0119 fontanny ogrodowej wykonano z drewna jod\u0142owego [&hellip;]<\/p>\n","protected":false},"featured_media":3312,"comment_status":"closed","ping_status":"open","template":"","meta":[],"product_cat":[1044,1045],"product_tag":[763,674,876,733],"class_list":["post-3311","product","type-product","status-publish","has-post-thumbnail","hentry","product_cat-blumfeldt","product_cat-fontanny","product_tag-fabian","product_tag-miasto-dzieci","product_tag-przyjazn","product_tag-zarty-na-prima-aprilis"],"_links":{"self":[{"href":"http:\/\/klubmamgdynia.pl\/index.php\/wp-json\/wp\/v2\/product\/3311","targetHints":{"allow":["GET"]}}],"collection":[{"href":"http:\/\/klubmamgdynia.pl\/index.php\/wp-json\/wp\/v2\/product"}],"about":[{"href":"http:\/\/klubmamgdynia.pl\/index.php\/wp-json\/wp\/v2\/types\/product"}],"replies":[{"embeddable":true,"href":"http:\/\/klubmamgdynia.pl\/index.php\/wp-json\/wp\/v2\/comments?post=3311"}],"wp:featuredmedia":[{"embeddable":true,"href":"http:\/\/klubmamgdynia.pl\/index.php\/wp-json\/wp\/v2\/media\/3312"}],"wp:attachment":[{"href":"http:\/\/klubmamgdynia.pl\/index.php\/wp-json\/wp\/v2\/media?parent=3311"}],"wp:term":[{"taxonomy":"product_cat","embeddable":true,"href":"http:\/\/klubmamgdynia.pl\/index.php\/wp-json\/wp\/v2\/product_cat?post=3311"},{"taxonomy":"product_tag","embeddable":true,"href":"http:\/\/klubmamgdynia.pl\/index.php\/wp-json\/wp\/v2\/product_tag?post=3311"}],"curies":[{"name":"wp","href":"https:\/\/api.w.org\/{rel}","templated":true}]}}