{"id":3331,"date":"2025-01-28T22:34:07","date_gmt":"2025-01-28T21:34:07","guid":{"rendered":"http:\/\/klubmamgdynia.pl\/?post_type=product&#038;p=3331"},"modified":"2026-04-29T12:51:53","modified_gmt":"2026-04-29T10:51:53","slug":"pololu-silnik-sub-micro-7001-90-obr-min-09kg-cm","status":"publish","type":"product","link":"http:\/\/klubmamgdynia.pl\/index.php\/produkt\/pololu-silnik-sub-micro-7001-90-obr-min-09kg-cm\/","title":{"rendered":"Pololu Silnik Sub Micro 700:1 90 Obr\/Min 0,9kg Cm"},"content":{"rendered":"<p>Silnik sub-micro 700:1 90 obr\/min 0,9 kg*cm &#8211; Pololu 2359Ma\u0142y, cylindryczny silnik bezrdzeniowy z przek\u0142adni\u0105 planetarn\u0105 700:1 zasilany napi\u0119ciem od 3 V do 6 V. Pr\u0119dko\u015b\u0107 obrotowa wynosi 90 obr\/min, moment 0,9 kg*cm. \u015arednica zewn\u0119trzna to 6 mm, d\u0142ugo\u015b\u0107 21 mm, a masa ca\u0142o\u015bci 1,3 g. Jest to doskona\u0142y nap\u0119d do miniaturowych robot\u00f3w oraz niewielkich mechanizm\u00f3w.Indeks: PLL-05989SpecyfikacjaNapi\u0119cie zasilania: od 3 V do 6 V\u015aredni pob\u00f3r pr\u0105du (6 V): 45 mAMaksymalny pob\u00f3r pr\u0105du (6 V): 400 mATyp przek\u0142adni: planetarna &#8211; plastikowaPrze\u0142o\u017cenie: 700:1Pr\u0119dko\u015b\u0107 obrotowa: 90 obr\/minMoment obrotowy: 0,9 kg*cm\u015arednica zewn\u0119trzna: 6 mmD\u0142ugo\u015b\u0107: 21 mm\u015arednica wa\u0142u: 2 mmMasa: 1,3 g<\/p>\n<h2>Pololu Silnik Sub Micro 700:1 90 Obr\/Min 0,9kg Cm <\/h2>\n<p>uk\u0142ad s\u0142oneczny dla dzieci do druku, kolorowanka lol, kolorowanka pikachu, kolorowanka anio\u0142ek, wzory zaprosze\u0144 zaproszenie na urodziny do druku pdf, kolorowanki antystresowe do druku, postacie z bajek kolorowanki do wydrukowania, zima z\u0142a tekst<\/p>\n<p>yyyyy<\/p>\n<p>&nbsp;<\/p>\n","protected":false},"excerpt":{"rendered":"<p>Silnik sub-micro 700:1 90 obr\/min 0,9 kg*cm &#8211; Pololu 2359Ma\u0142y, cylindryczny silnik bezrdzeniowy z przek\u0142adni\u0105 planetarn\u0105 700:1 zasilany napi\u0119ciem od 3 V do 6 V. Pr\u0119dko\u015b\u0107 obrotowa wynosi 90 obr\/min, moment 0,9 kg*cm. \u015arednica zewn\u0119trzna to 6 mm, d\u0142ugo\u015b\u0107 21 mm, a masa ca\u0142o\u015bci 1,3 g. Jest to doskona\u0142y nap\u0119d do miniaturowych robot\u00f3w oraz niewielkich [&hellip;]<\/p>\n","protected":false},"featured_media":3332,"comment_status":"closed","ping_status":"open","template":"","meta":[],"product_cat":[1053],"product_tag":[596,764,701],"class_list":["post-3331","product","type-product","status-publish","has-post-thumbnail","hentry","product_cat-akcesoria-i-czesci-modelarskie","product_tag-pomysly-na-prima-aprilis","product_tag-prezenty-na-roczek-dla-dziewczynki","product_tag-zgadywanki-dla-dzieci"],"_links":{"self":[{"href":"http:\/\/klubmamgdynia.pl\/index.php\/wp-json\/wp\/v2\/product\/3331","targetHints":{"allow":["GET"]}}],"collection":[{"href":"http:\/\/klubmamgdynia.pl\/index.php\/wp-json\/wp\/v2\/product"}],"about":[{"href":"http:\/\/klubmamgdynia.pl\/index.php\/wp-json\/wp\/v2\/types\/product"}],"replies":[{"embeddable":true,"href":"http:\/\/klubmamgdynia.pl\/index.php\/wp-json\/wp\/v2\/comments?post=3331"}],"wp:featuredmedia":[{"embeddable":true,"href":"http:\/\/klubmamgdynia.pl\/index.php\/wp-json\/wp\/v2\/media\/3332"}],"wp:attachment":[{"href":"http:\/\/klubmamgdynia.pl\/index.php\/wp-json\/wp\/v2\/media?parent=3331"}],"wp:term":[{"taxonomy":"product_cat","embeddable":true,"href":"http:\/\/klubmamgdynia.pl\/index.php\/wp-json\/wp\/v2\/product_cat?post=3331"},{"taxonomy":"product_tag","embeddable":true,"href":"http:\/\/klubmamgdynia.pl\/index.php\/wp-json\/wp\/v2\/product_tag?post=3331"}],"curies":[{"name":"wp","href":"https:\/\/api.w.org\/{rel}","templated":true}]}}