{"id":3349,"date":"2015-12-24T19:58:57","date_gmt":"2015-12-24T18:58:57","guid":{"rendered":"http:\/\/klubmamgdynia.pl\/index.php\/produkt\/silnik-elektryczny-torpedo-800\/"},"modified":"2026-04-28T12:18:15","modified_gmt":"2026-04-28T10:18:15","slug":"silnik-elektryczny-torpedo-800","status":"publish","type":"product","link":"http:\/\/klubmamgdynia.pl\/index.php\/produkt\/silnik-elektryczny-torpedo-800\/","title":{"rendered":"Silnik elektryczny Torpedo 800"},"content":{"rendered":"<p>Nap\u0119d elektryczny do modeli statk\u00f3w. Te silniki moja du\u017cy moment obrotowy przy niewielkim zapotrzebowaniu na pr\u0105d. Wytrzyma\u0142e w\u0119gliki wysokiej jako\u015bci zapewniaj\u0105 optymalne przewodzenie pr\u0105du do twornika 3-pin. Wa\u0142ki zdawcze o \u015brednicy 6,3 mm wystaj\u0105 z obu stron silnika, zapewniaj\u0105c wi\u0119ksze mo\u017cliwo\u015bci indywidualnego wykorzystania silnika.<\/p>\n<h2>Silnik elektryczny Torpedo 800 Modelcraft<\/h2>\n<p>gdy strumyk p\u0142ynie z wolna, opowiadanie o miko\u0142aju dla przedszkolak\u00f3w, flagi pa\u0144stw quiz, \u0142amig\u0142\u00f3wki logiczne, imi\u0119 nela, dzieci pl, mini kanapki dla dzieci, 45 pa\u0144stw europy i ich stolice quiz, melania imi\u0119, proste dekoracje \u015bwi\u0105teczne dla dzieci, karyna, atrakcje dla dzieci wielkopolska, zagadki dla 4 latka, ja\u015bmina imie, julian znaczenie imienia, gry dla m\u0142odzie\u017cy, kotki kolorowanka, zagadki dla dzieci 9-10 lat z odpowiedziami, zagadki, maski do wydruku, gry i zabawy dla dzieci<\/p>\n<p>yyyyy<\/p>\n<p>&nbsp;<\/p>\n","protected":false},"excerpt":{"rendered":"<p>Nap\u0119d elektryczny do modeli statk\u00f3w. Te silniki moja du\u017cy moment obrotowy przy niewielkim zapotrzebowaniu na pr\u0105d. Wytrzyma\u0142e w\u0119gliki wysokiej jako\u015bci zapewniaj\u0105 optymalne przewodzenie pr\u0105du do twornika 3-pin. Wa\u0142ki zdawcze o \u015brednicy 6,3 mm wystaj\u0105 z obu stron silnika, zapewniaj\u0105c wi\u0119ksze mo\u017cliwo\u015bci indywidualnego wykorzystania silnika. Silnik elektryczny Torpedo 800 Modelcraft gdy strumyk p\u0142ynie z wolna, opowiadanie [&hellip;]<\/p>\n","protected":false},"featured_media":3350,"comment_status":"closed","ping_status":"open","template":"","meta":[],"product_cat":[1053,1058],"product_tag":[833,768,720,788],"class_list":["post-3349","product","type-product","status-publish","has-post-thumbnail","hentry","product_cat-akcesoria-i-czesci-modelarskie","product_cat-modelcraft","product_tag-bajki-dla-dzieci-do-czytania","product_tag-krotkie-zagadki-logiczne","product_tag-malowanki","product_tag-zagadki-krotkie"],"_links":{"self":[{"href":"http:\/\/klubmamgdynia.pl\/index.php\/wp-json\/wp\/v2\/product\/3349","targetHints":{"allow":["GET"]}}],"collection":[{"href":"http:\/\/klubmamgdynia.pl\/index.php\/wp-json\/wp\/v2\/product"}],"about":[{"href":"http:\/\/klubmamgdynia.pl\/index.php\/wp-json\/wp\/v2\/types\/product"}],"replies":[{"embeddable":true,"href":"http:\/\/klubmamgdynia.pl\/index.php\/wp-json\/wp\/v2\/comments?post=3349"}],"wp:featuredmedia":[{"embeddable":true,"href":"http:\/\/klubmamgdynia.pl\/index.php\/wp-json\/wp\/v2\/media\/3350"}],"wp:attachment":[{"href":"http:\/\/klubmamgdynia.pl\/index.php\/wp-json\/wp\/v2\/media?parent=3349"}],"wp:term":[{"taxonomy":"product_cat","embeddable":true,"href":"http:\/\/klubmamgdynia.pl\/index.php\/wp-json\/wp\/v2\/product_cat?post=3349"},{"taxonomy":"product_tag","embeddable":true,"href":"http:\/\/klubmamgdynia.pl\/index.php\/wp-json\/wp\/v2\/product_tag?post=3349"}],"curies":[{"name":"wp","href":"https:\/\/api.w.org\/{rel}","templated":true}]}}