{"id":3361,"date":"2024-05-13T03:32:09","date_gmt":"2024-05-13T01:32:09","guid":{"rendered":"http:\/\/klubmamgdynia.pl\/?post_type=product&#038;p=3361"},"modified":"2026-04-24T23:26:23","modified_gmt":"2026-04-24T21:26:23","slug":"vallejo-mecha-color-69-017-sky-blue-17ml-new","status":"publish","type":"product","link":"http:\/\/klubmamgdynia.pl\/index.php\/produkt\/vallejo-mecha-color-69-017-sky-blue-17ml-new\/","title":{"rendered":"Vallejo Mecha Color 69.017 Sky Blue 17ml New"},"content":{"rendered":"<p>Przedmiotem aukcji jest farbka z serii Mecha Color:Vallejo Mecha Color 69.017 Sky Blue 17 ml NEWJe\u015bli jakiego\u015b produktu Vallejo nie ma na aukcjach &#8211; prosz\u0119 da\u0107 zna\u0107 istnieje szansa \u017ce mamy go w magazynie &#8211; zawsze mo\u017cemy go tak\u017ce zam\u00f3wi\u0107 dla Pa\u0144stwa.<\/p>\n<h2>Vallejo Mecha Color 69.017 Sky Blue 17ml New Vallejo<\/h2>\n<p>rzadkie imiona \u017ce\u0144skie polskie, bajki na dobranoc dla dzieci, jak namalowa\u0107 psa, zagadki nie do rozwi\u0105zania, zgadywanki, kolorowanka flamingi, alan znaczenie imienia, zagadki matematyczne z odpowiedziami, quiz o flagach, quiz online, kwiatek kwiaty do druku szablony, papugi do druku, szablony do wyklejania plastelin\u0105, cytat o dziecku, jan pawe\u0142 2 rysunek \u0142atwy dla dzieci, zabawki na roczek dla dziewczynki, asiunia test z lektury, zagadki liczbowe, cytat na dzie\u0144 matki, zabawy logiczne dla dzieci, zabawy z 7 latkiem<\/p>\n<p>yyyyy<\/p>\n<p>&nbsp;<\/p>\n","protected":false},"excerpt":{"rendered":"<p>Przedmiotem aukcji jest farbka z serii Mecha Color:Vallejo Mecha Color 69.017 Sky Blue 17 ml NEWJe\u015bli jakiego\u015b produktu Vallejo nie ma na aukcjach &#8211; prosz\u0119 da\u0107 zna\u0107 istnieje szansa \u017ce mamy go w magazynie &#8211; zawsze mo\u017cemy go tak\u017ce zam\u00f3wi\u0107 dla Pa\u0144stwa. Vallejo Mecha Color 69.017 Sky Blue 17ml New Vallejo rzadkie imiona \u017ce\u0144skie polskie, [&hellip;]<\/p>\n","protected":false},"featured_media":3362,"comment_status":"closed","ping_status":"open","template":"","meta":[],"product_cat":[1053,1059],"product_tag":[839,590,631,769,868],"class_list":["post-3361","product","type-product","status-publish","has-post-thumbnail","hentry","product_cat-akcesoria-i-czesci-modelarskie","product_cat-vallejo","product_tag-bajki-na-dobranoc-do-czytania","product_tag-plac-zabaw-warszawa","product_tag-prezent-na-roczek","product_tag-psi-patrol-do-czytania","product_tag-quizy-dla-dzieci"],"_links":{"self":[{"href":"http:\/\/klubmamgdynia.pl\/index.php\/wp-json\/wp\/v2\/product\/3361","targetHints":{"allow":["GET"]}}],"collection":[{"href":"http:\/\/klubmamgdynia.pl\/index.php\/wp-json\/wp\/v2\/product"}],"about":[{"href":"http:\/\/klubmamgdynia.pl\/index.php\/wp-json\/wp\/v2\/types\/product"}],"replies":[{"embeddable":true,"href":"http:\/\/klubmamgdynia.pl\/index.php\/wp-json\/wp\/v2\/comments?post=3361"}],"wp:featuredmedia":[{"embeddable":true,"href":"http:\/\/klubmamgdynia.pl\/index.php\/wp-json\/wp\/v2\/media\/3362"}],"wp:attachment":[{"href":"http:\/\/klubmamgdynia.pl\/index.php\/wp-json\/wp\/v2\/media?parent=3361"}],"wp:term":[{"taxonomy":"product_cat","embeddable":true,"href":"http:\/\/klubmamgdynia.pl\/index.php\/wp-json\/wp\/v2\/product_cat?post=3361"},{"taxonomy":"product_tag","embeddable":true,"href":"http:\/\/klubmamgdynia.pl\/index.php\/wp-json\/wp\/v2\/product_tag?post=3361"}],"curies":[{"name":"wp","href":"https:\/\/api.w.org\/{rel}","templated":true}]}}