{"id":3369,"date":"2014-07-25T18:55:26","date_gmt":"2014-07-25T16:55:26","guid":{"rendered":"http:\/\/klubmamgdynia.pl\/index.php\/produkt\/flysky-odbiornik-fs-r9b-8ch-afhds-2-4ghz\/"},"modified":"2026-04-04T21:56:22","modified_gmt":"2026-04-04T19:56:22","slug":"flysky-odbiornik-fs-r9b-8ch-afhds-2-4ghz","status":"publish","type":"product","link":"http:\/\/klubmamgdynia.pl\/index.php\/produkt\/flysky-odbiornik-fs-r9b-8ch-afhds-2-4ghz\/","title":{"rendered":"flysky Odbiornik FS-R9B 8CH AFHDS 2.4GHz"},"content":{"rendered":"<p>Odbiornik FS-R9B pracuje w systemie AFHDS (cyfrowy system automatycznej zmiany cz\u0119stotliwo\u015bci), opracowanym oraz opatentowanym przez firm\u0119 FlySky. Oferuje on szereg funkcji przeciwzak\u0142\u00f3ceniowych, niskie zu\u017cycie energii oraz wysok\u0105 czu\u0142o\u015b\u0107. Gruntownie przetestowany, cieszy si\u0119 popularno\u015bci\u0105 w\u015br\u00f3d entuzjast\u00f3w modelarstwa.Funkcjonuje w zakresie cz\u0119stotliwo\u015bci od 2.405 do 2.475GHz, kt\u00f3rych to pasmo zosta\u0142o podzielone na 142 niezale\u017cne kana\u0142y. Ka\u017cdy z nadajnik\u00f3w posiada unikatowy identyfikator kt\u00f3ry po po\u0142\u0105czeniu z odbiornikiem zostaje przeze\u0144 zapami\u0119tany i akceptuje dane podchodz\u0105ce wy\u0142\u0105cznie z tego nadajnika, co dodatkowo podnosi skuteczno\u015b\u0107 eliminacji zak\u0142\u00f3ce\u0144 i bezpiecze\u0144stwo.Liczba kana\u0142\u00f3w: 8Typ modelu: samolot &#8211; helikopter &#8211; quadkopter &#8211; \u0142\u00f3d\u017aModulacja: GFSKTyp systemu: AFHDSCzu\u0142o\u015b\u0107 odbiornika: -105dBmPort bindowania: takGniazdo zasilania: tak (VCC)Zasilanie: 4.5-6.5V DCD\u0142ugo\u015b\u0107 ANT: 2x 26mmWymiary: 52 x 35 x 15mmWaga: 18g<\/p>\n<h2>flysky Odbiornik FS-R9B 8CH AFHDS 2.4GHz FlySky<\/h2>\n<p>kolorowanki dla dzieci do druku, najlepsze \u017carty na prima aprilis, gra kulki, znaczenie imiona dawid, kalina imi\u0119, jak namalowa\u0107 kota, farma dyni poznan, natalia, dziewczynka z parku pytania i odpowiedzi<\/p>\n<p>yyyyy<\/p>\n<p>&nbsp;<\/p>\n","protected":false},"excerpt":{"rendered":"<p>Odbiornik FS-R9B pracuje w systemie AFHDS (cyfrowy system automatycznej zmiany cz\u0119stotliwo\u015bci), opracowanym oraz opatentowanym przez firm\u0119 FlySky. Oferuje on szereg funkcji przeciwzak\u0142\u00f3ceniowych, niskie zu\u017cycie energii oraz wysok\u0105 czu\u0142o\u015b\u0107. Gruntownie przetestowany, cieszy si\u0119 popularno\u015bci\u0105 w\u015br\u00f3d entuzjast\u00f3w modelarstwa.Funkcjonuje w zakresie cz\u0119stotliwo\u015bci od 2.405 do 2.475GHz, kt\u00f3rych to pasmo zosta\u0142o podzielone na 142 niezale\u017cne kana\u0142y. Ka\u017cdy z nadajnik\u00f3w [&hellip;]<\/p>\n","protected":false},"featured_media":3370,"comment_status":"closed","ping_status":"open","template":"","meta":[],"product_cat":[1053,1055],"product_tag":[825,852,582,717,659,595,756],"class_list":["post-3369","product","type-product","status-publish","has-post-thumbnail","hentry","product_cat-akcesoria-i-czesci-modelarskie","product_cat-flysky","product_tag-bajka-na-dobranoc-do-czytania","product_tag-jak-zrobic-samolot-z-papieru","product_tag-nauka-pisania-literek-do-wydruku-pdf","product_tag-prezent-roczek","product_tag-tupu-tup-po-sniegu-tekst","product_tag-zagadki-dla-6-latka","product_tag-zaproszenie-na-urodziny-do-druku"],"_links":{"self":[{"href":"http:\/\/klubmamgdynia.pl\/index.php\/wp-json\/wp\/v2\/product\/3369","targetHints":{"allow":["GET"]}}],"collection":[{"href":"http:\/\/klubmamgdynia.pl\/index.php\/wp-json\/wp\/v2\/product"}],"about":[{"href":"http:\/\/klubmamgdynia.pl\/index.php\/wp-json\/wp\/v2\/types\/product"}],"replies":[{"embeddable":true,"href":"http:\/\/klubmamgdynia.pl\/index.php\/wp-json\/wp\/v2\/comments?post=3369"}],"wp:featuredmedia":[{"embeddable":true,"href":"http:\/\/klubmamgdynia.pl\/index.php\/wp-json\/wp\/v2\/media\/3370"}],"wp:attachment":[{"href":"http:\/\/klubmamgdynia.pl\/index.php\/wp-json\/wp\/v2\/media?parent=3369"}],"wp:term":[{"taxonomy":"product_cat","embeddable":true,"href":"http:\/\/klubmamgdynia.pl\/index.php\/wp-json\/wp\/v2\/product_cat?post=3369"},{"taxonomy":"product_tag","embeddable":true,"href":"http:\/\/klubmamgdynia.pl\/index.php\/wp-json\/wp\/v2\/product_tag?post=3369"}],"curies":[{"name":"wp","href":"https:\/\/api.w.org\/{rel}","templated":true}]}}