{"id":3401,"date":"2014-09-21T04:06:51","date_gmt":"2014-09-21T02:06:51","guid":{"rendered":"http:\/\/klubmamgdynia.pl\/index.php\/produkt\/fitmin-dog-for-life-puppy-15kg\/"},"modified":"2026-05-17T22:24:23","modified_gmt":"2026-05-17T20:24:23","slug":"fitmin-dog-for-life-puppy-15kg","status":"publish","type":"product","link":"http:\/\/klubmamgdynia.pl\/index.php\/produkt\/fitmin-dog-for-life-puppy-15kg\/","title":{"rendered":"Fitmin Dog For Life Puppy 15Kg"},"content":{"rendered":"<p>Fitmin Dog For Life PuppyFitmin For Life Junior Large Breed to pe\u0142noporcjowa karma klasy premium dla szczeni\u0105t ras du\u017cych i olbrzymich. Dzi\u0119ki najlepszej jako\u015bci sk\u0142adnikom karma ta posiada wiele w\u0142a\u015bciwo\u015bci od\u017cywczych a tak\u017ce \u015bwietnie smakuje, co z pewno\u015bci\u0105 doceni nawet najbardziej wybredny psi smakosz. To pe\u0142nowarto\u015bciowy posi\u0142ek, kt\u00f3ry dostarczy Twojemu pupilowi niezb\u0119dnych witamin oraz mikroelement\u00f3w i zapewni mu prawid\u0142owy rozw\u00f3j.Fitmin For Life Junior Large Breed to smaczny i warto\u015bciowy posi\u0142ek wyprodukowanyw ponad 80% z mi\u0119sa. Karma ta idealnie odpowiada potrzebom \u017cywieniowym Twojego szczeniaka. W\u0142a\u015bciwie zbilansowana ilo\u015b\u0107 kwas\u00f3w t\u0142uszczowych omega-3 i omega-6 sprawi\u0105, \u017ce sier\u015b\u0107 Twojego pupila b\u0119dzie g\u0119sta i l\u015bni\u0105ca. Wyci\u0105g z korzenia cykorii dzia\u0142a jak probiotyk i wspomo\u017ce r\u00f3wnowag\u0119 flory jelitowej a wyci\u0105g z juki zmniejszy nieprzyjemny zapach odchod\u00f3w. Co r\u00f3wnie wa\u017cne, produkt ten nie zawiera zb\u00f3\u017c ani \u017cadnych sztucznych substancji, dzi\u0119ki czemu nadaje si\u0119 r\u00f3wnie\u017c dla zwierzak\u00f3wz nadwra\u017cliwo\u015bci\u0105 pokarmow\u0105. Odpowiednia wielko\u015b\u0107 granulek u\u0142atwia ma\u0142ym psiakom zjadanie posi\u0142ku. Podaj\u0105c swojemu psu Fitmin For Life Junior Large Breed zapewniasz mu nie tylko prawid\u0142ow\u0105 i zdrow\u0105 diet\u0119 ale tak\u017ce wspania\u0142e prze\u017cycia dla podniebienia.Zalety produktu:- wykonany z naturalnych sk\u0142adnik\u00f3w,- dba o sier\u015b\u0107 i uk\u0142ad trawienny,- zapobiega chorobom i dolegliwo\u015bciom,- wzmacnia ca\u0142e cia\u0142o,- \u015bwietnie smakuje.Dane szczeg\u00f3\u0142oweSk\u0142ad:\u00a0mi\u0119so (\u015bwie\u017ce mi\u0119so \/drobiowe, wieprzowe, wo\u0142owe\/ 25%, suszone mi\u0119so drobiowe 28%, hydrolizowana w\u0105tr\u00f3bka drobiowa 3,5%), t\u0142uszcz drobiowy (11,6%), ry\u017c, m\u0105ka pszenna, kukurydza, otr\u0119by pszenne, pszenica, dro\u017cd\u017ce piwne (2,5%), wys\u0142odki buraczane suszone (z burak\u00f3w cukrowych), zarodki pszenicy, miazga jab\u0142kowa suszona, olej z \u0142ososia (0,4%), korzenie cykorii (0,1%), juka.Sk\u0142adniki analityczne:\u00a0bia\u0142ko surowe (30%), oleje i t\u0142uszcze surowe (18%), w\u0142\u00f3kno surowe (3%), popi\u00f3\u0142 surowy (8,5%), wap\u0144 (1,6%), fosfor (1,1%).Zawarto\u015b\u0107 dodatk\u00f3w \u017cywieniowych na 1 kg:\u00a0mieszanki pierwiastk\u00f3w \u015bladowych: mied\u017a 19 mg (uzupe\u0142nione &#8211; pi\u0119ciowodny siarczan miedzi), cynk 155 mg (uzupe\u0142nione &#8211; tlenek cynku), mangan 41 mg (uzupe\u0142nione &#8211; tlenek manganu), \u017celazo 87 mg (uzupe\u0142nione &#8211; w\u0119glan \u017celaza), jod 1,7 mg (uzupe\u0142nione &#8211; jodan wapnia), kobalt 0,3 mg (uzupe\u0142nione &#8211; siarczan kobaltu), selen 0,4 mg (uzupe\u0142nione &#8211; selenin sodu); witaminy, pro-witaminy i chemicznie dobrze zdefiniowane substancje o podobnym dzia\u0142aniu: wit. A (20000 j.m.), wit. D3 (1800 j.m.), wit. E w postaci RRR-alfatokoferolu (140 mg), kwas nikotynowy (75 mg), wit. B1 (6,5 mg), wit. B2 (12 mg), wit. B6 (6 mg), wit. B12 (27 \u00b5g), wit. C (170 mg), pantotenian wapnia (18 mg), kwas foliowy (1,1 mg), biotyna (0,6 mg), chlorek choliny (2300 mg), przeciwutleniacze, konserwanty.<\/p>\n<h2>Fitmin Dog For Life Puppy 15Kg Fitmin<\/h2>\n<p>pomysl na prezent na roczek, jak narysowa\u0107 anio\u0142ka, bardzo trudne zagadki, mdk aleksandr\u00f3w \u0142\u00f3dzki, wszystkie kraje \u015bwiata quiz, szablony postacie do szopki do druku, zagadki podchwytliwe z odpowiedziami, zagadki wielkanocne dla dzieci, quiz o polsce dla dzieci, prezent dla rocznego ch\u0142opca, praktyczny prezent dla rocznego dziecka<\/p>\n<p>yyyyy<\/p>\n<p>&nbsp;<\/p>\n","protected":false},"excerpt":{"rendered":"<p>Fitmin Dog For Life PuppyFitmin For Life Junior Large Breed to pe\u0142noporcjowa karma klasy premium dla szczeni\u0105t ras du\u017cych i olbrzymich. Dzi\u0119ki najlepszej jako\u015bci sk\u0142adnikom karma ta posiada wiele w\u0142a\u015bciwo\u015bci od\u017cywczych a tak\u017ce \u015bwietnie smakuje, co z pewno\u015bci\u0105 doceni nawet najbardziej wybredny psi smakosz. To pe\u0142nowarto\u015bciowy posi\u0142ek, kt\u00f3ry dostarczy Twojemu pupilowi niezb\u0119dnych witamin oraz mikroelement\u00f3w [&hellip;]<\/p>\n","protected":false},"featured_media":3402,"comment_status":"closed","ping_status":"open","template":"","meta":[],"product_cat":[1068,951],"product_tag":[720,605,748,858],"class_list":["post-3401","product","type-product","status-publish","has-post-thumbnail","hentry","product_cat-fitmin","product_cat-karmy-dla-psow","product_tag-malowanki","product_tag-milena","product_tag-okolice-wroclawia-atrakcje","product_tag-podchwytliwe-zagadki"],"_links":{"self":[{"href":"http:\/\/klubmamgdynia.pl\/index.php\/wp-json\/wp\/v2\/product\/3401","targetHints":{"allow":["GET"]}}],"collection":[{"href":"http:\/\/klubmamgdynia.pl\/index.php\/wp-json\/wp\/v2\/product"}],"about":[{"href":"http:\/\/klubmamgdynia.pl\/index.php\/wp-json\/wp\/v2\/types\/product"}],"replies":[{"embeddable":true,"href":"http:\/\/klubmamgdynia.pl\/index.php\/wp-json\/wp\/v2\/comments?post=3401"}],"wp:featuredmedia":[{"embeddable":true,"href":"http:\/\/klubmamgdynia.pl\/index.php\/wp-json\/wp\/v2\/media\/3402"}],"wp:attachment":[{"href":"http:\/\/klubmamgdynia.pl\/index.php\/wp-json\/wp\/v2\/media?parent=3401"}],"wp:term":[{"taxonomy":"product_cat","embeddable":true,"href":"http:\/\/klubmamgdynia.pl\/index.php\/wp-json\/wp\/v2\/product_cat?post=3401"},{"taxonomy":"product_tag","embeddable":true,"href":"http:\/\/klubmamgdynia.pl\/index.php\/wp-json\/wp\/v2\/product_tag?post=3401"}],"curies":[{"name":"wp","href":"https:\/\/api.w.org\/{rel}","templated":true}]}}